Results for 4.6.2 20110723 (prerelease) (GCC) testsuite on ia64-hp-hpux11.23

Steve Ellcey sje@sapph05.cup.hp.com
Sat Jul 23 14:47:00 GMT 2011


Native configuration is ia64-hp-hpux11.23

		=== g++ tests ===


Running target unix/-milp32
FAIL: g++.dg/cpp0x/nullptr21.C execution test
FAIL: g++.dg/inherit/covariant7.C scan-tree-dump class "24    .*c6::_ZTcv0_n16_v0_n12_NV2c62f2Ev"
FAIL: g++.dg/inherit/covariant7.C scan-tree-dump class "28    .*c6::f2"
FAIL: g++.dg/inherit/covariant7.C scan-tree-dump class "84    .*c6::_ZTv0_n16_NV2c62f2Ev"
FAIL: g++.dg/tree-ssa/fwprop-align.C scan-tree-dump-times forwprop2 "& 1" 0

		=== g++ Summary for unix/-milp32 ===

# of expected passes		26093
# of unexpected failures	5
# of expected failures		170
# of unsupported tests		425

Running target unix/-mlp64
FAIL: g++.dg/inherit/covariant7.C scan-tree-dump class "48    .*c6::_ZTcv0_n32_v0_n24_NV2c62f2Ev"
FAIL: g++.dg/inherit/covariant7.C scan-tree-dump class "56    .*c6::f2"
FAIL: g++.dg/inherit/covariant7.C scan-tree-dump class "168   .*c6::_ZTv0_n32_NV2c62f2Ev"
FAIL: g++.dg/tree-ssa/fwprop-align.C scan-tree-dump-times forwprop2 "& 1" 0

		=== g++ Summary for unix/-mlp64 ===

# of expected passes		26056
# of unexpected failures	4
# of expected failures		170
# of unsupported tests		426

		=== g++ Summary ===

# of expected passes		52149
# of unexpected failures	9
# of expected failures		340
# of unsupported tests		851
/ctires/gcc/nightly2/build-ia64-hp-hpux11.23-gcc-4_6-branch/obj_gcc/gcc/testsuite/g++/../../g++  version 4.6.2 20110723 (prerelease) (GCC) 

		=== gcc tests ===


Running target unix/-milp32
FAIL: gcc.c-torture/compile/limits-structnest.c  -O2  (test for excess errors)
FAIL: gcc.c-torture/compile/limits-structnest.c  -O3 -fomit-frame-pointer  (test for excess errors)
FAIL: gcc.c-torture/compile/limits-structnest.c  -O3 -g  (test for excess errors)
FAIL: gcc.c-torture/compile/limits-structnest.c  -Os  (test for excess errors)
FAIL: gcc.c-torture/compile/limits-structnest.c  -O2 -flto -flto-partition=none  (test for excess errors)
FAIL: gcc.c-torture/compile/limits-structnest.c  -O2 -flto  (test for excess errors)
XPASS: gcc.dg/tree-ssa/20040204-1.c scan-tree-dump-times optimized "link_error" 0
XPASS: gcc.dg/vect/pr33804.c scan-tree-dump-times vect "vectorized 1 loops" 1
XPASS: gcc.dg/vect/pr33804.c scan-tree-dump-times vect "vectorizing stmts using SLP" 1
XPASS: gcc.dg/vect/pr33953.c scan-tree-dump-times vect "vectorized 1 loops" 1
XPASS: gcc.dg/vect/pr33953.c scan-tree-dump-times vect "vectorizing stmts using SLP" 1
XPASS: gcc.dg/vect/vect-35.c scan-tree-dump-times vect "vectorized 2 loops" 1
XPASS: gcc.dg/vect/slp-24.c scan-tree-dump-times vect "vectorized 1 loops" 1
XPASS: gcc.dg/vect/slp-24.c scan-tree-dump-times vect "vectorizing stmts using SLP" 2
XPASS: gcc.dg/vect/no-scevccp-outer-21.c scan-tree-dump-times vect "OUTER LOOP VECTORIZED." 1

		=== gcc Summary for unix/-milp32 ===

# of expected passes		69735
# of unexpected failures	6
# of unexpected successes	9
# of expected failures		250
# of unsupported tests		1011

Running target unix/-mlp64
FAIL: gcc.c-torture/compile/limits-structnest.c  -O2  (test for excess errors)
FAIL: gcc.c-torture/compile/limits-structnest.c  -O3 -fomit-frame-pointer  (test for excess errors)
FAIL: gcc.c-torture/compile/limits-structnest.c  -O3 -g  (test for excess errors)
FAIL: gcc.c-torture/compile/limits-structnest.c  -Os  (test for excess errors)
FAIL: gcc.c-torture/compile/limits-structnest.c  -O2 -flto -flto-partition=none  (test for excess errors)
FAIL: gcc.c-torture/compile/limits-structnest.c  -O2 -flto  (test for excess errors)
XPASS: gcc.dg/tree-ssa/20040204-1.c scan-tree-dump-times optimized "link_error" 0
XPASS: gcc.dg/vect/pr33953.c scan-tree-dump-times vect "vectorized 1 loops" 1
XPASS: gcc.dg/vect/pr33953.c scan-tree-dump-times vect "vectorizing stmts using SLP" 1
XPASS: gcc.dg/vect/vect-35.c scan-tree-dump-times vect "vectorized 2 loops" 1
XPASS: gcc.dg/vect/no-scevccp-outer-21.c scan-tree-dump-times vect "OUTER LOOP VECTORIZED." 1

		=== gcc Summary for unix/-mlp64 ===

# of expected passes		69757
# of unexpected failures	6
# of unexpected successes	5
# of expected failures		251
# of unsupported tests		1000

		=== gcc Summary ===

# of expected passes		139492
# of unexpected failures	12
# of unexpected successes	14
# of expected failures		501
# of unsupported tests		2011
/ctires/gcc/nightly2/build-ia64-hp-hpux11.23-gcc-4_6-branch/obj_gcc/gcc/xgcc  version 4.6.2 20110723 (prerelease) (GCC) 

		=== libstdc++ tests ===


Running target unix/-milp32
XPASS: 22_locale/collate/hash/char/1.cc (test for excess errors)
XPASS: 22_locale/collate/requirements/base_classes.cc (test for excess errors)
XPASS: 22_locale/collate/transform/wchar_t/28277.cc (test for excess errors)
XPASS: 22_locale/collate_byname/requirements/base_classes.cc (test for excess errors)
FAIL: ext/codecvt/wchar_t.cc execution test

		=== libstdc++ Summary for unix/-milp32 ===

# of expected passes		6828
# of unexpected failures	1
# of unexpected successes	4
# of expected failures		81
# of unsupported tests		762

Running target unix/-mlp64
XPASS: 22_locale/collate/hash/char/1.cc (test for excess errors)
XPASS: 22_locale/collate/requirements/base_classes.cc (test for excess errors)
XPASS: 22_locale/collate/transform/wchar_t/28277.cc (test for excess errors)
XPASS: 22_locale/collate_byname/requirements/base_classes.cc (test for excess errors)
FAIL: ext/codecvt/wchar_t.cc execution test

		=== libstdc++ Summary for unix/-mlp64 ===

# of expected passes		6828
# of unexpected failures	1
# of unexpected successes	4
# of expected failures		81
# of unsupported tests		762

		=== libstdc++ Summary ===

# of expected passes		13656
# of unexpected failures	2
# of unexpected successes	8
# of expected failures		162
# of unsupported tests		1524

		=== libstdc++ Summary ===


Compiler version: 4.6.2 20110723 (prerelease) (GCC) 
Platform: ia64-hp-hpux11.23
configure flags: --host=ia64-hp-hpux11.23 --build=ia64-hp-hpux11.23 --prefix=/ctires/gcc/nightly2/gcc-ia64-hp-hpux11.23-gcc-4_6-branch --with-local-prefix=/ctires/gcc/nightly2/gcc-ia64-hp-hpux11.23-gcc-4_6-branch --disable-nls --with-gmp=/proj/opensrc/be/ia64-hp-hpux11.23 --with-mpfr=/proj/opensrc/be/ia64-hp-hpux11.23 --with-mpc=/proj/opensrc/be/ia64-hp-hpux11.23 --with-libelf=/proj/opensrc/be/ia64-hp-hpux11.23 --disable-libmudflap --enable-libunwind-exceptions SED=/usr/bin/sed --enable-languages=c,c++ --disable-libgomp



More information about the Gcc-testresults mailing list