Results for 4.7.0 20110721 (experimental) (GCC) testsuite on x86_64-unknown-linux-gnu

H.J. Lu hjl@gnu-mic-2.sc.intel.com
Thu Jul 21 22:52:00 GMT 2011


Native configuration is x86_64-unknown-linux-gnu

		=== gcc tests ===


Running target unix/-mx32
FAIL: gcc.c-torture/compile/limits-exprparen.c  -O0  (internal compiler error)
FAIL: gcc.c-torture/compile/limits-exprparen.c  -O0  (test for excess errors)
FAIL: gcc.c-torture/compile/limits-exprparen.c  -O1  (internal compiler error)
FAIL: gcc.c-torture/compile/limits-exprparen.c  -O1  (test for excess errors)
FAIL: gcc.c-torture/compile/limits-exprparen.c  -O2  (internal compiler error)
FAIL: gcc.c-torture/compile/limits-exprparen.c  -O2  (test for excess errors)
FAIL: gcc.c-torture/compile/limits-exprparen.c  -O3 -fomit-frame-pointer  (internal compiler error)
FAIL: gcc.c-torture/compile/limits-exprparen.c  -O3 -fomit-frame-pointer  (test for excess errors)
FAIL: gcc.c-torture/compile/limits-exprparen.c  -O3 -g  (internal compiler error)
FAIL: gcc.c-torture/compile/limits-exprparen.c  -O3 -g  (test for excess errors)
FAIL: gcc.c-torture/compile/limits-exprparen.c  -Os  (internal compiler error)
FAIL: gcc.c-torture/compile/limits-exprparen.c  -Os  (test for excess errors)
FAIL: gcc.c-torture/compile/limits-exprparen.c  -O2 -flto -flto-partition=none  (internal compiler error)
FAIL: gcc.c-torture/compile/limits-exprparen.c  -O2 -flto -flto-partition=none  (test for excess errors)
FAIL: gcc.c-torture/compile/limits-exprparen.c  -O2 -flto  (internal compiler error)
FAIL: gcc.c-torture/compile/limits-exprparen.c  -O2 -flto  (test for excess errors)
FAIL: gcc.c-torture/compile/pr45728.c  -O2  (test for excess errors)
FAIL: gcc.c-torture/compile/pr45728.c  -O3 -fomit-frame-pointer  (test for excess errors)
FAIL: gcc.c-torture/compile/pr45728.c  -O3 -g  (test for excess errors)
FAIL: gcc.c-torture/compile/pr45728.c  -Os  (test for excess errors)
FAIL: gcc.c-torture/compile/pr45728.c  -O2 -flto -flto-partition=none  (test for excess errors)
FAIL: gcc.c-torture/compile/pr45728.c  -O2 -flto  (test for excess errors)
FAIL: gcc.c-torture/execute/builtins/strstr-asm.c compilation,  -O2 -flto -flto-partition=none 
UNRESOLVED: gcc.c-torture/execute/builtins/strstr-asm.c execution,  -O2 -flto -flto-partition=none 
FAIL: gcc.c-torture/execute/builtins/strstr-asm.c compilation,  -O2 -flto 
UNRESOLVED: gcc.c-torture/execute/builtins/strstr-asm.c execution,  -O2 -flto 
XPASS: gcc.dg/inline_3.c (test for excess errors)
XPASS: gcc.dg/inline_4.c (test for excess errors)
XPASS: gcc.dg/unroll_2.c (test for excess errors)
XPASS: gcc.dg/unroll_3.c (test for excess errors)
XPASS: gcc.dg/unroll_4.c (test for excess errors)
WARNING: program timed out.
FAIL: gcc.dg/tree-ssa/vrp47.c scan-tree-dump-times dom1 "x[^ ]* & y" 1
FAIL: gcc.dg/tree-ssa/vrp47.c scan-tree-dump-times vrp1 "x[^ ]* \\^ 1" 1
FAIL: gcc.target/i386/andor-2.c scan-assembler-not sete
XPASS: gcc.target/i386/builtin-apply-mmx.c execution test
FAIL: gcc.target/i386/pr39543-3.c (test for excess errors)
FAIL: gcc.target/i386/pr43766.c scan-assembler-not lea[lq]?[ \\t]
FAIL: gcc.target/i386/pr45670.c scan-assembler-not lea[lq]
FAIL: gcc.target/x86_64/abi/callabi/func-indirect-2a.c (internal compiler error)
FAIL: gcc.target/x86_64/abi/callabi/func-indirect-2a.c (test for excess errors)
WARNING: gcc.target/x86_64/abi/callabi/func-indirect-2a.c compilation failed to produce executable
FAIL: gcc.target/x86_64/abi/callabi/func-indirect-2b.c (internal compiler error)
FAIL: gcc.target/x86_64/abi/callabi/func-indirect-2b.c (test for excess errors)

		=== gcc Summary ===

# of expected passes		80197
# of unexpected failures	34
# of unexpected successes	6
# of expected failures		247
# of unresolved testcases	2
# of unsupported tests		1049
/export/build/gnu/gcc-x32/build-x86_64-linux/gcc/xgcc  version 4.7.0 20110721 (experimental) (GCC) 

		=== gfortran tests ===


Running target unix/-mx32

		=== gfortran Summary ===

# of expected passes		39413
# of expected failures		53
# of unsupported tests		65
/export/build/gnu/gcc-x32/build-x86_64-linux/gcc/testsuite/gfortran/../../gfortran  version 4.7.0 20110721 (experimental) (GCC) 

		=== g++ tests ===


Running target unix/-mx32
WARNING: program timed out.

		=== g++ Summary ===

# of expected passes		28120
# of expected failures		157
# of unsupported tests		318
/export/build/gnu/gcc-x32/build-x86_64-linux/gcc/testsuite/g++/../../g++  version 4.7.0 20110721 (experimental) (GCC) 

		=== objc tests ===


Running target unix/-mx32

		=== objc Summary ===

# of expected passes		2974
# of expected failures		6
# of unsupported tests		74
/export/build/gnu/gcc-x32/build-x86_64-linux/gcc/xgcc  version 4.7.0 20110721 (experimental) (GCC) 

		=== libgomp tests ===


Running target unix/-mx32
FAIL: libgomp.graphite/force-parallel-1.c execution test
FAIL: libgomp.graphite/force-parallel-1.c scan-tree-dump-times graphite "1 loops carried no dependency" 2

		=== libgomp Summary ===

# of expected passes		2636
# of unexpected failures	2
		=== libmudflap tests ===


Running target unix/-mx32
FAIL: libmudflap.c++/pass55-frag.cxx ( -O) execution test

		=== libmudflap Summary ===

# of expected passes		1430
# of unexpected failures	1
		=== libstdc++ tests ===


Running target unix/-mx32

		=== libstdc++ Summary ===

# of expected passes		8626
# of expected failures		45
# of unsupported tests		140

Compiler version: 4.7.0 20110721 (experimental) (GCC) 
Platform: x86_64-unknown-linux-gnu
configure flags: --enable-clocale=gnu --with-system-zlib --with-demangler-in-ld --enable-languages=c,c++,fortran,objc --prefix=/usr/gcc-4.7.0-x32 --with-local-prefix=/usr/local --enable-gnu-indirect-function --with-multilib-list=m32,m64,mx32 --enable-cloog-backend=isl --with-ppl-include=/opt/gnu/include --with-ppl-lib=/opt/gnu/lib64 --with-cloog-include=/opt/gnu/include --with-cloog-lib=/opt/gnu/lib64 --with-fpmath=sse



More information about the Gcc-testresults mailing list