Results for 4.7.0 20110720 (experimental) [trunk revision 176500] (GCC) testsuite on i386-pc-solaris2.10

Rainer Orth ro@CeBiTec.Uni-Bielefeld.DE
Thu Jul 21 20:27:00 GMT 2011


LAST_UPDATED: Wed Jul 20 10:50:06 UTC 2011 (revision 176500)

		=== acats tests ===

		=== acats Summary ===
# of expected passes		2321
# of unexpected failures	0
Native configuration is i386-pc-solaris2.10

		=== g++ tests ===


Running target unix
FAIL: g++.dg/lto/20091219 cp_lto_20091219_0.o-cp_lto_20091219_0.o link, -O3 -flto
UNRESOLVED: g++.dg/lto/20091219 cp_lto_20091219_0.o-cp_lto_20091219_0.o execute -O3 -flto

		=== g++ Summary for unix ===

# of expected passes		27437
# of unexpected failures	1
# of expected failures		158
# of unresolved testcases	1
# of unsupported tests		190

Running target unix/-m64
FAIL: g++.dg/lto/20091219 cp_lto_20091219_0.o-cp_lto_20091219_0.o link, -O3 -flto
UNRESOLVED: g++.dg/lto/20091219 cp_lto_20091219_0.o-cp_lto_20091219_0.o execute -O3 -flto

		=== g++ Summary for unix/-m64 ===

# of expected passes		27666
# of unexpected failures	1
# of expected failures		158
# of unresolved testcases	1
# of unsupported tests		391

		=== g++ Summary ===

# of expected passes		55103
# of unexpected failures	2
# of expected failures		316
# of unresolved testcases	2
# of unsupported tests		581
/var/gcc/regression/trunk/10-gcc/build/gcc/testsuite/g++/../../g++  version 4.7.0 20110720 (experimental) [trunk revision 176500] (GCC) 

		=== gcc tests ===


Running target unix
FAIL: gcc.dg/tree-ssa/vrp47.c scan-tree-dump-times dom1 "x[^ ]* & y" 1

		=== gcc Summary for unix ===

# of expected passes		78723
# of unexpected failures	1
# of expected failures		246
# of unsupported tests		861

Running target unix/-m64
FAIL: gcc.dg/tree-ssa/vrp47.c scan-tree-dump-times dom1 "x[^ ]* & y" 1

		=== gcc Summary for unix/-m64 ===

# of expected passes		78859
# of unexpected failures	1
# of expected failures		246
# of unsupported tests		1278

		=== gcc Summary ===

# of expected passes		157582
# of unexpected failures	2
# of expected failures		492
# of unsupported tests		2139
/var/gcc/regression/trunk/10-gcc/build/gcc/xgcc  version 4.7.0 20110720 (experimental) [trunk revision 176500] (GCC) 

		=== gfortran tests ===


Running target unix

		=== gfortran Summary for unix ===

# of expected passes		39070
# of expected failures		53
# of unsupported tests		228

Running target unix/-m64

		=== gfortran Summary for unix/-m64 ===

# of expected passes		39365
# of expected failures		53
# of unsupported tests		90

		=== gfortran Summary ===

# of expected passes		78435
# of expected failures		106
# of unsupported tests		318
/var/gcc/regression/trunk/10-gcc/build/gcc/testsuite/gfortran/../../gfortran  version 4.7.0 20110720 (experimental) [trunk revision 176500] (GCC) 

		=== gnat tests ===


Running target unix

		=== gnat Summary for unix ===

# of expected passes		910
# of expected failures		11
# of unsupported tests		5

Running target unix/-m64

		=== gnat Summary for unix/-m64 ===

# of expected passes		910
# of expected failures		11
# of unsupported tests		5

		=== gnat Summary ===

# of expected passes		1820
# of expected failures		22
# of unsupported tests		10
/var/gcc/regression/trunk/10-gcc/build/gcc/gnatmake version 4.7.0 20110720 (experimental) [trunk revision 176500]

		=== go tests ===


Running target unix
FAIL: go.test/test/chan/select2.go execution,  -O2 -g 
FAIL: go.test/test/fixedbugs/bug273.go execution,  -O2 -g 

		=== go Summary for unix ===

# of expected passes		2985
# of unexpected failures	2
# of expected failures		23

Running target unix/-m64

		=== go Summary for unix/-m64 ===

# of expected passes		2987
# of expected failures		23

		=== go Summary ===

# of expected passes		5972
# of unexpected failures	2
# of expected failures		46
/var/gcc/regression/trunk/10-gcc/build/gcc/testsuite/go/../../gccgo  version 4.7.0 20110720 (experimental) [trunk revision 176500] (GCC) 

		=== obj-c++ tests ===


Running target unix

		=== obj-c++ Summary for unix ===

# of expected passes		1446
# of expected failures		2
# of unsupported tests		86

Running target unix/-m64

		=== obj-c++ Summary for unix/-m64 ===

# of expected passes		1438
# of expected failures		10
# of unsupported tests		86

		=== obj-c++ Summary ===

# of expected passes		2884
# of expected failures		12
# of unsupported tests		172
/var/gcc/regression/trunk/10-gcc/build/gcc/testsuite/obj-c++/../../g++  version 4.7.0 20110720 (experimental) [trunk revision 176500] (GCC) 

		=== objc tests ===


Running target unix

		=== objc Summary for unix ===

# of expected passes		2974
# of expected failures		6
# of unsupported tests		74

Running target unix/-m64

		=== objc Summary for unix/-m64 ===

# of expected passes		2974
# of expected failures		6
# of unsupported tests		74

		=== objc Summary ===

# of expected passes		5948
# of expected failures		12
# of unsupported tests		148
/var/gcc/regression/trunk/10-gcc/build/gcc/xgcc  version 4.7.0 20110720 (experimental) [trunk revision 176500] (GCC) 

		=== boehm-gc tests ===


Running target unix

		=== boehm-gc Summary for unix ===

# of expected passes		12
# of unsupported tests		1

Running target unix/-m64

		=== boehm-gc Summary for unix/-m64 ===

# of expected passes		12
# of unsupported tests		1

		=== boehm-gc Summary ===

# of expected passes		24
# of unsupported tests		2
		=== libffi tests ===


Running target unix

		=== libffi Summary for unix ===

# of expected passes		1634
# of expected failures		10
# of unsupported tests		15

Running target unix/-m64

		=== libffi Summary for unix/-m64 ===

# of expected passes		1634
# of expected failures		10
# of unsupported tests		15

		=== libffi Summary ===

# of expected passes		3268
# of expected failures		20
# of unsupported tests		30
		=== libgo tests ===


Running target unix
FAIL: crypto/rand

		=== libgo Summary for unix ===

# of expected passes		123
# of unexpected failures	1
# of untested testcases		2

Running target unix/-m64
FAIL: exec
FAIL: html
FAIL: http
FAIL: log
FAIL: mime
FAIL: netchan
FAIL: os
FAIL: rpc
FAIL: strconv
FAIL: template
FAIL: time
FAIL: websocket
FAIL: archive/tar
FAIL: archive/zip
FAIL: compress/lzw
FAIL: compress/zlib
FAIL: crypto/dsa
FAIL: crypto/ecdsa
FAIL: crypto/elliptic
FAIL: crypto/openpgp
FAIL: crypto/rand
FAIL: crypto/rsa
FAIL: crypto/x509
FAIL: debug/dwarf
FAIL: debug/elf
FAIL: debug/macho
FAIL: debug/pe
FAIL: go/parser
FAIL: go/printer
FAIL: go/typechecker
FAIL: image/jpeg
FAIL: image/png
FAIL: io/ioutil
FAIL: mime/multipart
FAIL: path/filepath
FAIL: rpc/jsonrpc

		=== libgo Summary for unix/-m64 ===

# of expected passes		88
# of unexpected failures	36
# of untested testcases		2

		=== libgo Summary ===

# of expected passes		211
# of unexpected failures	37
# of untested testcases		4
/var/gcc/regression/trunk/10-gcc/build/./gcc/gccgo version 4.7.0 20110720 (experimental) [trunk revision 176500] (GCC)

		=== libgomp tests ===


Running target unix
FAIL: libgomp.graphite/force-parallel-1.c execution test
FAIL: libgomp.graphite/force-parallel-1.c scan-tree-dump-times graphite "1 loops carried no dependency" 2
FAIL: libgomp.graphite/force-parallel-1.c scan-tree-dump-times optimized "loopfn" 5

		=== libgomp Summary for unix ===

# of expected passes		2629
# of unexpected failures	3
# of unsupported tests		3

Running target unix/-m64
FAIL: libgomp.graphite/force-parallel-1.c execution test
FAIL: libgomp.graphite/force-parallel-1.c scan-tree-dump-times graphite "1 loops carried no dependency" 2

		=== libgomp Summary for unix/-m64 ===

# of expected passes		2630
# of unexpected failures	2
# of unsupported tests		3

		=== libgomp Summary ===

# of expected passes		5259
# of unexpected failures	5
# of unsupported tests		6
		=== libjava tests ===


Running target unix

		=== libjava Summary for unix ===

# of expected passes		2574

Running target unix/-m64

		=== libjava Summary for unix/-m64 ===

# of expected passes		2574

		=== libjava Summary ===

# of expected passes		5148
		=== libstdc++ tests ===


Running target unix
XPASS: 22_locale/num_put/put/char/14220.cc execution test
XPASS: 22_locale/num_put/put/wchar_t/14220.cc execution test

		=== libstdc++ Summary for unix ===

# of expected passes		7710
# of unexpected successes	2
# of expected failures		46
# of unsupported tests		495

Running target unix/-m64

		=== libstdc++ Summary for unix/-m64 ===

# of expected passes		7712
# of expected failures		46
# of unsupported tests		495

		=== libstdc++ Summary ===

# of expected passes		15422
# of unexpected successes	2
# of expected failures		92
# of unsupported tests		990

Compiler version: 4.7.0 20110720 (experimental) [trunk revision 176500] (GCC) 
Platform: i386-pc-solaris2.10
configure flags: --prefix=/vol/gcc --target=i386-pc-solaris2.10 --enable-checking=release --enable-objc-gc --with-host-libstdcxx='-L/vol/gcc-4.4/lib -Wl,-Bstatic -lstdc++ -Wl,-Bdynamic -lm' --with-boot-ldflags='-static-libstdc++ -static-libgcc -L/vol/gcc-4.4/lib' --with-gmp-include=/vol/gcc/include --with-gmp-lib=/vol/gcc/lib --with-mpfr-include=/vol/gcc/include --with-mpfr-lib=/vol/gcc/lib --with-mpc-include=/vol/gcc/include --with-mpc-lib=/vol/gcc/lib --enable-languages=all,ada,obj-c++,go --with-ppl-include=/vol/gcc/include --with-ppl-lib=/vol/gcc/lib --with-cloog-include=/vol/gcc/include --with-cloog-lib=/vol/gcc/lib --enable-cloog-backend=ppl
BOOT_CFLAGS=-g -O2



More information about the Gcc-testresults mailing list