Results for 4.6.2 20110719 (prerelease) [gcc-4_6-branch revision 176489] (GCC) gcc testsuite on cris-axis-elf

Mike Stein mstein.lists@googlemail.com
Wed Jul 20 22:39:00 GMT 2011


Debian 5 on x86_64
cross tool versions:
GNU assembler (GNU Binutils) 2.18.50.20080419
GNU gdb 6.8.50.20080419-cvs
GNU ld (GNU Binutils) 2.18.50.20080419

GNU Make 3.81
expect version 5.43.0
host gcc version: gcc (GCC) 4.7.0 20110719 (experimental) [trunk revision 176489]
LAST_UPDATED: Tue Jul 19 22:09:31 UTC 2011 (revision 176489)

Target is cris-axis-elf
Host   is x86_64-unknown-linux-gnu

		=== gcc tests ===


Running target cris-sim
FAIL: gcc.c-torture/execute/20101011-1.c execution,  -O0 
FAIL: gcc.c-torture/execute/20101011-1.c execution,  -O1 
FAIL: gcc.c-torture/execute/20101011-1.c execution,  -O2 
FAIL: gcc.c-torture/execute/20101011-1.c execution,  -O3 -fomit-frame-pointer 
FAIL: gcc.c-torture/execute/20101011-1.c execution,  -O3 -g 
FAIL: gcc.c-torture/execute/20101011-1.c execution,  -Os 
FAIL: gcc.c-torture/execute/20101011-1.c execution,  -O2 -flto -flto-partition=none 
FAIL: gcc.c-torture/execute/20101011-1.c execution,  -O2 -flto 
FAIL: gcc.dg/c99-stdint-7.c (test for excess errors)
FAIL: gcc.dg/const-uniq-1.c scan-tree-dump-times gimple "L\\\$?C0" 2
FAIL: gcc.dg/large-size-array-2.c (internal compiler error)
FAIL: gcc.dg/large-size-array-2.c  (test for errors, line 6)
FAIL: gcc.dg/large-size-array-2.c (test for excess errors)
FAIL: gcc.dg/large-size-array-4.c (internal compiler error)
FAIL: gcc.dg/large-size-array-4.c  (test for errors, line 6)
FAIL: gcc.dg/large-size-array-4.c (test for excess errors)
FAIL: gcc.dg/pr42629.c (test for excess errors)
FAIL: gcc.dg/pr45055.c (test for excess errors)
FAIL: gcc.dg/pr45259.c (test for excess errors)
FAIL: gcc.dg/pr45353.c (test for excess errors)
FAIL: gcc.dg/pr46614.c (test for excess errors)
FAIL: gcc.dg/pr46647.c scan-tree-dump-not optimized "memset"
FAIL: gcc.dg/pr47276.c (test for excess errors)
FAIL: gcc.dg/pragma-align.c execution test
FAIL: gcc.dg/stack-usage-1.c (test for excess errors)
FAIL: gcc.dg/stack-usage-1.c scan-file foo\\t(256|264)\\tstatic
FAIL: gcc.dg/trampoline-1.c execution test
FAIL: gcc.dg/uninit-pred-7_a.c bogus warning (test for bogus messages, line 26)
FAIL: gcc.dg/uninit-pred-8_a.c bogus warning (test for bogus messages, line 26)
FAIL: gcc.dg/lto/20081204-1 c_lto_20081204-1_0.o assemble, -flto -flto-partition=1to1 -fPIC -r -nostdlib
FAIL: gcc.dg/lto/20081204-1 c_lto_20081204-1_1.o assemble, -flto -flto-partition=1to1 -fPIC -r -nostdlib
UNRESOLVED: gcc.dg/lto/20081204-1 c_lto_20081204-1_0.o-c_lto_20081204-1_1.o link -flto -flto-partition=1to1 -fPIC -r -nostdlib
UNRESOLVED: gcc.dg/lto/20081204-1 c_lto_20081204-1_0.o-c_lto_20081204-1_1.o execute -flto -flto-partition=1to1 -fPIC -r -nostdlib
FAIL: gcc.dg/lto/20081222 c_lto_20081222_1.o assemble, -O0 -flto -flto-partition=none 
UNRESOLVED: gcc.dg/lto/20081222 c_lto_20081222_0.o-c_lto_20081222_1.o link -O0 -flto -flto-partition=none 
UNRESOLVED: gcc.dg/lto/20081222 c_lto_20081222_0.o-c_lto_20081222_1.o execute -O0 -flto -flto-partition=none 
FAIL: gcc.dg/lto/20081222 c_lto_20081222_1.o assemble, -O2 -flto -flto-partition=none 
UNRESOLVED: gcc.dg/lto/20081222 c_lto_20081222_0.o-c_lto_20081222_1.o link -O2 -flto -flto-partition=none 
UNRESOLVED: gcc.dg/lto/20081222 c_lto_20081222_0.o-c_lto_20081222_1.o execute -O2 -flto -flto-partition=none 
FAIL: gcc.dg/lto/20081222 c_lto_20081222_1.o assemble, -O0 -flto -flto-partition=1to1 
UNRESOLVED: gcc.dg/lto/20081222 c_lto_20081222_0.o-c_lto_20081222_1.o link -O0 -flto -flto-partition=1to1 
UNRESOLVED: gcc.dg/lto/20081222 c_lto_20081222_0.o-c_lto_20081222_1.o execute -O0 -flto -flto-partition=1to1 
FAIL: gcc.dg/lto/20081222 c_lto_20081222_1.o assemble, -O2 -flto -flto-partition=1to1 
UNRESOLVED: gcc.dg/lto/20081222 c_lto_20081222_0.o-c_lto_20081222_1.o link -O2 -flto -flto-partition=1to1 
UNRESOLVED: gcc.dg/lto/20081222 c_lto_20081222_0.o-c_lto_20081222_1.o execute -O2 -flto -flto-partition=1to1 
FAIL: gcc.dg/lto/20081222 c_lto_20081222_1.o assemble, -O0 -flto
UNRESOLVED: gcc.dg/lto/20081222 c_lto_20081222_0.o-c_lto_20081222_1.o link -O0 -flto
UNRESOLVED: gcc.dg/lto/20081222 c_lto_20081222_0.o-c_lto_20081222_1.o execute -O0 -flto
FAIL: gcc.dg/lto/20081222 c_lto_20081222_1.o assemble, -O2 -flto
UNRESOLVED: gcc.dg/lto/20081222 c_lto_20081222_0.o-c_lto_20081222_1.o link -O2 -flto
UNRESOLVED: gcc.dg/lto/20081222 c_lto_20081222_0.o-c_lto_20081222_1.o execute -O2 -flto
FAIL: gcc.dg/lto/20081224 c_lto_20081224_0.o assemble, -flto -flto-partition=1to1 -r -nostdlib -fPIC
FAIL: gcc.dg/lto/20081224 c_lto_20081224_1.o assemble, -flto -flto-partition=1to1 -r -nostdlib -fPIC
UNRESOLVED: gcc.dg/lto/20081224 c_lto_20081224_0.o-c_lto_20081224_1.o link -flto -flto-partition=1to1 -r -nostdlib -fPIC
UNRESOLVED: gcc.dg/lto/20081224 c_lto_20081224_0.o-c_lto_20081224_1.o execute -flto -flto-partition=1to1 -r -nostdlib -fPIC
FAIL: gcc.dg/lto/20090116 c_lto_20090116_0.o assemble, -O1 -flto -flto-partition=1to1 -fPIC
UNRESOLVED: gcc.dg/lto/20090116 c_lto_20090116_0.o-c_lto_20090116_0.o link -O1 -flto -flto-partition=1to1 -fPIC
UNRESOLVED: gcc.dg/lto/20090116 c_lto_20090116_0.o-c_lto_20090116_0.o execute -O1 -flto -flto-partition=1to1 -fPIC
FAIL: gcc.dg/lto/20090126-2 c_lto_20090126-2_0.o assemble, -fPIC -O2 -flto -flto-partition=1to1
UNRESOLVED: gcc.dg/lto/20090126-2 c_lto_20090126-2_0.o-c_lto_20090126-2_0.o link -fPIC -O2 -flto -flto-partition=1to1
UNRESOLVED: gcc.dg/lto/20090126-2 c_lto_20090126-2_0.o-c_lto_20090126-2_0.o execute -fPIC -O2 -flto -flto-partition=1to1
FAIL: gcc.dg/lto/20090210 c_lto_20090210_1.o assemble, -O0 -flto -flto-partition=none 
UNRESOLVED: gcc.dg/lto/20090210 c_lto_20090210_0.o-c_lto_20090210_1.o link -O0 -flto -flto-partition=none 
UNRESOLVED: gcc.dg/lto/20090210 c_lto_20090210_0.o-c_lto_20090210_1.o execute -O0 -flto -flto-partition=none 
FAIL: gcc.dg/lto/20090210 c_lto_20090210_1.o assemble, -O2 -flto -flto-partition=none 
UNRESOLVED: gcc.dg/lto/20090210 c_lto_20090210_0.o-c_lto_20090210_1.o link -O2 -flto -flto-partition=none 
UNRESOLVED: gcc.dg/lto/20090210 c_lto_20090210_0.o-c_lto_20090210_1.o execute -O2 -flto -flto-partition=none 
FAIL: gcc.dg/lto/20090210 c_lto_20090210_1.o assemble, -O0 -flto -flto-partition=1to1 
UNRESOLVED: gcc.dg/lto/20090210 c_lto_20090210_0.o-c_lto_20090210_1.o link -O0 -flto -flto-partition=1to1 
UNRESOLVED: gcc.dg/lto/20090210 c_lto_20090210_0.o-c_lto_20090210_1.o execute -O0 -flto -flto-partition=1to1 
FAIL: gcc.dg/lto/20090210 c_lto_20090210_1.o assemble, -O2 -flto -flto-partition=1to1 
UNRESOLVED: gcc.dg/lto/20090210 c_lto_20090210_0.o-c_lto_20090210_1.o link -O2 -flto -flto-partition=1to1 
UNRESOLVED: gcc.dg/lto/20090210 c_lto_20090210_0.o-c_lto_20090210_1.o execute -O2 -flto -flto-partition=1to1 
FAIL: gcc.dg/lto/20090210 c_lto_20090210_1.o assemble, -O0 -flto
UNRESOLVED: gcc.dg/lto/20090210 c_lto_20090210_0.o-c_lto_20090210_1.o link -O0 -flto
UNRESOLVED: gcc.dg/lto/20090210 c_lto_20090210_0.o-c_lto_20090210_1.o execute -O0 -flto
FAIL: gcc.dg/lto/20090210 c_lto_20090210_1.o assemble, -O2 -flto
UNRESOLVED: gcc.dg/lto/20090210 c_lto_20090210_0.o-c_lto_20090210_1.o link -O2 -flto
UNRESOLVED: gcc.dg/lto/20090210 c_lto_20090210_0.o-c_lto_20090210_1.o execute -O2 -flto
FAIL: gcc.dg/lto/20090219 c_lto_20090219_0.o assemble, -O3 -flto -flto-partition=1to1 -fPIC -r -nostdlib
UNRESOLVED: gcc.dg/lto/20090219 c_lto_20090219_0.o-c_lto_20090219_0.o link -O3 -flto -flto-partition=1to1 -fPIC -r -nostdlib
UNRESOLVED: gcc.dg/lto/20090219 c_lto_20090219_0.o-c_lto_20090219_0.o execute -O3 -flto -flto-partition=1to1 -fPIC -r -nostdlib
FAIL: gcc.dg/lto/20091013-1 c_lto_20091013-1_0.o assemble, -fPIC -r -nostdlib -flto
FAIL: gcc.dg/lto/20091013-1 c_lto_20091013-1_1.o assemble, -fPIC -r -nostdlib -flto
FAIL: gcc.dg/lto/20091013-1 c_lto_20091013-1_2.o assemble, -fPIC -r -nostdlib -flto
UNRESOLVED: gcc.dg/lto/20091013-1 c_lto_20091013-1_0.o-c_lto_20091013-1_2.o link -fPIC -r -nostdlib -flto
UNRESOLVED: gcc.dg/lto/20091013-1 c_lto_20091013-1_0.o-c_lto_20091013-1_2.o execute -fPIC -r -nostdlib -flto
FAIL: gcc.dg/lto/20091013-1 c_lto_20091013-1_0.o assemble, -fPIC -r -nostdlib -O2 -flto
FAIL: gcc.dg/lto/20091013-1 c_lto_20091013-1_1.o assemble, -fPIC -r -nostdlib -O2 -flto
FAIL: gcc.dg/lto/20091013-1 c_lto_20091013-1_2.o assemble, -fPIC -r -nostdlib -O2 -flto
UNRESOLVED: gcc.dg/lto/20091013-1 c_lto_20091013-1_0.o-c_lto_20091013-1_2.o link -fPIC -r -nostdlib -O2 -flto
UNRESOLVED: gcc.dg/lto/20091013-1 c_lto_20091013-1_0.o-c_lto_20091013-1_2.o execute -fPIC -r -nostdlib -O2 -flto
FAIL: gcc.dg/lto/20091014-1 c_lto_20091014-1_0.o assemble, -fPIC -r -nostdlib -flto
UNRESOLVED: gcc.dg/lto/20091014-1 c_lto_20091014-1_0.o-c_lto_20091014-1_0.o link -fPIC -r -nostdlib -flto
UNRESOLVED: gcc.dg/lto/20091014-1 c_lto_20091014-1_0.o-c_lto_20091014-1_0.o execute -fPIC -r -nostdlib -flto
FAIL: gcc.dg/lto/20091015-1 c_lto_20091015-1_0.o assemble, -fPIC -r -nostdlib -O2 -flto
FAIL: gcc.dg/lto/20091015-1 c_lto_20091015-1_1.o assemble, -fPIC -r -nostdlib -O2 -flto
FAIL: gcc.dg/lto/20091015-1 c_lto_20091015-1_2.o assemble, -fPIC -r -nostdlib -O2 -flto
UNRESOLVED: gcc.dg/lto/20091015-1 c_lto_20091015-1_0.o-c_lto_20091015-1_2.o link -fPIC -r -nostdlib -O2 -flto
UNRESOLVED: gcc.dg/lto/20091015-1 c_lto_20091015-1_0.o-c_lto_20091015-1_2.o execute -fPIC -r -nostdlib -O2 -flto
FAIL: gcc.dg/lto/20091015-1 c_lto_20091015-1_0.o assemble, -fPIC -r -nostdlib -O2 -flto -flto-partition=1to1
FAIL: gcc.dg/lto/20091015-1 c_lto_20091015-1_1.o assemble, -fPIC -r -nostdlib -O2 -flto -flto-partition=1to1
FAIL: gcc.dg/lto/20091015-1 c_lto_20091015-1_2.o assemble, -fPIC -r -nostdlib -O2 -flto -flto-partition=1to1
UNRESOLVED: gcc.dg/lto/20091015-1 c_lto_20091015-1_0.o-c_lto_20091015-1_2.o link -fPIC -r -nostdlib -O2 -flto -flto-partition=1to1
UNRESOLVED: gcc.dg/lto/20091015-1 c_lto_20091015-1_0.o-c_lto_20091015-1_2.o execute -fPIC -r -nostdlib -O2 -flto -flto-partition=1to1
FAIL: gcc.dg/lto/20091016-1 c_lto_20091016-1_0.o assemble, -fPIC -r -nostdlib -O2 -flto
FAIL: gcc.dg/lto/20091016-1 c_lto_20091016-1_1.o assemble, -fPIC -r -nostdlib -O2 -flto
UNRESOLVED: gcc.dg/lto/20091016-1 c_lto_20091016-1_0.o-c_lto_20091016-1_1.o link -fPIC -r -nostdlib -O2 -flto
UNRESOLVED: gcc.dg/lto/20091016-1 c_lto_20091016-1_0.o-c_lto_20091016-1_1.o execute -fPIC -r -nostdlib -O2 -flto
FAIL: gcc.dg/lto/20091020-1 c_lto_20091020-1_0.o assemble, -fPIC -r -nostdlib -flto
FAIL: gcc.dg/lto/20091020-1 c_lto_20091020-1_1.o assemble, -fPIC -r -nostdlib -flto
UNRESOLVED: gcc.dg/lto/20091020-1 c_lto_20091020-1_0.o-c_lto_20091020-1_1.o link -fPIC -r -nostdlib -flto
UNRESOLVED: gcc.dg/lto/20091020-1 c_lto_20091020-1_0.o-c_lto_20091020-1_1.o execute -fPIC -r -nostdlib -flto
FAIL: gcc.dg/lto/20091020-2 c_lto_20091020-2_0.o assemble, -fPIC -r -nostdlib -flto
FAIL: gcc.dg/lto/20091020-2 c_lto_20091020-2_1.o assemble, -fPIC -r -nostdlib -flto
UNRESOLVED: gcc.dg/lto/20091020-2 c_lto_20091020-2_0.o-c_lto_20091020-2_1.o link -fPIC -r -nostdlib -flto
UNRESOLVED: gcc.dg/lto/20091020-2 c_lto_20091020-2_0.o-c_lto_20091020-2_1.o execute -fPIC -r -nostdlib -flto
FAIL: gcc.dg/torture/pr48044.c  -O0  (test for excess errors)
FAIL: gcc.dg/torture/pr48044.c  -O1  (test for excess errors)
FAIL: gcc.dg/torture/pr48044.c  -O2  (test for excess errors)
FAIL: gcc.dg/torture/pr48044.c  -O3 -fomit-frame-pointer  (test for excess errors)
FAIL: gcc.dg/torture/pr48044.c  -O3 -g  (test for excess errors)
FAIL: gcc.dg/torture/pr48044.c  -Os  (test for excess errors)
FAIL: gcc.dg/torture/pr48044.c  -O2 -flto -flto-partition=none  (test for excess errors)
FAIL: gcc.dg/torture/pr48044.c  -O2 -flto  (test for excess errors)
FAIL: gcc.dg/tree-ssa/vrp47.c scan-tree-dump-times vrp1 "[xy][^ ]* !=" 0
FAIL: gcc.dg/tree-ssa/vrp47.c scan-tree-dump-times dom1 "x[^ ]* & y" 1
FAIL: gcc.dg/tree-ssa/vrp47.c scan-tree-dump-times vrp1 "x[^ ]* [|] y" 1

		=== gcc Summary ===

# of expected passes		67420
# of unexpected failures	78
# of expected failures		118
# of unresolved testcases	50
# of unsupported tests		1011
/home/mstein/sim/gcc-4_6-branch/cris-elf/build/gcc/xgcc  version 4.6.2 20110719 (prerelease) [gcc-4_6-branch revision 176489] (GCC) 


Compiler version: 4.6.2 20110719 (prerelease) [gcc-4_6-branch revision 176489] (GCC) gcc 
Platform: cris-axis-elf
configure flags: --target=cris-elf --prefix=/home/mstein/cross-local/cris-elf --enable-languages=c --disable-nls --disable-build-warnings --with-sysroot=/home/mstein/cross-local/cris-elf --with-build-sysroot=/home/mstein/cross-local/cris-elf --with-ld=/home/mstein/cross-local/cris-elf/usr/bin/ld --with-as=/home/mstein/cross-local/cris-elf/usr/bin/as --disable-libssp --with-mpfr=/opt/cfarm/mpfr-2.4.1 --with-gmp=/opt/cfarm/gmp-4.2.4 --with-libelf=/opt/cfarm/libelf-0.8.12 --with-mpc=/opt/cfarm/mpc-0.8



More information about the Gcc-testresults mailing list