Results for 4.7.0 20110719 (experimental) [trunk revision 176490] (GCC) testsuite on x86_64-apple-darwin10.7.0
Sean McGovern
sean@seanmcgovern.ca
Wed Jul 20 04:51:00 GMT 2011
\$ uname -a
Darwin homura 10.8.0 Darwin Kernel Version 10.8.0: Tue Jun 7 16:33:36 PDT 2011; root:xnu-1504.15.3~1/RELEASE_I386 i386
********
LAST_UPDATED: Tue Jul 19 22:56:11 UTC 2011 (revision 176490)
Native configuration is x86_64-apple-darwin10.7.0
=== g++ tests ===
Running target unix/-m32
UNRESOLVED: g++.dg/ext/label13.C compilation failed to produce executable
FAIL: g++.dg/opt/life1.C scan-assembler GLOBAL_OFFSET_TABLE
FAIL: g++.dg/torture/pr31863.C -O2 -flto -flto-partition=none (test for excess errors)
FAIL: g++.dg/torture/pr31863.C -O2 -flto (test for excess errors)
=== g++ Summary for unix/-m32 ===
# of expected passes 27464
# of unexpected failures 3
# of expected failures 158
# of unresolved testcases 1
# of unsupported tests 176
Running target unix/-m64
UNRESOLVED: g++.dg/ext/label13.C compilation failed to produce executable
FAIL: g++.dg/torture/pr31863.C -O2 -flto -flto-partition=none (test for excess errors)
FAIL: g++.dg/torture/pr31863.C -O2 -flto (test for excess errors)
=== g++ Summary for unix/-m64 ===
# of expected passes 27696
# of unexpected failures 2
# of expected failures 158
# of unresolved testcases 1
# of unsupported tests 375
=== g++ Summary ===
# of expected passes 55160
# of unexpected failures 5
# of expected failures 316
# of unresolved testcases 2
# of unsupported tests 551
/BUILD/gcc/obj-176490/gcc/testsuite/g++/../../g++ version 4.7.0 20110719 (experimental) [trunk revision 176490] (GCC)
=== gcc tests ===
Running target unix/-m32
FAIL: gcc.dg/torture/builtin-attr-1.c -O2 -flto -flto-partition=none (test for excess errors)
FAIL: gcc.dg/torture/builtin-attr-1.c -O2 -flto (test for excess errors)
FAIL: gcc.dg/tree-ssa/vrp47.c scan-tree-dump-times dom1 "x[^ ]* & y" 1
=== gcc Summary for unix/-m32 ===
# of expected passes 77467
# of unexpected failures 3
# of expected failures 238
# of unsupported tests 1419
Running target unix/-m64
FAIL: gcc.dg/sibcall-6.c execution test
FAIL: gcc.dg/matrix/transpose-3.c execution, -fprofile-use -fipa-matrix-reorg -fdump-ipa-matrix-reorg -O3 -fwhole-program -fno-tree-fre
FAIL: gcc.dg/torture/builtin-attr-1.c -O2 -flto -flto-partition=none (test for excess errors)
FAIL: gcc.dg/torture/builtin-attr-1.c -O2 -flto (test for excess errors)
FAIL: gcc.dg/tree-ssa/vrp47.c scan-tree-dump-times dom1 "x[^ ]* & y" 1
=== gcc Summary for unix/-m64 ===
# of expected passes 77600
# of unexpected failures 5
# of expected failures 239
# of unsupported tests 1796
=== gcc Summary ===
# of expected passes 155067
# of unexpected failures 8
# of expected failures 477
# of unsupported tests 3215
/BUILD/gcc/obj-176490/gcc/xgcc version 4.7.0 20110719 (experimental) [trunk revision 176490] (GCC)
=== libgomp tests ===
Running target unix/-m64
=== libgomp Summary for unix/-m64 ===
# of expected passes 1057
# of unsupported tests 3
Running target unix/-m32
=== libgomp Summary for unix/-m32 ===
# of expected passes 1057
# of unsupported tests 3
=== libgomp Summary ===
# of expected passes 2114
# of unsupported tests 6
=== libstdc++ tests ===
Running target unix/-m32
=== libstdc++ Summary for unix/-m32 ===
# of expected passes 7219
# of expected failures 45
# of unsupported tests 722
Running target unix/-m64
=== libstdc++ Summary for unix/-m64 ===
# of expected passes 7217
# of expected failures 45
# of unsupported tests 723
=== libstdc++ Summary ===
# of expected passes 14436
# of expected failures 90
# of unsupported tests 1445
=== libstdc++ Summary ===
Compiler version: 4.7.0 20110719 (experimental) [trunk revision 176490] (GCC)
Platform: x86_64-apple-darwin10.7.0
configure flags: --prefix=/BUILD/gcc/176490 --target=x86_64-apple-darwin10.7.0 --host=x86_64-apple-darwin10.7.0 --build=x86_64-apple-darwin10.7.0 --with-tune=core2 --with-gmp=/opt/gnu --with-mpfr=/opt/gnu --with-mpc=/opt/gnu --disable-libmudflap --disable-libssp --enable-stage1-languages=c --enable-languages=c,c++,lto --program-suffix=-trunk
BOOT_CFLAGS=-g -O2
More information about the Gcc-testresults
mailing list