Results for 4.7.0 20110715 (experimental) [trunk revision 176317] (GCC) testsuite on i386-pc-solaris2.10

Rainer Orth ro@CeBiTec.Uni-Bielefeld.DE
Mon Jul 18 10:30:00 GMT 2011


LAST_UPDATED: Fri Jul 15 17:21:49 UTC 2011 (revision 176317)

		=== acats tests ===

		=== acats Summary ===
# of expected passes		2321
# of unexpected failures	0
Native configuration is i386-pc-solaris2.10

		=== g++ tests ===


Running target unix
FAIL: g++.dg/torture/pr49309.C  -O0  (test for excess errors)
FAIL: g++.dg/torture/pr49309.C  -O1  (test for excess errors)
FAIL: g++.dg/torture/pr49309.C  -O2  (test for excess errors)
FAIL: g++.dg/torture/pr49309.C  -O3 -fomit-frame-pointer  (test for excess errors)
FAIL: g++.dg/torture/pr49309.C  -O3 -g  (test for excess errors)
FAIL: g++.dg/torture/pr49309.C  -Os  (test for excess errors)
FAIL: g++.dg/torture/pr49309.C  -O2 -flto -flto-partition=none  (test for excess errors)
FAIL: g++.dg/torture/pr49309.C  -O2 -flto  (test for excess errors)

		=== g++ Summary for unix ===

# of expected passes		27446
# of unexpected failures	8
# of expected failures		157
# of unsupported tests		181

Running target unix/-m64
FAIL: g++.dg/torture/pr49309.C  -O0  (test for excess errors)
FAIL: g++.dg/torture/pr49309.C  -O1  (test for excess errors)
FAIL: g++.dg/torture/pr49309.C  -O2  (test for excess errors)
FAIL: g++.dg/torture/pr49309.C  -O3 -fomit-frame-pointer  (test for excess errors)
FAIL: g++.dg/torture/pr49309.C  -O3 -g  (test for excess errors)
FAIL: g++.dg/torture/pr49309.C  -Os  (test for excess errors)
FAIL: g++.dg/torture/pr49309.C  -O2 -flto -flto-partition=none  (test for excess errors)
FAIL: g++.dg/torture/pr49309.C  -O2 -flto  (test for excess errors)

		=== g++ Summary for unix/-m64 ===

# of expected passes		27675
# of unexpected failures	8
# of expected failures		157
# of unsupported tests		382

		=== g++ Summary ===

# of expected passes		55121
# of unexpected failures	16
# of expected failures		314
# of unsupported tests		563
/var/gcc/regression/trunk/10-gcc-gas-gld/build/gcc/testsuite/g++/../../g++  version 4.7.0 20110715 (experimental) [trunk revision 176317] (GCC) 

		=== gcc tests ===


Running target unix
FAIL: gcc.dg/lto/20081201-2 c_lto_20081201-2_0.o-c_lto_20081201-2_1.o execute -O3 -flto -flto-partition=1to1
FAIL: gcc.dg/lto/20110201-1 c_lto_20110201-1_0.o-c_lto_20110201-1_0.o link,  -O0 -flto 
UNRESOLVED: gcc.dg/lto/20110201-1 c_lto_20110201-1_0.o-c_lto_20110201-1_0.o execute  -O0 -flto 
FAIL: gcc.dg/lto/ipareference2 c_lto_ipareference2_0.o-c_lto_ipareference2_1.o execute  -O1 -flto -flto-partition=1to1 -fwhole-program
FAIL: gcc.dg/tree-ssa/vrp47.c scan-tree-dump-times dom1 "x[^ ]* & y" 1

		=== gcc Summary for unix ===

# of expected passes		78804
# of unexpected failures	4
# of expected failures		246
# of unresolved testcases	1
# of unsupported tests		821

Running target unix/-m64
FAIL: gcc.dg/lto/20081201-2 c_lto_20081201-2_0.o-c_lto_20081201-2_1.o execute -O3 -flto -flto-partition=1to1
FAIL: gcc.dg/lto/20110201-1 c_lto_20110201-1_0.o-c_lto_20110201-1_0.o link,  -O0 -flto 
UNRESOLVED: gcc.dg/lto/20110201-1 c_lto_20110201-1_0.o-c_lto_20110201-1_0.o execute  -O0 -flto 
FAIL: gcc.dg/lto/ipareference2 c_lto_ipareference2_0.o-c_lto_ipareference2_1.o execute  -O1 -flto -flto-partition=1to1 -fwhole-program
FAIL: gcc.dg/tree-ssa/vrp47.c scan-tree-dump-times dom1 "x[^ ]* & y" 1
FAIL: gcc.misc-tests/linkage.c link

		=== gcc Summary for unix/-m64 ===

# of expected passes		78951
# of unexpected failures	5
# of expected failures		246
# of unresolved testcases	1
# of unsupported tests		1230

		=== gcc Summary ===

# of expected passes		157755
# of unexpected failures	9
# of expected failures		492
# of unresolved testcases	2
# of unsupported tests		2051
/var/gcc/regression/trunk/10-gcc-gas-gld/build/gcc/xgcc  version 4.7.0 20110715 (experimental) [trunk revision 176317] (GCC) 

		=== gfortran tests ===


Running target unix

		=== gfortran Summary for unix ===

# of expected passes		39049
# of expected failures		53
# of unsupported tests		228

Running target unix/-m64

		=== gfortran Summary for unix/-m64 ===

# of expected passes		39344
# of expected failures		53
# of unsupported tests		90

		=== gfortran Summary ===

# of expected passes		78393
# of expected failures		106
# of unsupported tests		318
/var/gcc/regression/trunk/10-gcc-gas-gld/build/gcc/testsuite/gfortran/../../gfortran  version 4.7.0 20110715 (experimental) [trunk revision 176317] (GCC) 

		=== gnat tests ===


Running target unix

		=== gnat Summary for unix ===

# of expected passes		909
# of expected failures		11
# of unsupported tests		5

Running target unix/-m64

		=== gnat Summary for unix/-m64 ===

# of expected passes		909
# of expected failures		11
# of unsupported tests		5

		=== gnat Summary ===

# of expected passes		1818
# of expected failures		22
# of unsupported tests		10
/var/gcc/regression/trunk/10-gcc-gas-gld/build/gcc/gnatmake version 4.7.0 20110715 (experimental) [trunk revision 176317]

		=== go tests ===


Running target unix
FAIL: ./select5-out.go compilation,  -O2 -g 
FAIL: go.test/test/fixedbugs/bug273.go execution,  -O2 -g 
WARNING: program timed out.

		=== go Summary for unix ===

# of expected passes		2984
# of unexpected failures	2
# of expected failures		23
# of untested testcases		1

Running target unix/-m64
FAIL: ./select5-out.go compilation,  -O2 -g 
WARNING: program timed out.

		=== go Summary for unix/-m64 ===

# of expected passes		2985
# of unexpected failures	1
# of expected failures		23
# of untested testcases		1

		=== go Summary ===

# of expected passes		5969
# of unexpected failures	3
# of expected failures		46
# of untested testcases		2
/var/gcc/regression/trunk/10-gcc-gas-gld/build/gcc/testsuite/go/../../gccgo  version 4.7.0 20110715 (experimental) [trunk revision 176317] (GCC) 

		=== obj-c++ tests ===


Running target unix

		=== obj-c++ Summary for unix ===

# of expected passes		1446
# of expected failures		2
# of unsupported tests		86

Running target unix/-m64

		=== obj-c++ Summary for unix/-m64 ===

# of expected passes		1438
# of expected failures		10
# of unsupported tests		86

		=== obj-c++ Summary ===

# of expected passes		2884
# of expected failures		12
# of unsupported tests		172
/var/gcc/regression/trunk/10-gcc-gas-gld/build/gcc/testsuite/obj-c++/../../g++  version 4.7.0 20110715 (experimental) [trunk revision 176317] (GCC) 

		=== objc tests ===


Running target unix

		=== objc Summary for unix ===

# of expected passes		2974
# of expected failures		6
# of unsupported tests		74

Running target unix/-m64

		=== objc Summary for unix/-m64 ===

# of expected passes		2974
# of expected failures		6
# of unsupported tests		74

		=== objc Summary ===

# of expected passes		5948
# of expected failures		12
# of unsupported tests		148
/var/gcc/regression/trunk/10-gcc-gas-gld/build/gcc/xgcc  version 4.7.0 20110715 (experimental) [trunk revision 176317] (GCC) 

		=== boehm-gc tests ===


Running target unix

		=== boehm-gc Summary for unix ===

# of expected passes		12
# of unsupported tests		1

Running target unix/-m64

		=== boehm-gc Summary for unix/-m64 ===

# of expected passes		12
# of unsupported tests		1

		=== boehm-gc Summary ===

# of expected passes		24
# of unsupported tests		2
		=== libffi tests ===


Running target unix

		=== libffi Summary for unix ===

# of expected passes		1634
# of expected failures		10
# of unsupported tests		15

Running target unix/-m64

		=== libffi Summary for unix/-m64 ===

# of expected passes		1634
# of expected failures		10
# of unsupported tests		15

		=== libffi Summary ===

# of expected passes		3268
# of expected failures		20
# of unsupported tests		30
		=== libgo tests ===


Running target unix
FAIL: crypto/rand

		=== libgo Summary for unix ===

# of expected passes		123
# of unexpected failures	1
# of untested testcases		2

Running target unix/-m64
FAIL: exec
FAIL: html
FAIL: http
FAIL: log
FAIL: mime
FAIL: netchan
FAIL: os
FAIL: rpc
FAIL: strconv
FAIL: template
FAIL: time
FAIL: websocket
FAIL: archive/tar
FAIL: archive/zip
FAIL: compress/flate
FAIL: compress/lzw
FAIL: compress/zlib
FAIL: crypto/dsa
FAIL: crypto/ecdsa
FAIL: crypto/elliptic
FAIL: crypto/rand
FAIL: crypto/rsa
FAIL: debug/dwarf
FAIL: debug/elf
FAIL: debug/macho
FAIL: debug/pe
FAIL: go/parser
FAIL: go/printer
FAIL: go/typechecker
FAIL: image/jpeg
FAIL: image/png
FAIL: io/ioutil
FAIL: mime/multipart
FAIL: path/filepath
FAIL: rpc/jsonrpc

		=== libgo Summary for unix/-m64 ===

# of expected passes		89
# of unexpected failures	35
# of untested testcases		2

		=== libgo Summary ===

# of expected passes		212
# of unexpected failures	36
# of untested testcases		4
/var/gcc/regression/trunk/10-gcc-gas-gld/build/./gcc/gccgo version 4.7.0 20110715 (experimental) [trunk revision 176317] (GCC)

		=== libgomp tests ===


Running target unix
FAIL: libgomp.graphite/force-parallel-1.c execution test
FAIL: libgomp.graphite/force-parallel-1.c scan-tree-dump-times graphite "1 loops carried no dependency" 2
FAIL: libgomp.graphite/force-parallel-1.c scan-tree-dump-times optimized "loopfn" 5

		=== libgomp Summary for unix ===

# of expected passes		2629
# of unexpected failures	3
# of unsupported tests		3

Running target unix/-m64
FAIL: libgomp.graphite/force-parallel-1.c execution test
FAIL: libgomp.graphite/force-parallel-1.c scan-tree-dump-times graphite "1 loops carried no dependency" 2

		=== libgomp Summary for unix/-m64 ===

# of expected passes		2630
# of unexpected failures	2
# of unsupported tests		3

		=== libgomp Summary ===

# of expected passes		5259
# of unexpected failures	5
# of unsupported tests		6
		=== libjava tests ===


Running target unix

		=== libjava Summary for unix ===

# of expected passes		2574

Running target unix/-m64

		=== libjava Summary for unix/-m64 ===

# of expected passes		2574

		=== libjava Summary ===

# of expected passes		5148
		=== libstdc++ tests ===


Running target unix
XPASS: 22_locale/num_put/put/char/14220.cc execution test
XPASS: 22_locale/num_put/put/wchar_t/14220.cc execution test

		=== libstdc++ Summary for unix ===

# of expected passes		7710
# of unexpected successes	2
# of expected failures		46
# of unsupported tests		474

Running target unix/-m64

		=== libstdc++ Summary for unix/-m64 ===

# of expected passes		7712
# of expected failures		46
# of unsupported tests		474

		=== libstdc++ Summary ===

# of expected passes		15422
# of unexpected successes	2
# of expected failures		92
# of unsupported tests		948

Compiler version: 4.7.0 20110715 (experimental) [trunk revision 176317] (GCC) 
Platform: i386-pc-solaris2.10
configure flags: --prefix=/vol/gcc --target=i386-pc-solaris2.10 --enable-objc-gc --with-host-libstdcxx='-L/vol/gcc-4.4/lib -Wl,-Bstatic -lstdc++ -Wl,-Bdynamic -lm' --with-boot-ldflags='-static-libstdc++ -static-libgcc -L/vol/gcc-4.4/lib' --with-as=/vol/gcc/bin/gas-2.21.1 --with-gnu-as --with-ld=/vol/gcc/bin/gld-2.21.1 --with-gnu-ld --with-gmp-include=/vol/gcc/include --with-gmp-lib=/vol/gcc/lib --with-mpfr-include=/vol/gcc/include --with-mpfr-lib=/vol/gcc/lib --with-mpc-include=/vol/gcc/include --with-mpc-lib=/vol/gcc/lib --enable-languages=all,ada,obj-c++,go --with-ppl-include=/vol/gcc/include --with-ppl-lib=/vol/gcc/lib --with-cloog-include=/vol/gcc/include --with-cloog-lib=/vol/gcc/lib --enable-cloog-backend=ppl
BOOT_CFLAGS=-g -O2



More information about the Gcc-testresults mailing list