Results for 4.7.0 20110715 (experimental) [trunk revision 176321] (GCC) testsuite on hppa64-hp-hpux11.11

John David Anglin dave@hiauly3.hia.nrc.ca
Sat Jul 16 22:45:00 GMT 2011


Native configuration is hppa64-hp-hpux11.11

		=== g++ tests ===


Running target unix
WARNING: program timed out.
FAIL: g++.dg/torture/pr49309.C  -O0  (test for excess errors)
FAIL: g++.dg/torture/pr49309.C  -O1  (test for excess errors)
FAIL: g++.dg/torture/pr49309.C  -O2  (test for excess errors)
FAIL: g++.dg/torture/pr49309.C  -O3 -fomit-frame-pointer  (test for excess errors)
FAIL: g++.dg/torture/pr49309.C  -O3 -g  (test for excess errors)
FAIL: g++.dg/torture/pr49309.C  -Os  (test for excess errors)
FAIL: g++.dg/torture/pr49309.C  -O2 -flto -flto-partition=none  (test for excess errors)
FAIL: g++.dg/torture/pr49309.C  -O2 -flto  (test for excess errors)

		=== g++ Summary ===

# of expected passes		25445
# of unexpected failures	8
# of expected failures		158
# of unsupported tests		594
/test/gnu/gcc/objdir/gcc/testsuite/g++/../../g++  version 4.7.0 20110715 (experimental) [trunk revision 176321] (GCC) 

		=== gcc tests ===


Running target unix
WARNING: program timed out.
FAIL: gcc.dg/lto/20090116 c_lto_20090116_0.o-c_lto_20090116_0.o link, -O1 -flto -flto-partition=1to1 -fPIC (internal compiler error)
UNRESOLVED: gcc.dg/lto/20090116 c_lto_20090116_0.o-c_lto_20090116_0.o execute -O1 -flto -flto-partition=1to1 -fPIC
FAIL: gcc.dg/tree-ssa/vrp47.c scan-tree-dump-times dom1 "x[^ ]* & y" 1

		=== gcc Summary ===

# of expected passes		67558
# of unexpected failures	2
# of expected failures		114
# of unresolved testcases	1
# of unsupported tests		1278
/test/gnu/gcc/objdir/gcc/xgcc  version 4.7.0 20110715 (experimental) [trunk revision 176321] (GCC) 

		=== gfortran tests ===


Running target unix

		=== gfortran Summary ===

# of expected passes		37989
# of expected failures		41
# of unsupported tests		363
/test/gnu/gcc/objdir/gcc/testsuite/gfortran/../../gfortran  version 4.7.0 20110715 (experimental) [trunk revision 176321] (GCC) 

		=== obj-c++ tests ===


Running target unix

		=== obj-c++ Summary ===

# of expected passes		1438
# of expected failures		10
# of unsupported tests		86
/test/gnu/gcc/objdir/gcc/testsuite/obj-c++/../../g++  version 4.7.0 20110715 (experimental) [trunk revision 176321] (GCC) 

		=== objc tests ===


Running target unix

		=== objc Summary ===

# of expected passes		2978
# of unsupported tests		75
/test/gnu/gcc/objdir/gcc/xgcc  version 4.7.0 20110715 (experimental) [trunk revision 176321] (GCC) 

		=== libgomp tests ===


Running target unix

		=== libgomp Summary ===

# of expected passes		2572
# of unsupported tests		10
		=== libstdc++ tests ===


Running target unix

		=== libstdc++ Summary ===

# of expected passes		7052
# of expected failures		45
# of unsupported tests		785

Compiler version: 4.7.0 20110715 (experimental) [trunk revision 176321] (GCC) 
Platform: hppa64-hp-hpux11.11
configure flags:Test Run By dave on Sat Jul 16 06:00:24 2011



More information about the Gcc-testresults mailing list