Results for 4.7.0 20110716 (experimental) (GCC) testsuite on i686-pc-linux-gnu
CodeSourcery Automatic Testing System
gcc@codesourcery.com
Sat Jul 16 17:08:00 GMT 2011
LAST_UPDATED: Sat Jul 16 07:37:56 UTC 2011 (/trunk revision 176350)
Native configuration is i686-pc-linux-gnu
=== g++ tests ===
Running target localhost
=== g++ Summary ===
# of expected passes 27747
# of expected failures 156
# of unsupported tests 161
/scratch/gcc/nightly-2011-07-16-mainline/i686-pc-linux-gnu/obj/test-mainline-0-i686-pc-linux-gnu/host-i686-pc-linux-gnu/fsf-mainline/bin/i686-pc-linux-gnu-g++ version 4.7.0 20110716 (experimental) (GCC)
=== gcc tests ===
Running target localhost
FAIL: gcc.c-torture/execute/builtins/strstr-asm.c compilation, -O2 -flto -flto-partition=none
UNRESOLVED: gcc.c-torture/execute/builtins/strstr-asm.c execution, -O2 -flto -flto-partition=none
FAIL: gcc.c-torture/execute/builtins/strstr-asm.c compilation, -O2 -flto
UNRESOLVED: gcc.c-torture/execute/builtins/strstr-asm.c execution, -O2 -flto
FAIL: gcc.dg/cproj-fails-with-broken-glibc.c execution test
XPASS: gcc.dg/inline_3.c (test for excess errors)
XPASS: gcc.dg/inline_4.c (test for excess errors)
XPASS: gcc.dg/unroll_2.c (test for excess errors)
XPASS: gcc.dg/unroll_3.c (test for excess errors)
XPASS: gcc.dg/unroll_4.c (test for excess errors)
XPASS: gcc.dg/guality/example.c -O0 execution test
XPASS: gcc.dg/guality/example.c -O1 execution test
XPASS: gcc.dg/guality/example.c -O2 execution test
XPASS: gcc.dg/guality/guality.c -O0 execution test
XPASS: gcc.dg/guality/guality.c -O1 execution test
XPASS: gcc.dg/guality/guality.c -O2 execution test
XPASS: gcc.dg/guality/guality.c -Os execution test
XPASS: gcc.dg/guality/guality.c -O2 -flto -flto-partition=none execution test
XPASS: gcc.dg/guality/guality.c -O2 -flto execution test
XPASS: gcc.dg/guality/inline-params.c -O2 execution test
XPASS: gcc.dg/guality/inline-params.c -Os execution test
FAIL: gcc.dg/guality/pr36728-1.c -O2 -flto -flto-partition=none line 12 arg1 == 1
FAIL: gcc.dg/guality/pr36728-1.c -O2 -flto -flto-partition=none line 14 arg1 == 1
FAIL: gcc.dg/guality/pr36728-1.c -O2 -flto line 12 arg1 == 1
FAIL: gcc.dg/guality/pr36728-1.c -O2 -flto line 14 arg1 == 1
XPASS: gcc.dg/guality/pr41353-1.c -O0 line 28 j == 28 + 37
XPASS: gcc.dg/guality/pr41353-1.c -O1 line 28 j == 28 + 37
XPASS: gcc.dg/guality/pr41353-1.c -O2 line 28 j == 28 + 37
XPASS: gcc.dg/guality/pr41353-1.c -O3 -fomit-frame-pointer line 28 j == 28 + 37
XPASS: gcc.dg/guality/pr41353-1.c -O3 -g line 28 j == 28 + 37
XPASS: gcc.dg/guality/pr41353-1.c -Os line 28 j == 28 + 37
XPASS: gcc.dg/guality/pr41353-1.c -O2 -flto -flto-partition=none line 28 j == 28 + 37
XPASS: gcc.dg/guality/pr41353-1.c -O2 -flto line 28 j == 28 + 37
XPASS: gcc.dg/guality/pr41447-1.c -O0 execution test
XPASS: gcc.dg/guality/pr41447-1.c -O1 execution test
XPASS: gcc.dg/guality/pr41447-1.c -Os execution test
XPASS: gcc.dg/guality/pr41616-1.c -O0 execution test
XPASS: gcc.dg/guality/pr41616-1.c -O1 execution test
XPASS: gcc.dg/guality/pr41616-1.c -O2 execution test
XPASS: gcc.dg/guality/pr41616-1.c -O3 -fomit-frame-pointer execution test
XPASS: gcc.dg/guality/pr41616-1.c -Os execution test
FAIL: gcc.dg/guality/vla-1.c -O0 line 17 sizeof (a) == 6
FAIL: gcc.dg/guality/vla-1.c -O0 line 24 sizeof (a) == 17 * sizeof (short)
FAIL: gcc.dg/guality/vla-1.c -O1 line 17 sizeof (a) == 6
FAIL: gcc.dg/guality/vla-1.c -O1 line 24 sizeof (a) == 17 * sizeof (short)
FAIL: gcc.dg/guality/vla-1.c -O2 line 17 sizeof (a) == 6
FAIL: gcc.dg/guality/vla-1.c -O2 line 24 sizeof (a) == 17 * sizeof (short)
FAIL: gcc.dg/guality/vla-1.c -O3 -fomit-frame-pointer line 17 sizeof (a) == 6
FAIL: gcc.dg/guality/vla-1.c -O3 -fomit-frame-pointer line 24 sizeof (a) == 17 * sizeof (short)
FAIL: gcc.dg/guality/vla-1.c -O3 -g line 17 sizeof (a) == 6
FAIL: gcc.dg/guality/vla-1.c -O3 -g line 24 sizeof (a) == 17 * sizeof (short)
FAIL: gcc.dg/guality/vla-1.c -Os line 17 sizeof (a) == 6
FAIL: gcc.dg/guality/vla-1.c -Os line 24 sizeof (a) == 17 * sizeof (short)
FAIL: gcc.dg/guality/vla-1.c -O2 -flto -flto-partition=none line 17 i == 5
FAIL: gcc.dg/guality/vla-1.c -O2 -flto -flto-partition=none line 17 sizeof (a) == 6
FAIL: gcc.dg/guality/vla-1.c -O2 -flto -flto-partition=none line 24 sizeof (a) == 17 * sizeof (short)
FAIL: gcc.dg/guality/vla-1.c -O2 -flto line 17 i == 5
FAIL: gcc.dg/guality/vla-1.c -O2 -flto line 17 sizeof (a) == 6
FAIL: gcc.dg/guality/vla-1.c -O2 -flto line 24 sizeof (a) == 17 * sizeof (short)
FAIL: gcc.dg/guality/vla-2.c -O0 line 16 sizeof (a) == 5 * sizeof (int)
FAIL: gcc.dg/guality/vla-2.c -O0 line 25 sizeof (a) == 6 * sizeof (int)
FAIL: gcc.dg/guality/vla-2.c -O1 line 16 sizeof (a) == 5 * sizeof (int)
FAIL: gcc.dg/guality/vla-2.c -O1 line 25 sizeof (a) == 6 * sizeof (int)
FAIL: gcc.dg/guality/vla-2.c -O2 line 16 sizeof (a) == 5 * sizeof (int)
FAIL: gcc.dg/guality/vla-2.c -O2 line 25 sizeof (a) == 6 * sizeof (int)
FAIL: gcc.dg/guality/vla-2.c -O3 -fomit-frame-pointer line 16 sizeof (a) == 5 * sizeof (int)
FAIL: gcc.dg/guality/vla-2.c -O3 -fomit-frame-pointer line 25 sizeof (a) == 6 * sizeof (int)
FAIL: gcc.dg/guality/vla-2.c -O3 -g line 16 sizeof (a) == 5 * sizeof (int)
FAIL: gcc.dg/guality/vla-2.c -O3 -g line 25 sizeof (a) == 6 * sizeof (int)
FAIL: gcc.dg/guality/vla-2.c -Os line 16 sizeof (a) == 5 * sizeof (int)
FAIL: gcc.dg/guality/vla-2.c -Os line 25 sizeof (a) == 6 * sizeof (int)
FAIL: gcc.dg/guality/vla-2.c -O2 -flto -flto-partition=none line 16 sizeof (a) == 5 * sizeof (int)
FAIL: gcc.dg/guality/vla-2.c -O2 -flto -flto-partition=none line 25 sizeof (a) == 6 * sizeof (int)
FAIL: gcc.dg/guality/vla-2.c -O2 -flto line 16 sizeof (a) == 5 * sizeof (int)
FAIL: gcc.dg/guality/vla-2.c -O2 -flto line 25 sizeof (a) == 6 * sizeof (int)
FAIL: gcc.dg/tree-ssa/vrp47.c scan-tree-dump-times dom1 "x[^ ]* & y" 1
=== gcc Summary ===
# of expected passes 81269
# of unexpected failures 42
# of unexpected successes 32
# of expected failures 267
# of unresolved testcases 2
# of unsupported tests 792
/scratch/gcc/nightly-2011-07-16-mainline/i686-pc-linux-gnu/obj/test-mainline-0-i686-pc-linux-gnu/host-i686-pc-linux-gnu/fsf-mainline/bin/i686-pc-linux-gnu-gcc version 4.7.0 20110716 (experimental) (GCC)
=== gfortran tests ===
Running target localhost
=== gfortran Summary ===
# of expected passes 39075
# of expected failures 53
# of unsupported tests 218
/scratch/gcc/nightly-2011-07-16-mainline/i686-pc-linux-gnu/obj/test-mainline-0-i686-pc-linux-gnu/host-i686-pc-linux-gnu/fsf-mainline/bin/i686-pc-linux-gnu-gfortran version 4.7.0 20110716 (experimental) (GCC)
=== libstdc++ tests ===
Running target localhost
ERROR: tcl error sourcing /scratch/gcc/nightly-2011-07-16-mainline/src/gcc-mainline/libstdc++-v3/testsuite/libstdc++-abi/abi.exp.
ERROR: can't read "baseline_subdir_switch": no such variable
=== libstdc++ Summary ===
# of expected passes 8042
# of expected failures 45
# of unsupported tests 406
=== g++ tests ===
Running target localhost/-m64
=== g++ Summary ===
# of expected passes 27961
# of expected failures 156
# of unsupported tests 368
/scratch/gcc/nightly-2011-07-16-mainline/i686-pc-linux-gnu/obj/test-mainline-0-i686-pc-linux-gnu/host-i686-pc-linux-gnu/fsf-mainline/bin/i686-pc-linux-gnu-g++ version 4.7.0 20110716 (experimental) (GCC)
=== gcc tests ===
Running target localhost/-m64
FAIL: gcc.c-torture/execute/builtins/strstr-asm.c compilation, -O2 -flto -flto-partition=none
UNRESOLVED: gcc.c-torture/execute/builtins/strstr-asm.c execution, -O2 -flto -flto-partition=none
FAIL: gcc.c-torture/execute/builtins/strstr-asm.c compilation, -O2 -flto
UNRESOLVED: gcc.c-torture/execute/builtins/strstr-asm.c execution, -O2 -flto
FAIL: gcc.dg/cproj-fails-with-broken-glibc.c execution test
XPASS: gcc.dg/inline_3.c (test for excess errors)
XPASS: gcc.dg/inline_4.c (test for excess errors)
XPASS: gcc.dg/unroll_2.c (test for excess errors)
XPASS: gcc.dg/unroll_3.c (test for excess errors)
XPASS: gcc.dg/unroll_4.c (test for excess errors)
XPASS: gcc.dg/guality/example.c -O0 execution test
XPASS: gcc.dg/guality/example.c -O1 execution test
XPASS: gcc.dg/guality/example.c -O2 execution test
XPASS: gcc.dg/guality/example.c -Os execution test
XPASS: gcc.dg/guality/guality.c -O0 execution test
XPASS: gcc.dg/guality/inline-params.c -O2 execution test
XPASS: gcc.dg/guality/inline-params.c -Os execution test
XPASS: gcc.dg/guality/pr41353-1.c -O0 line 28 j == 28 + 37
XPASS: gcc.dg/guality/pr41353-1.c -O1 line 28 j == 28 + 37
XPASS: gcc.dg/guality/pr41353-1.c -O2 line 28 j == 28 + 37
XPASS: gcc.dg/guality/pr41353-1.c -O3 -fomit-frame-pointer line 28 j == 28 + 37
XPASS: gcc.dg/guality/pr41353-1.c -O3 -g line 28 j == 28 + 37
XPASS: gcc.dg/guality/pr41353-1.c -Os line 28 j == 28 + 37
XPASS: gcc.dg/guality/pr41353-1.c -O2 -flto -flto-partition=none line 28 j == 28 + 37
XPASS: gcc.dg/guality/pr41353-1.c -O2 -flto line 28 j == 28 + 37
XPASS: gcc.dg/guality/pr41447-1.c -O0 execution test
XPASS: gcc.dg/guality/pr41447-1.c -O1 execution test
XPASS: gcc.dg/guality/pr41447-1.c -O2 execution test
XPASS: gcc.dg/guality/pr41447-1.c -Os execution test
XPASS: gcc.dg/guality/pr41447-1.c -O2 -flto execution test
XPASS: gcc.dg/guality/pr41616-1.c -O0 execution test
XPASS: gcc.dg/guality/pr41616-1.c -O1 execution test
XPASS: gcc.dg/guality/pr41616-1.c -O2 execution test
XPASS: gcc.dg/guality/pr41616-1.c -Os execution test
FAIL: gcc.dg/guality/sra-1.c -O1 line 43 a.i == 4
FAIL: gcc.dg/guality/sra-1.c -O1 line 43 a.j == 14
FAIL: gcc.dg/guality/vla-1.c -O0 line 17 sizeof (a) == 6
FAIL: gcc.dg/guality/vla-1.c -O0 line 24 sizeof (a) == 17 * sizeof (short)
FAIL: gcc.dg/guality/vla-1.c -O1 line 17 i == 5
FAIL: gcc.dg/guality/vla-1.c -O1 line 17 sizeof (a) == 6
FAIL: gcc.dg/guality/vla-1.c -O1 line 24 sizeof (a) == 17 * sizeof (short)
FAIL: gcc.dg/guality/vla-1.c -O2 line 17 sizeof (a) == 6
FAIL: gcc.dg/guality/vla-1.c -O2 line 24 sizeof (a) == 17 * sizeof (short)
FAIL: gcc.dg/guality/vla-1.c -O3 -fomit-frame-pointer line 17 sizeof (a) == 6
FAIL: gcc.dg/guality/vla-1.c -O3 -fomit-frame-pointer line 24 sizeof (a) == 17 * sizeof (short)
FAIL: gcc.dg/guality/vla-1.c -O3 -g line 17 sizeof (a) == 6
FAIL: gcc.dg/guality/vla-1.c -O3 -g line 24 sizeof (a) == 17 * sizeof (short)
FAIL: gcc.dg/guality/vla-1.c -Os line 17 sizeof (a) == 6
FAIL: gcc.dg/guality/vla-1.c -Os line 24 sizeof (a) == 17 * sizeof (short)
FAIL: gcc.dg/guality/vla-1.c -O2 -flto -flto-partition=none line 17 sizeof (a) == 6
FAIL: gcc.dg/guality/vla-1.c -O2 -flto -flto-partition=none line 24 sizeof (a) == 17 * sizeof (short)
FAIL: gcc.dg/guality/vla-1.c -O2 -flto line 17 sizeof (a) == 6
FAIL: gcc.dg/guality/vla-1.c -O2 -flto line 24 sizeof (a) == 17 * sizeof (short)
FAIL: gcc.dg/guality/vla-2.c -O0 line 16 sizeof (a) == 5 * sizeof (int)
FAIL: gcc.dg/guality/vla-2.c -O0 line 25 sizeof (a) == 6 * sizeof (int)
FAIL: gcc.dg/guality/vla-2.c -O1 line 16 sizeof (a) == 5 * sizeof (int)
FAIL: gcc.dg/guality/vla-2.c -O1 line 25 sizeof (a) == 6 * sizeof (int)
FAIL: gcc.dg/guality/vla-2.c -O2 line 16 sizeof (a) == 5 * sizeof (int)
FAIL: gcc.dg/guality/vla-2.c -O2 line 25 sizeof (a) == 6 * sizeof (int)
FAIL: gcc.dg/guality/vla-2.c -O3 -fomit-frame-pointer line 16 sizeof (a) == 5 * sizeof (int)
FAIL: gcc.dg/guality/vla-2.c -O3 -fomit-frame-pointer line 25 sizeof (a) == 6 * sizeof (int)
FAIL: gcc.dg/guality/vla-2.c -O3 -g line 16 sizeof (a) == 5 * sizeof (int)
FAIL: gcc.dg/guality/vla-2.c -O3 -g line 25 sizeof (a) == 6 * sizeof (int)
FAIL: gcc.dg/guality/vla-2.c -Os line 16 sizeof (a) == 5 * sizeof (int)
FAIL: gcc.dg/guality/vla-2.c -Os line 25 sizeof (a) == 6 * sizeof (int)
FAIL: gcc.dg/guality/vla-2.c -O2 -flto -flto-partition=none line 16 sizeof (a) == 5 * sizeof (int)
FAIL: gcc.dg/guality/vla-2.c -O2 -flto -flto-partition=none line 25 sizeof (a) == 6 * sizeof (int)
FAIL: gcc.dg/guality/vla-2.c -O2 -flto line 16 sizeof (a) == 5 * sizeof (int)
FAIL: gcc.dg/guality/vla-2.c -O2 -flto line 25 sizeof (a) == 6 * sizeof (int)
FAIL: gcc.dg/tree-ssa/vrp47.c scan-tree-dump-times dom1 "x[^ ]* & y" 1
=== gcc Summary ===
# of expected passes 81701
# of unexpected failures 39
# of unexpected successes 29
# of expected failures 270
# of unresolved testcases 2
# of unsupported tests 1199
/scratch/gcc/nightly-2011-07-16-mainline/i686-pc-linux-gnu/obj/test-mainline-0-i686-pc-linux-gnu/host-i686-pc-linux-gnu/fsf-mainline/bin/i686-pc-linux-gnu-gcc version 4.7.0 20110716 (experimental) (GCC)
=== gfortran tests ===
Running target localhost/-m64
=== gfortran Summary ===
# of expected passes 39362
# of expected failures 53
# of unsupported tests 80
/scratch/gcc/nightly-2011-07-16-mainline/i686-pc-linux-gnu/obj/test-mainline-0-i686-pc-linux-gnu/host-i686-pc-linux-gnu/fsf-mainline/bin/i686-pc-linux-gnu-gfortran version 4.7.0 20110716 (experimental) (GCC)
=== libstdc++ tests ===
Running target localhost/-m64
ERROR: tcl error sourcing /scratch/gcc/nightly-2011-07-16-mainline/src/gcc-mainline/libstdc++-v3/testsuite/libstdc++-abi/abi.exp.
ERROR: can't read "baseline_subdir_switch": no such variable
=== libstdc++ Summary ===
# of expected passes 8042
# of expected failures 45
# of unsupported tests 406
Compiler version: 4.7.0 20110716 (experimental) (GCC)
Platform: i686-pc-linux-gnu
configure flags: --build=i686-pc-linux-gnu --host=i686-pc-linux-gnu --target=i686-pc-linux-gnu --enable-threads --disable-libmudflap --disable-libssp --disable-libstdcxx-pch --enable-targets=all --with-gnu-as --with-gnu-ld --enable-languages=c,c++,fortran --enable-shared --enable-lto --disable-nls --prefix=/opt/codesourcery --with-gmp=/scratch/gcc/nightly-2011-07-16-mainline/i686-pc-linux-gnu/obj/host-libs-mainline-0-i686-pc-linux-gnu-i686-pc-linux-gnu/usr --with-mpfr=/scratch/gcc/nightly-2011-07-16-mainline/i686-pc-linux-gnu/obj/host-libs-mainline-0-i686-pc-linux-gnu-i686-pc-linux-gnu/usr --with-mpc=/scratch/gcc/nightly-2011-07-16-mainline/i686-pc-linux-gnu/obj/host-libs-mainline-0-i686-pc-linux-gnu-i686-pc-linux-gnu/usr --with-ppl=/scratch/gcc/nightly-2011-07-16-mainline/i686-pc-linux-gnu/obj/host-libs-mainline-0-i686-pc-linux-gnu-i686-pc-linux-gnu/usr --with-host-libstdcxx='-L/usr/local/tools/gcc-4.3.3/i686-pc-linux-gnu/lib -static-libgcc -Wl,-Bstatic,-lstdc++,-Bdynamic -l
m' --with-cloog=/scratch/gcc/nightly-2011-07-16-mainline/i686-pc-linux-gnu/obj/host-libs-mainline-0-i686-pc-linux-gnu-i686-pc-linux-gnu/usr --with-libelf=/scratch/gcc/nightly-2011-07-16-mainline/i686-pc-linux-gnu/obj/host-libs-mainline-0-i686-pc-linux-gnu-i686-pc-linux-gnu/usr --disable-libgomp --with-build-time-tools=/scratch/gcc/nightly-2011-07-16-mainline/i686-pc-linux-gnu/install/opt/codesourcery/i686-pc-linux-gnu/bin --with-build-time-tools=/scratch/gcc/nightly-2011-07-16-mainline/i686-pc-linux-gnu/install/opt/codesourcery/i686-pc-linux-gnu/bin
More information about the Gcc-testresults
mailing list