Results for 4.6.2 20110709 (prerelease) [gcc-4_6-branch revision 176073] testsuite on hppa2.0w-hp-hpux11.11
John David Anglin
dave@hiauly3.hia.nrc.ca
Sat Jul 16 13:39:00 GMT 2011
=== acats tests ===
=== acats Summary ===
# of expected passes 2321
# of unexpected failures 0
Native configuration is hppa2.0w-hp-hpux11.11
=== gnat tests ===
Running target unix
FAIL: gnat.dg/socket1.adb execution test
=== gnat Summary ===
# of expected passes 870
# of unexpected failures 1
# of expected failures 10
# of unsupported tests 3
/mnt/gnu/gcc/objdir-test/gcc/gnatmake version 4.6.2 20110709 (prerelease) [gcc-4_6-branch revision 176073]
Compiler version: 4.6.2 20110709 (prerelease) [gcc-4_6-branch revision 176073]
Platform: hppa2.0w-hp-hpux11.11
configure flags:Test Run By dave on Fri Jul 15 21:23:39 EDT 2011
More information about the Gcc-testresults
mailing list