Results for 4.6.2 20110712 (prerelease) [gcc-4_6-branch revision 176217] (GCC) gcc testsuite on m32c-unknown-elf

Mike Stein mstein.lists@googlemail.com
Wed Jul 13 22:06:00 GMT 2011


Debian 5 on x86_64
cross tool versions:
GNU assembler (GNU Binutils) 2.18.50.20080419
GNU gdb 6.8.50.20080419-cvs
GNU ld (GNU Binutils) 2.18.50.20080419

GNU Make 3.81
expect version 5.43.0
host gcc version: gcc (GCC) 4.7.0 20110712 (experimental) [trunk revision 176217]
LAST_UPDATED: Tue Jul 12 22:20:18 UTC 2011 (revision 176217)

Target is m32c-unknown-elf
Host   is x86_64-unknown-linux-gnu

		=== gcc tests ===


Running target m32c-sim
FAIL: gcc.c-torture/compile/pr35318.c  -O0  (test for excess errors)
FAIL: gcc.c-torture/compile/pr35318.c  -O1  (test for excess errors)
FAIL: gcc.c-torture/compile/pr35318.c  -O2  (test for excess errors)
FAIL: gcc.c-torture/compile/pr35318.c  -O3 -fomit-frame-pointer  (test for excess errors)
FAIL: gcc.c-torture/compile/pr35318.c  -O3 -g  (test for excess errors)
FAIL: gcc.c-torture/compile/pr35318.c  -Os  (test for excess errors)
FAIL: gcc.c-torture/compile/pr35318.c  -O2 -flto -flto-partition=none  (test for excess errors)
FAIL: gcc.c-torture/compile/pr35318.c  -O2 -flto  (test for excess errors)
FAIL: gcc.c-torture/compile/pr41181.c  -O0  (test for excess errors)
FAIL: gcc.c-torture/compile/pr41181.c  -O1  (test for excess errors)
FAIL: gcc.c-torture/compile/pr41181.c  -O2  (test for excess errors)
FAIL: gcc.c-torture/compile/pr41181.c  -O3 -fomit-frame-pointer  (test for excess errors)
FAIL: gcc.c-torture/compile/pr41181.c  -O3 -g  (test for excess errors)
FAIL: gcc.c-torture/compile/pr41181.c  -Os  (test for excess errors)
FAIL: gcc.c-torture/compile/pr41181.c  -O2 -flto -flto-partition=none  (test for excess errors)
FAIL: gcc.c-torture/compile/pr41181.c  -O2 -flto  (test for excess errors)
FAIL: gcc.c-torture/compile/pr43191.c  -O0  (test for excess errors)
FAIL: gcc.c-torture/compile/pr43191.c  -O1  (test for excess errors)
FAIL: gcc.c-torture/compile/pr43191.c  -O2  (test for excess errors)
FAIL: gcc.c-torture/compile/pr43191.c  -O3 -fomit-frame-pointer  (test for excess errors)
FAIL: gcc.c-torture/compile/pr43191.c  -O3 -g  (test for excess errors)
FAIL: gcc.c-torture/compile/pr43191.c  -Os  (test for excess errors)
FAIL: gcc.c-torture/compile/pr43191.c  -O2 -flto -flto-partition=none  (test for excess errors)
FAIL: gcc.c-torture/compile/pr43191.c  -O2 -flto  (test for excess errors)
FAIL: gcc.c-torture/compile/pr49029.c  -O0  (test for excess errors)
FAIL: gcc.c-torture/compile/pr49029.c  -O1  (test for excess errors)
FAIL: gcc.c-torture/compile/pr49029.c  -O2  (test for excess errors)
FAIL: gcc.c-torture/compile/pr49029.c  -O3 -fomit-frame-pointer  (test for excess errors)
FAIL: gcc.c-torture/compile/pr49029.c  -O3 -g  (test for excess errors)
FAIL: gcc.c-torture/compile/pr49029.c  -Os  (test for excess errors)
FAIL: gcc.c-torture/compile/pr49029.c  -O2 -flto -flto-partition=none  (test for excess errors)
FAIL: gcc.c-torture/compile/pr49029.c  -O2 -flto  (test for excess errors)
FAIL: gcc.c-torture/execute/20101011-1.c execution,  -O0 
FAIL: gcc.c-torture/execute/20101011-1.c execution,  -O1 
FAIL: gcc.c-torture/execute/20101011-1.c execution,  -O2 
FAIL: gcc.c-torture/execute/20101011-1.c execution,  -O3 -fomit-frame-pointer 
FAIL: gcc.c-torture/execute/20101011-1.c execution,  -O3 -g 
FAIL: gcc.c-torture/execute/20101011-1.c execution,  -Os 
FAIL: gcc.c-torture/execute/20101011-1.c execution,  -O2 -flto -flto-partition=none 
FAIL: gcc.c-torture/execute/20101011-1.c execution,  -O2 -flto 
FAIL: gcc.c-torture/execute/arith-rand-ll.c compilation,  -O3 -fomit-frame-pointer  (internal compiler error)
UNRESOLVED: gcc.c-torture/execute/arith-rand-ll.c execution,  -O3 -fomit-frame-pointer 
FAIL: gcc.c-torture/execute/arith-rand-ll.c compilation,  -O3 -fomit-frame-pointer -funroll-loops  (internal compiler error)
UNRESOLVED: gcc.c-torture/execute/arith-rand-ll.c execution,  -O3 -fomit-frame-pointer -funroll-loops 
FAIL: gcc.c-torture/execute/arith-rand-ll.c compilation,  -O3 -fomit-frame-pointer -funroll-all-loops -finline-functions  (internal compiler error)
UNRESOLVED: gcc.c-torture/execute/arith-rand-ll.c execution,  -O3 -fomit-frame-pointer -funroll-all-loops -finline-functions 
FAIL: gcc.c-torture/execute/cmpsi-2.c execution,  -O0 
FAIL: gcc.c-torture/execute/cmpsi-2.c execution,  -O1 
FAIL: gcc.c-torture/execute/cmpsi-2.c execution,  -O2 
FAIL: gcc.c-torture/execute/cmpsi-2.c execution,  -O3 -fomit-frame-pointer 
FAIL: gcc.c-torture/execute/cmpsi-2.c execution,  -O3 -fomit-frame-pointer -funroll-loops 
FAIL: gcc.c-torture/execute/cmpsi-2.c execution,  -O3 -fomit-frame-pointer -funroll-all-loops -finline-functions 
FAIL: gcc.c-torture/execute/cmpsi-2.c execution,  -O3 -g 
FAIL: gcc.c-torture/execute/cmpsi-2.c execution,  -Os 
FAIL: gcc.c-torture/execute/cmpsi-2.c execution,  -O2 -flto -flto-partition=none 
FAIL: gcc.c-torture/execute/cmpsi-2.c execution,  -O2 -flto 
WARNING: program timed out.
FAIL: gcc.c-torture/execute/pr43220.c execution,  -O0 
FAIL: gcc.c-torture/execute/pr45262.c execution,  -O0 
FAIL: gcc.c-torture/execute/pr45262.c execution,  -O1 
FAIL: gcc.c-torture/execute/pr45262.c execution,  -O2 
FAIL: gcc.c-torture/execute/pr45262.c execution,  -O3 -fomit-frame-pointer 
FAIL: gcc.c-torture/execute/pr45262.c execution,  -O3 -g 
FAIL: gcc.c-torture/execute/pr45262.c execution,  -Os 
FAIL: gcc.c-torture/execute/pr45262.c execution,  -O2 -flto -flto-partition=none 
FAIL: gcc.c-torture/execute/pr45262.c execution,  -O2 -flto 
FAIL: gcc.c-torture/execute/vector-subscript-1.c execution,  -O0 
FAIL: gcc.c-torture/execute/vector-subscript-1.c execution,  -O1 
FAIL: gcc.c-torture/execute/vector-subscript-1.c execution,  -O2 
FAIL: gcc.c-torture/execute/vector-subscript-1.c execution,  -O3 -fomit-frame-pointer 
FAIL: gcc.c-torture/execute/vector-subscript-1.c execution,  -O3 -fomit-frame-pointer -funroll-loops 
FAIL: gcc.c-torture/execute/vector-subscript-1.c execution,  -O3 -fomit-frame-pointer -funroll-all-loops -finline-functions 
FAIL: gcc.c-torture/execute/vector-subscript-1.c execution,  -O3 -g 
FAIL: gcc.c-torture/execute/vector-subscript-1.c execution,  -Os 
FAIL: gcc.c-torture/execute/vector-subscript-1.c execution,  -O2 -flto -flto-partition=none 
FAIL: gcc.c-torture/execute/vector-subscript-1.c execution,  -O2 -flto 
FAIL: gcc.dg/cpp/warn-multichar-2.c  (test for warnings, line )
FAIL: gcc.dg/cpp/warn-multichar-2.c  (test for errors, line 4)
FAIL: gcc.dg/cpp/warn-multichar-2.c (test for excess errors)
FAIL: gcc.dg/cpp/warn-multichar.c  (test for warnings, line 4)
FAIL: gcc.dg/cpp/warn-multichar.c (test for excess errors)
FAIL: gcc.dg/Wtrampolines.c  (test for warnings, line 31)
FAIL: gcc.dg/c99-stdint-1.c ptrdiff is 16bits (test for bogus messages, line 218)
FAIL: gcc.dg/c99-stdint-1.c (test for excess errors)
FAIL: gcc.dg/c99-stdint-2.c (test for excess errors)
FAIL: gcc.dg/c99-stdint-7.c (test for excess errors)
FAIL: gcc.dg/cdce1.c (test for excess errors)
FAIL: gcc.dg/cleanup-12.c execution test
FAIL: gcc.dg/cleanup-13.c execution test
FAIL: gcc.dg/cleanup-5.c execution test
FAIL: gcc.dg/initpri1.c execution test
FAIL: gcc.dg/initpri3.c execution test
FAIL: gcc.dg/large-size-array-2.c (internal compiler error)
FAIL: gcc.dg/large-size-array-2.c  (test for errors, line 6)
FAIL: gcc.dg/large-size-array-2.c (test for excess errors)
FAIL: gcc.dg/large-size-array-4.c (internal compiler error)
FAIL: gcc.dg/large-size-array-4.c  (test for errors, line 6)
FAIL: gcc.dg/large-size-array-4.c (test for excess errors)
FAIL: gcc.dg/pr31490.c (test for excess errors)
FAIL: gcc.dg/pr34225.c (test for excess errors)
FAIL: gcc.dg/pr40971.c (test for excess errors)
FAIL: gcc.dg/pr42629.c (test for excess errors)
FAIL: gcc.dg/pr43402.c (test for excess errors)
FAIL: gcc.dg/pr43419.c execution test
FAIL: gcc.dg/pr44023.c (test for excess errors)
FAIL: gcc.dg/pr44674.c (test for excess errors)
FAIL: gcc.dg/pr45055.c (test for excess errors)
FAIL: gcc.dg/pr45353.c (test for excess errors)
FAIL: gcc.dg/pr46212.c (test for excess errors)
FAIL: gcc.dg/pr46614.c (test for excess errors)
FAIL: gcc.dg/pr46647.c scan-tree-dump-not optimized "memset"
FAIL: gcc.dg/pr47276.c (test for excess errors)
FAIL: gcc.dg/pragma-align.c execution test
FAIL: gcc.dg/sibcall-3.c execution test
FAIL: gcc.dg/sibcall-4.c execution test
FAIL: gcc.dg/stack-usage-1.c (test for excess errors)
FAIL: gcc.dg/stack-usage-1.c scan-file foo\\t(256|264)\\tstatic
FAIL: gcc.dg/uninit-pred-7_a.c bogus warning (test for bogus messages, line 26)
FAIL: gcc.dg/uninit-pred-8_a.c bogus warning (test for bogus messages, line 26)
FAIL: gcc.dg/utf-array-short-wchar.c  (test for warnings, line 35)
FAIL: gcc.dg/utf-array-short-wchar.c  (test for warnings, line 36)
FAIL: gcc.dg/utf-array-short-wchar.c  (test for warnings, line 37)
FAIL: gcc.dg/utf-array.c  (test for warnings, line 35)
FAIL: gcc.dg/utf-array.c  (test for warnings, line 36)
FAIL: gcc.dg/utf-array.c  (test for warnings, line 37)
FAIL: gcc.dg/utf-cvt.c (test for excess errors)
FAIL: c-c++-common/pr41779.c  -Wc++-compat   (test for warnings, line 30)
FAIL: c-c++-common/pr41779.c  -Wc++-compat   (test for warnings, line 55)
FAIL: c-c++-common/pr44832.c  -Wc++-compat  (test for excess errors)
FAIL: gcc.dg/ipa/pr45644.c (test for excess errors)
UNRESOLVED: gcc.dg/ipa/pr45644.c compilation failed to produce executable
FAIL: gcc.dg/lto/20081222 c_lto_20081222_1.o assemble, -O0 -flto -flto-partition=none 
UNRESOLVED: gcc.dg/lto/20081222 c_lto_20081222_0.o-c_lto_20081222_1.o link -O0 -flto -flto-partition=none 
UNRESOLVED: gcc.dg/lto/20081222 c_lto_20081222_0.o-c_lto_20081222_1.o execute -O0 -flto -flto-partition=none 
FAIL: gcc.dg/lto/20081222 c_lto_20081222_1.o assemble, -O2 -flto -flto-partition=none 
UNRESOLVED: gcc.dg/lto/20081222 c_lto_20081222_0.o-c_lto_20081222_1.o link -O2 -flto -flto-partition=none 
UNRESOLVED: gcc.dg/lto/20081222 c_lto_20081222_0.o-c_lto_20081222_1.o execute -O2 -flto -flto-partition=none 
FAIL: gcc.dg/lto/20081222 c_lto_20081222_1.o assemble, -O0 -flto -flto-partition=1to1 
UNRESOLVED: gcc.dg/lto/20081222 c_lto_20081222_0.o-c_lto_20081222_1.o link -O0 -flto -flto-partition=1to1 
UNRESOLVED: gcc.dg/lto/20081222 c_lto_20081222_0.o-c_lto_20081222_1.o execute -O0 -flto -flto-partition=1to1 
FAIL: gcc.dg/lto/20081222 c_lto_20081222_1.o assemble, -O2 -flto -flto-partition=1to1 
UNRESOLVED: gcc.dg/lto/20081222 c_lto_20081222_0.o-c_lto_20081222_1.o link -O2 -flto -flto-partition=1to1 
UNRESOLVED: gcc.dg/lto/20081222 c_lto_20081222_0.o-c_lto_20081222_1.o execute -O2 -flto -flto-partition=1to1 
FAIL: gcc.dg/lto/20081222 c_lto_20081222_1.o assemble, -O0 -flto
UNRESOLVED: gcc.dg/lto/20081222 c_lto_20081222_0.o-c_lto_20081222_1.o link -O0 -flto
UNRESOLVED: gcc.dg/lto/20081222 c_lto_20081222_0.o-c_lto_20081222_1.o execute -O0 -flto
FAIL: gcc.dg/lto/20081222 c_lto_20081222_1.o assemble, -O2 -flto
UNRESOLVED: gcc.dg/lto/20081222 c_lto_20081222_0.o-c_lto_20081222_1.o link -O2 -flto
UNRESOLVED: gcc.dg/lto/20081222 c_lto_20081222_0.o-c_lto_20081222_1.o execute -O2 -flto
FAIL: gcc.dg/lto/20090218-2 c_lto_20090218-2_1.o assemble, -O0 -flto -flto-partition=none 
FAIL: gcc.dg/lto/20090218-2 c_lto_20090218-2_1.o assemble, -O2 -flto -flto-partition=none 
FAIL: gcc.dg/lto/20090218-2 c_lto_20090218-2_1.o assemble, -O0 -flto -flto-partition=1to1 
FAIL: gcc.dg/lto/20090218-2 c_lto_20090218-2_1.o assemble, -O2 -flto -flto-partition=1to1 
FAIL: gcc.dg/lto/20090218-2 c_lto_20090218-2_1.o assemble, -O0 -flto
FAIL: gcc.dg/lto/20090218-2 c_lto_20090218-2_1.o assemble, -O2 -flto
FAIL: gcc.dg/lto/20091013-1 c_lto_20091013-1_1.o assemble, -fPIC -r -nostdlib -flto
FAIL: gcc.dg/lto/20091013-1 c_lto_20091013-1_2.o assemble, -fPIC -r -nostdlib -flto
FAIL: gcc.dg/lto/20091013-1 c_lto_20091013-1_1.o assemble, -fPIC -r -nostdlib -O2 -flto
FAIL: gcc.dg/lto/20091013-1 c_lto_20091013-1_2.o assemble, -fPIC -r -nostdlib -O2 -flto
FAIL: gcc.dg/lto/pr47924 c_lto_pr47924_0.o-c_lto_pr47924_0.o link, -O2 -flto
UNRESOLVED: gcc.dg/lto/pr47924 c_lto_pr47924_0.o-c_lto_pr47924_0.o execute -O2 -flto
FAIL: gcc.dg/special/gcsec-1.c (test for excess errors)
FAIL: gcc.dg/torture/pr43165.c  -O0  (test for excess errors)
FAIL: gcc.dg/torture/pr43165.c  -O1  (test for excess errors)
FAIL: gcc.dg/torture/pr43165.c  -O2  (test for excess errors)
FAIL: gcc.dg/torture/pr43165.c  -O3 -fomit-frame-pointer  (test for excess errors)
FAIL: gcc.dg/torture/pr43165.c  -O3 -fomit-frame-pointer -funroll-loops  (test for excess errors)
FAIL: gcc.dg/torture/pr43165.c  -O3 -fomit-frame-pointer -funroll-all-loops -finline-functions  (test for excess errors)
FAIL: gcc.dg/torture/pr43165.c  -O3 -g  (test for excess errors)
FAIL: gcc.dg/torture/pr43165.c  -Os  (test for excess errors)
FAIL: gcc.dg/torture/pr43165.c  -O2 -flto -flto-partition=none  (test for excess errors)
FAIL: gcc.dg/torture/pr43165.c  -O2 -flto  (test for excess errors)
FAIL: gcc.dg/torture/pr47228.c  -O0  (test for excess errors)
UNRESOLVED: gcc.dg/torture/pr47228.c  -O0  compilation failed to produce executable
FAIL: gcc.dg/torture/pr47228.c  -O1  (test for excess errors)
UNRESOLVED: gcc.dg/torture/pr47228.c  -O1  compilation failed to produce executable
FAIL: gcc.dg/torture/pr47228.c  -O2  (test for excess errors)
UNRESOLVED: gcc.dg/torture/pr47228.c  -O2  compilation failed to produce executable
FAIL: gcc.dg/torture/pr47228.c  -O3 -fomit-frame-pointer  (test for excess errors)
UNRESOLVED: gcc.dg/torture/pr47228.c  -O3 -fomit-frame-pointer  compilation failed to produce executable
FAIL: gcc.dg/torture/pr47228.c  -O3 -fomit-frame-pointer -funroll-loops  (test for excess errors)
UNRESOLVED: gcc.dg/torture/pr47228.c  -O3 -fomit-frame-pointer -funroll-loops  compilation failed to produce executable
FAIL: gcc.dg/torture/pr47228.c  -O3 -fomit-frame-pointer -funroll-all-loops -finline-functions  (test for excess errors)
UNRESOLVED: gcc.dg/torture/pr47228.c  -O3 -fomit-frame-pointer -funroll-all-loops -finline-functions  compilation failed to produce executable
FAIL: gcc.dg/torture/pr47228.c  -O3 -g  (test for excess errors)
UNRESOLVED: gcc.dg/torture/pr47228.c  -O3 -g  compilation failed to produce executable
FAIL: gcc.dg/torture/pr47228.c  -Os  (test for excess errors)
UNRESOLVED: gcc.dg/torture/pr47228.c  -Os  compilation failed to produce executable
FAIL: gcc.dg/torture/pr47228.c  -O2 -flto -flto-partition=none  (test for excess errors)
UNRESOLVED: gcc.dg/torture/pr47228.c  -O2 -flto -flto-partition=none  compilation failed to produce executable
FAIL: gcc.dg/torture/pr47228.c  -O2 -flto  (test for excess errors)
UNRESOLVED: gcc.dg/torture/pr47228.c  -O2 -flto  compilation failed to produce executable
FAIL: gcc.dg/torture/pr48044.c  -O0  (test for excess errors)
FAIL: gcc.dg/torture/pr48044.c  -O1  (test for excess errors)
FAIL: gcc.dg/torture/pr48044.c  -O2  (test for excess errors)
FAIL: gcc.dg/torture/pr48044.c  -O3 -fomit-frame-pointer  (test for excess errors)
FAIL: gcc.dg/torture/pr48044.c  -O3 -g  (test for excess errors)
FAIL: gcc.dg/torture/pr48044.c  -Os  (test for excess errors)
FAIL: gcc.dg/torture/pr48044.c  -O2 -flto -flto-partition=none  (test for excess errors)
FAIL: gcc.dg/torture/pr48044.c  -O2 -flto  (test for excess errors)
XPASS: gcc.dg/tree-ssa/20040204-1.c scan-tree-dump-times optimized "link_error" 0
FAIL: gcc.dg/tree-ssa/gen-vect-11.c scan-tree-dump-times vect "vectorized 1 loops" 1
FAIL: gcc.dg/tree-ssa/gen-vect-25.c scan-tree-dump-times vect "vectorized 2 loops" 1
FAIL: gcc.dg/tree-ssa/loop-35.c scan-tree-dump-times lim1 "Executing store motion of" 8
FAIL: gcc.dg/tree-ssa/pr23455.c scan-tree-dump-times pre "Eliminated: 3" 1
FAIL: gcc.dg/tree-ssa/pr42585.c scan-tree-dump-times optimized "struct _fat_ptr _ans" 0
FAIL: gcc.dg/tree-ssa/pr42585.c scan-tree-dump-times optimized "struct _fat_ptr _T2" 0
FAIL: gcc.dg/tree-ssa/pr45144.c (test for excess errors)
UNRESOLVED: gcc.dg/tree-ssa/pr45144.c scan-tree-dump optimized " = VIEW_CONVERT_EXPR<unsigned int>\\(a\\);"
FAIL: gcc.dg/tree-ssa/ssa-ccp-23.c scan-tree-dump ccp1 "MEM\\[\\(int \\*\\)&a \\+ 4B\\]"
FAIL: gcc.dg/tree-ssa/ssa-fre-26.c scan-tree-dump fre "Replaced u.i with 0 in"
FAIL: gcc.dg/tree-ssa/vrp47.c scan-tree-dump-times vrp1 "[xy][^ ]* !=" 0
FAIL: gcc.dg/tree-ssa/vrp47.c scan-tree-dump-times dom1 "x[^ ]* & y" 1
FAIL: gcc.dg/tree-ssa/vrp47.c scan-tree-dump-times vrp1 "x[^ ]* [|] y" 1
FAIL: gcc.dg/tree-ssa/vrp51.c scan-assembler-not vrp\\\\.bug\\\\.

		=== gcc Summary ===

# of expected passes		66793
# of unexpected failures	185
# of unexpected successes	1
# of expected failures		124
# of unresolved testcases	28
# of unsupported tests		1285
/home/mstein/sim/gcc-4_6-branch/m32c-elf/build/gcc/xgcc  version 4.6.2 20110712 (prerelease) [gcc-4_6-branch revision 176217] (GCC) 


Compiler version: 4.6.2 20110712 (prerelease) [gcc-4_6-branch revision 176217] (GCC) gcc 
Platform: m32c-unknown-elf
configure flags: --target=m32c-elf --prefix=/home/mstein/cross-local/m32c-elf --enable-languages=c --disable-nls --disable-build-warnings --with-sysroot=/home/mstein/cross-local/m32c-elf --with-build-sysroot=/home/mstein/cross-local/m32c-elf --with-ld=/home/mstein/cross-local/m32c-elf/usr/bin/ld --with-as=/home/mstein/cross-local/m32c-elf/usr/bin/as --disable-libssp --with-mpfr=/opt/cfarm/mpfr-2.4.1 --with-gmp=/opt/cfarm/gmp-4.2.4 --with-libelf=/opt/cfarm/libelf-0.8.12 --with-mpc=/opt/cfarm/mpc-0.8



More information about the Gcc-testresults mailing list