Results for 4.7.0 20110709 (experimental) [trunk revision 176106] (Debian 20110709-1) testsuite on arm-unknown-linux-gnueabi

Matthias Klose doko@debian.org
Wed Jul 13 18:05:00 GMT 2011


LAST_UPDATED: Sat Jul  9 21:26:04 UTC 2011 (revision 176106)

Native configuration is arm-unknown-linux-gnueabi

		=== boehm-gc tests ===


Running target unix
FAIL: boehm-gc.c/thread_leak_test.c -O2 (test for excess errors)

		=== boehm-gc Summary ===

# of expected passes		11
# of unexpected failures	1
# of unsupported tests		1
		=== libffi tests ===


Running target unix
XPASS: libffi.call/cls_longdouble.c -O0 -W -Wall execution test
XPASS: libffi.call/cls_longdouble.c -O2 execution test
XPASS: libffi.call/cls_longdouble.c -O3 execution test
XPASS: libffi.call/cls_longdouble.c -Os execution test
XPASS: libffi.call/cls_longdouble.c -O2 -fomit-frame-pointer execution test

		=== libffi Summary ===

# of expected passes		1629
# of unexpected successes	5
# of expected failures		10
# of unsupported tests		15
		=== libgomp tests ===


Running target unix
FAIL: libgomp.c++/ctor-3.C  -O0  execution test
FAIL: libgomp.c++/ctor-3.C  -O1  execution test
FAIL: libgomp.c++/ctor-3.C  -O2  execution test
FAIL: libgomp.c++/ctor-3.C  -O3 -fomit-frame-pointer  execution test
FAIL: libgomp.c++/ctor-3.C  -O3 -fomit-frame-pointer -funroll-loops  execution test
FAIL: libgomp.c++/ctor-3.C  -O3 -fomit-frame-pointer -funroll-all-loops -finline-functions  execution test
FAIL: libgomp.c++/ctor-3.C  -O3 -g  execution test
FAIL: libgomp.c++/ctor-3.C  -Os  execution test
WARNING: program timed out.
FAIL: libgomp.fortran/strassen.f90  -O  execution test
FAIL: libgomp.graphite/force-parallel-1.c scan-tree-dump-times graphite "1 loops carried no dependency" 2
FAIL: libgomp.graphite/force-parallel-1.c scan-tree-dump-times optimized "loopfn" 5

		=== libgomp Summary ===

# of expected passes		2625
# of unexpected failures	11
# of unsupported tests		1
		=== libjava tests ===


Running target unix
FAIL: Throw_2 execution - source compiled test
FAIL: Throw_2 -findirect-dispatch execution - source compiled test
FAIL: Throw_2 -O3 execution - source compiled test
FAIL: Throw_2 -O3 -findirect-dispatch execution - source compiled test

		=== libjava Summary ===

# of expected passes		2566
# of unexpected failures	4
# of untested testcases		4
		=== libmudflap tests ===


Running target unix
FAIL: libmudflap.c++/pass55-frag.cxx ( -O) execution test

		=== libmudflap Summary ===

# of expected passes		1893
# of unexpected failures	1
Target: arm-linux-gnueabi
gcc version 4.7.0 20110709 (experimental) [trunk revision 176106] (Debian 20110709-1) 

		=== acats tests ===
FAIL:	c52102b
FAIL:	c52102d
FAIL:	c58005h

		=== acats Summary ===
# of expected passes		2318
# of unexpected failures	3

		=== g++ tests ===


Running target unix
FAIL: g++.dg/abi/local1.C execution test
FAIL: 23:is 1:should be 2
FAIL: g++.dg/gcov/gcov-2.C gcov: 1 failures in line counts, 0 in branch percentages, 0 in return percentages
FAIL: g++.dg/gomp/clause-2.C  (test for errors, line 32)
UNRESOLVED: attribute_plugin.c compilation, -I. -I/build/buildd-gcc-snapshot_20110709-1-armel-TLi8Ts/gcc-snapshot-20110709/src/gcc/testsuite -I/build/buildd-gcc-snapshot_20110709-1-armel-TLi8Ts/gcc-snapshot-20110709/src/gcc/testsuite/../../gcc -I/build/buildd-gcc-snapshot_20110709-1-armel-TLi8Ts/gcc-snapshot-20110709/build/gcc/testsuite/g++/../../../gcc  -I/build/buildd-gcc-snapshot_20110709-1-armel-TLi8Ts/gcc-snapshot-20110709/src/gcc/testsuite/../../include -I/build/buildd-gcc-snapshot_20110709-1-armel-TLi8Ts/gcc-snapshot-20110709/src/gcc/testsuite/../../libcpp/include   -I/build/buildd-gcc-snapshot_20110709-1-armel-TLi8Ts/gcc-snapshot-20110709/build/gcc/testsuite/g++/../../../intl  -DIN_GCC -fPIC -shared
UNRESOLVED: pragma_plugin.c compilation, -I. -I/build/buildd-gcc-snapshot_20110709-1-armel-TLi8Ts/gcc-snapshot-20110709/src/gcc/testsuite -I/build/buildd-gcc-snapshot_20110709-1-armel-TLi8Ts/gcc-snapshot-20110709/src/gcc/testsuite/../../gcc -I/build/buildd-gcc-snapshot_20110709-1-armel-TLi8Ts/gcc-snapshot-20110709/build/gcc/testsuite/g++/../../../gcc  -I/build/buildd-gcc-snapshot_20110709-1-armel-TLi8Ts/gcc-snapshot-20110709/src/gcc/testsuite/../../include -I/build/buildd-gcc-snapshot_20110709-1-armel-TLi8Ts/gcc-snapshot-20110709/src/gcc/testsuite/../../libcpp/include   -I/build/buildd-gcc-snapshot_20110709-1-armel-TLi8Ts/gcc-snapshot-20110709/build/gcc/testsuite/g++/../../../intl  -DIN_GCC -fPIC -shared
UNRESOLVED: selfassign.c compilation, -I. -I/build/buildd-gcc-snapshot_20110709-1-armel-TLi8Ts/gcc-snapshot-20110709/src/gcc/testsuite -I/build/buildd-gcc-snapshot_20110709-1-armel-TLi8Ts/gcc-snapshot-20110709/src/gcc/testsuite/../../gcc -I/build/buildd-gcc-snapshot_20110709-1-armel-TLi8Ts/gcc-snapshot-20110709/build/gcc/testsuite/g++/../../../gcc  -I/build/buildd-gcc-snapshot_20110709-1-armel-TLi8Ts/gcc-snapshot-20110709/src/gcc/testsuite/../../include -I/build/buildd-gcc-snapshot_20110709-1-armel-TLi8Ts/gcc-snapshot-20110709/src/gcc/testsuite/../../libcpp/include   -I/build/buildd-gcc-snapshot_20110709-1-armel-TLi8Ts/gcc-snapshot-20110709/build/gcc/testsuite/g++/../../../intl -O -DIN_GCC -fPIC -shared
UNRESOLVED: dumb_plugin.c compilation, -I. -I/build/buildd-gcc-snapshot_20110709-1-armel-TLi8Ts/gcc-snapshot-20110709/src/gcc/testsuite -I/build/buildd-gcc-snapshot_20110709-1-armel-TLi8Ts/gcc-snapshot-20110709/src/gcc/testsuite/../../gcc -I/build/buildd-gcc-snapshot_20110709-1-armel-TLi8Ts/gcc-snapshot-20110709/build/gcc/testsuite/g++/../../../gcc  -I/build/buildd-gcc-snapshot_20110709-1-armel-TLi8Ts/gcc-snapshot-20110709/src/gcc/testsuite/../../include -I/build/buildd-gcc-snapshot_20110709-1-armel-TLi8Ts/gcc-snapshot-20110709/src/gcc/testsuite/../../libcpp/include   -I/build/buildd-gcc-snapshot_20110709-1-armel-TLi8Ts/gcc-snapshot-20110709/build/gcc/testsuite/g++/../../../intl  -DIN_GCC -fPIC -shared
UNRESOLVED: header_plugin.c compilation, -I. -I/build/buildd-gcc-snapshot_20110709-1-armel-TLi8Ts/gcc-snapshot-20110709/src/gcc/testsuite -I/build/buildd-gcc-snapshot_20110709-1-armel-TLi8Ts/gcc-snapshot-20110709/src/gcc/testsuite/../../gcc -I/build/buildd-gcc-snapshot_20110709-1-armel-TLi8Ts/gcc-snapshot-20110709/build/gcc/testsuite/g++/../../../gcc  -I/build/buildd-gcc-snapshot_20110709-1-armel-TLi8Ts/gcc-snapshot-20110709/src/gcc/testsuite/../../include -I/build/buildd-gcc-snapshot_20110709-1-armel-TLi8Ts/gcc-snapshot-20110709/src/gcc/testsuite/../../libcpp/include   -I/build/buildd-gcc-snapshot_20110709-1-armel-TLi8Ts/gcc-snapshot-20110709/build/gcc/testsuite/g++/../../../intl  -DIN_GCC -fPIC -shared
WARNING: program timed out.
WARNING: program timed out.
FAIL: g++.dg/vect/pr36648.cc scan-tree-dump-times vect "vectorized 1 loops" 1
FAIL: g++.dg/vect/pr36648.cc scan-tree-dump-times vect "vectorizing stmts using SLP" 1

		=== g++ Summary ===

# of expected passes		26957
# of unexpected failures	6
# of expected failures		156
# of unresolved testcases	5
# of unsupported tests		386
/build/buildd-gcc-snapshot_20110709-1-armel-TLi8Ts/gcc-snapshot-20110709/build/gcc/testsuite/g++/../../g++  version 4.7.0 20110709 (experimental) [trunk revision 176106] (Debian 20110709-1) 

		=== gcc tests ===


Running target unix
FAIL: gcc.c-torture/execute/builtins/strstr-asm.c compilation,  -O2 -flto -flto-partition=none 
UNRESOLVED: gcc.c-torture/execute/builtins/strstr-asm.c execution,  -O2 -flto -flto-partition=none 
FAIL: gcc.c-torture/execute/builtins/strstr-asm.c compilation,  -O2 -flto 
UNRESOLVED: gcc.c-torture/execute/builtins/strstr-asm.c execution,  -O2 -flto 
FAIL: gcc.c-torture/execute/920302-1.c compilation,  -O1  (internal compiler error)
UNRESOLVED: gcc.c-torture/execute/920302-1.c execution,  -O1 
FAIL: gcc.c-torture/execute/920302-1.c compilation,  -O2  (internal compiler error)
UNRESOLVED: gcc.c-torture/execute/920302-1.c execution,  -O2 
FAIL: gcc.c-torture/execute/920302-1.c compilation,  -O3 -fomit-frame-pointer  (internal compiler error)
UNRESOLVED: gcc.c-torture/execute/920302-1.c execution,  -O3 -fomit-frame-pointer 
FAIL: gcc.c-torture/execute/920302-1.c compilation,  -O3 -fomit-frame-pointer -funroll-loops  (internal compiler error)
UNRESOLVED: gcc.c-torture/execute/920302-1.c execution,  -O3 -fomit-frame-pointer -funroll-loops 
FAIL: gcc.c-torture/execute/920302-1.c compilation,  -O3 -fomit-frame-pointer -funroll-all-loops -finline-functions  (internal compiler error)
UNRESOLVED: gcc.c-torture/execute/920302-1.c execution,  -O3 -fomit-frame-pointer -funroll-all-loops -finline-functions 
FAIL: gcc.c-torture/execute/920302-1.c compilation,  -O3 -g  (internal compiler error)
UNRESOLVED: gcc.c-torture/execute/920302-1.c execution,  -O3 -g 
FAIL: gcc.c-torture/execute/920302-1.c compilation,  -Os  (internal compiler error)
UNRESOLVED: gcc.c-torture/execute/920302-1.c execution,  -Os 
FAIL: gcc.c-torture/execute/920302-1.c compilation,  -O2 -flto -flto-partition=none  (internal compiler error)
UNRESOLVED: gcc.c-torture/execute/920302-1.c execution,  -O2 -flto -flto-partition=none 
FAIL: gcc.c-torture/execute/920302-1.c compilation,  -O2 -flto  (internal compiler error)
UNRESOLVED: gcc.c-torture/execute/920302-1.c execution,  -O2 -flto 
FAIL: gcc.c-torture/execute/920501-7.c execution,  -Os 
FAIL: gcc.c-torture/execute/comp-goto-2.c execution,  -Os 
FAIL: gcc.dg/c99-stdint-1.c (test for excess errors)
FAIL: gcc.dg/c99-stdint-7.c (test for excess errors)
FAIL: gcc.dg/uninit-13.c unconditional (test for warnings, line 8)
FAIL: gcc.dg/uninit-13.c (test for excess errors)
FAIL: gcc.dg/lto/20110201-1 c_lto_20110201-1_0.o-c_lto_20110201-1_0.o link,  -O0 -flto 
UNRESOLVED: gcc.dg/lto/20110201-1 c_lto_20110201-1_0.o-c_lto_20110201-1_0.o execute  -O0 -flto 
UNRESOLVED: selfassign.c compilation, -I. -I/build/buildd-gcc-snapshot_20110709-1-armel-TLi8Ts/gcc-snapshot-20110709/src/gcc/testsuite -I/build/buildd-gcc-snapshot_20110709-1-armel-TLi8Ts/gcc-snapshot-20110709/src/gcc/testsuite/../../gcc -I/build/buildd-gcc-snapshot_20110709-1-armel-TLi8Ts/gcc-snapshot-20110709/build/gcc/testsuite/gcc/../../../gcc  -I/build/buildd-gcc-snapshot_20110709-1-armel-TLi8Ts/gcc-snapshot-20110709/src/gcc/testsuite/../../include -I/build/buildd-gcc-snapshot_20110709-1-armel-TLi8Ts/gcc-snapshot-20110709/src/gcc/testsuite/../../libcpp/include   -I/build/buildd-gcc-snapshot_20110709-1-armel-TLi8Ts/gcc-snapshot-20110709/build/gcc/testsuite/gcc/../../../intl -O -DIN_GCC -fPIC -shared
UNRESOLVED: ggcplug.c compilation, -I. -I/build/buildd-gcc-snapshot_20110709-1-armel-TLi8Ts/gcc-snapshot-20110709/src/gcc/testsuite -I/build/buildd-gcc-snapshot_20110709-1-armel-TLi8Ts/gcc-snapshot-20110709/src/gcc/testsuite/../../gcc -I/build/buildd-gcc-snapshot_20110709-1-armel-TLi8Ts/gcc-snapshot-20110709/build/gcc/testsuite/gcc/../../../gcc  -I/build/buildd-gcc-snapshot_20110709-1-armel-TLi8Ts/gcc-snapshot-20110709/src/gcc/testsuite/../../include -I/build/buildd-gcc-snapshot_20110709-1-armel-TLi8Ts/gcc-snapshot-20110709/src/gcc/testsuite/../../libcpp/include   -I/build/buildd-gcc-snapshot_20110709-1-armel-TLi8Ts/gcc-snapshot-20110709/build/gcc/testsuite/gcc/../../../intl -O -DIN_GCC -fPIC -shared
UNRESOLVED: one_time_plugin.c compilation, -I. -I/build/buildd-gcc-snapshot_20110709-1-armel-TLi8Ts/gcc-snapshot-20110709/src/gcc/testsuite -I/build/buildd-gcc-snapshot_20110709-1-armel-TLi8Ts/gcc-snapshot-20110709/src/gcc/testsuite/../../gcc -I/build/buildd-gcc-snapshot_20110709-1-armel-TLi8Ts/gcc-snapshot-20110709/build/gcc/testsuite/gcc/../../../gcc  -I/build/buildd-gcc-snapshot_20110709-1-armel-TLi8Ts/gcc-snapshot-20110709/src/gcc/testsuite/../../include -I/build/buildd-gcc-snapshot_20110709-1-armel-TLi8Ts/gcc-snapshot-20110709/src/gcc/testsuite/../../libcpp/include   -I/build/buildd-gcc-snapshot_20110709-1-armel-TLi8Ts/gcc-snapshot-20110709/build/gcc/testsuite/gcc/../../../intl  -DIN_GCC -fPIC -shared
UNRESOLVED: start_unit_plugin.c compilation, -I. -I/build/buildd-gcc-snapshot_20110709-1-armel-TLi8Ts/gcc-snapshot-20110709/src/gcc/testsuite -I/build/buildd-gcc-snapshot_20110709-1-armel-TLi8Ts/gcc-snapshot-20110709/src/gcc/testsuite/../../gcc -I/build/buildd-gcc-snapshot_20110709-1-armel-TLi8Ts/gcc-snapshot-20110709/build/gcc/testsuite/gcc/../../../gcc  -I/build/buildd-gcc-snapshot_20110709-1-armel-TLi8Ts/gcc-snapshot-20110709/src/gcc/testsuite/../../include -I/build/buildd-gcc-snapshot_20110709-1-armel-TLi8Ts/gcc-snapshot-20110709/src/gcc/testsuite/../../libcpp/include   -I/build/buildd-gcc-snapshot_20110709-1-armel-TLi8Ts/gcc-snapshot-20110709/build/gcc/testsuite/gcc/../../../intl  -DIN_GCC -fPIC -shared
UNRESOLVED: finish_unit_plugin.c compilation, -I. -I/build/buildd-gcc-snapshot_20110709-1-armel-TLi8Ts/gcc-snapshot-20110709/src/gcc/testsuite -I/build/buildd-gcc-snapshot_20110709-1-armel-TLi8Ts/gcc-snapshot-20110709/src/gcc/testsuite/../../gcc -I/build/buildd-gcc-snapshot_20110709-1-armel-TLi8Ts/gcc-snapshot-20110709/build/gcc/testsuite/gcc/../../../gcc  -I/build/buildd-gcc-snapshot_20110709-1-armel-TLi8Ts/gcc-snapshot-20110709/src/gcc/testsuite/../../include -I/build/buildd-gcc-snapshot_20110709-1-armel-TLi8Ts/gcc-snapshot-20110709/src/gcc/testsuite/../../libcpp/include   -I/build/buildd-gcc-snapshot_20110709-1-armel-TLi8Ts/gcc-snapshot-20110709/build/gcc/testsuite/gcc/../../../intl  -DIN_GCC -fPIC -shared
FAIL: gcc.dg/torture/stackalign/comp-goto-1.c  -Os  execution test
FAIL: gcc.dg/torture/stackalign/non-local-goto-4.c  -Os  execution test
FAIL: gcc.dg/torture/stackalign/comp-goto-1.c  -Os  execution test
FAIL: gcc.dg/torture/stackalign/non-local-goto-4.c  -Os  execution test
FAIL: gcc.dg/torture/tls/run-gd.c  -O2 -flto -flto-partition=none  (test for excess errors)
UNRESOLVED: gcc.dg/torture/tls/run-gd.c  -O2 -flto -flto-partition=none  compilation failed to produce executable
FAIL: gcc.dg/torture/tls/run-gd.c  -O2 -flto  (test for excess errors)
UNRESOLVED: gcc.dg/torture/tls/run-gd.c  -O2 -flto  compilation failed to produce executable
FAIL: gcc.dg/torture/tls/run-ie.c  -O2 -flto -flto-partition=none  (test for excess errors)
UNRESOLVED: gcc.dg/torture/tls/run-ie.c  -O2 -flto -flto-partition=none  compilation failed to produce executable
FAIL: gcc.dg/torture/tls/run-ie.c  -O2 -flto  (test for excess errors)
UNRESOLVED: gcc.dg/torture/tls/run-ie.c  -O2 -flto  compilation failed to produce executable
FAIL: gcc.dg/torture/tls/run-ld.c  -O2 -flto -flto-partition=none  (test for excess errors)
UNRESOLVED: gcc.dg/torture/tls/run-ld.c  -O2 -flto -flto-partition=none  compilation failed to produce executable
FAIL: gcc.dg/torture/tls/run-ld.c  -O2 -flto  (test for excess errors)
UNRESOLVED: gcc.dg/torture/tls/run-ld.c  -O2 -flto  compilation failed to produce executable
FAIL: gcc.dg/torture/tls/run-le.c  -O0  -pie -fpie  (test for excess errors)
FAIL: gcc.dg/torture/tls/run-le.c  -O0  -pie -fpie  execution test
FAIL: gcc.dg/torture/tls/run-le.c  -O1  -pie -fpie  (test for excess errors)
FAIL: gcc.dg/torture/tls/run-le.c  -O1  -pie -fpie  execution test
FAIL: gcc.dg/torture/tls/run-le.c  -O2  -pie -fpie  (test for excess errors)
FAIL: gcc.dg/torture/tls/run-le.c  -O2  -pie -fpie  execution test
FAIL: gcc.dg/torture/tls/run-le.c  -O3 -fomit-frame-pointer  -pie -fpie  (test for excess errors)
FAIL: gcc.dg/torture/tls/run-le.c  -O3 -fomit-frame-pointer  -pie -fpie  execution test
FAIL: gcc.dg/torture/tls/run-le.c  -O3 -g  -pie -fpie  (test for excess errors)
FAIL: gcc.dg/torture/tls/run-le.c  -O3 -g  -pie -fpie  execution test
FAIL: gcc.dg/torture/tls/run-le.c  -Os  -pie -fpie  (test for excess errors)
FAIL: gcc.dg/torture/tls/run-le.c  -Os  -pie -fpie  execution test
FAIL: gcc.dg/torture/tls/run-le.c  -O0  -pie -fPIE  (test for excess errors)
FAIL: gcc.dg/torture/tls/run-le.c  -O0  -pie -fPIE  execution test
FAIL: gcc.dg/torture/tls/run-le.c  -O1  -pie -fPIE  (test for excess errors)
FAIL: gcc.dg/torture/tls/run-le.c  -O1  -pie -fPIE  execution test
FAIL: gcc.dg/torture/tls/run-le.c  -O2  -pie -fPIE  (test for excess errors)
FAIL: gcc.dg/torture/tls/run-le.c  -O2  -pie -fPIE  execution test
FAIL: gcc.dg/torture/tls/run-le.c  -O3 -fomit-frame-pointer  -pie -fPIE  (test for excess errors)
FAIL: gcc.dg/torture/tls/run-le.c  -O3 -fomit-frame-pointer  -pie -fPIE  execution test
FAIL: gcc.dg/torture/tls/run-le.c  -O3 -g  -pie -fPIE  (test for excess errors)
FAIL: gcc.dg/torture/tls/run-le.c  -O3 -g  -pie -fPIE  execution test
FAIL: gcc.dg/torture/tls/run-le.c  -Os  -pie -fPIE  (test for excess errors)
FAIL: gcc.dg/torture/tls/run-le.c  -Os  -pie -fPIE  execution test
FAIL: gcc.dg/torture/tls/run-le.c  -O2 -flto -flto-partition=none  (test for excess errors)
UNRESOLVED: gcc.dg/torture/tls/run-le.c  -O2 -flto -flto-partition=none  compilation failed to produce executable
FAIL: gcc.dg/torture/tls/run-le.c  -O2 -flto  (test for excess errors)
UNRESOLVED: gcc.dg/torture/tls/run-le.c  -O2 -flto  compilation failed to produce executable
FAIL: gcc.dg/torture/tls/thr-init-1.c  -O0  -pie -fpie  (test for excess errors)
FAIL: gcc.dg/torture/tls/thr-init-1.c  -O0  -pie -fpie  execution test
FAIL: gcc.dg/torture/tls/thr-init-1.c  -O1  -pie -fpie  (test for excess errors)
FAIL: gcc.dg/torture/tls/thr-init-1.c  -O1  -pie -fpie  execution test
FAIL: gcc.dg/torture/tls/thr-init-1.c  -O2  -pie -fpie  (test for excess errors)
FAIL: gcc.dg/torture/tls/thr-init-1.c  -O2  -pie -fpie  execution test
FAIL: gcc.dg/torture/tls/thr-init-1.c  -O3 -fomit-frame-pointer  -pie -fpie  (test for excess errors)
FAIL: gcc.dg/torture/tls/thr-init-1.c  -O3 -fomit-frame-pointer  -pie -fpie  execution test
FAIL: gcc.dg/torture/tls/thr-init-1.c  -O3 -g  -pie -fpie  (test for excess errors)
FAIL: gcc.dg/torture/tls/thr-init-1.c  -O3 -g  -pie -fpie  execution test
FAIL: gcc.dg/torture/tls/thr-init-1.c  -Os  -pie -fpie  (test for excess errors)
FAIL: gcc.dg/torture/tls/thr-init-1.c  -Os  -pie -fpie  execution test
FAIL: gcc.dg/torture/tls/thr-init-1.c  -O0  -pie -fPIE  (test for excess errors)
FAIL: gcc.dg/torture/tls/thr-init-1.c  -O0  -pie -fPIE  execution test
FAIL: gcc.dg/torture/tls/thr-init-1.c  -O1  -pie -fPIE  (test for excess errors)
FAIL: gcc.dg/torture/tls/thr-init-1.c  -O1  -pie -fPIE  execution test
FAIL: gcc.dg/torture/tls/thr-init-1.c  -O2  -pie -fPIE  (test for excess errors)
FAIL: gcc.dg/torture/tls/thr-init-1.c  -O2  -pie -fPIE  execution test
FAIL: gcc.dg/torture/tls/thr-init-1.c  -O3 -fomit-frame-pointer  -pie -fPIE  (test for excess errors)
FAIL: gcc.dg/torture/tls/thr-init-1.c  -O3 -fomit-frame-pointer  -pie -fPIE  execution test
FAIL: gcc.dg/torture/tls/thr-init-1.c  -O3 -g  -pie -fPIE  (test for excess errors)
FAIL: gcc.dg/torture/tls/thr-init-1.c  -O3 -g  -pie -fPIE  execution test
FAIL: gcc.dg/torture/tls/thr-init-1.c  -Os  -pie -fPIE  (test for excess errors)
FAIL: gcc.dg/torture/tls/thr-init-1.c  -Os  -pie -fPIE  execution test
FAIL: gcc.dg/torture/tls/thr-init-2.c  -O0  -pie -fpie  (test for excess errors)
FAIL: gcc.dg/torture/tls/thr-init-2.c  -O0  -pie -fpie  execution test
FAIL: gcc.dg/torture/tls/thr-init-2.c  -O1  -pie -fpie  (test for excess errors)
FAIL: gcc.dg/torture/tls/thr-init-2.c  -O1  -pie -fpie  execution test
FAIL: gcc.dg/torture/tls/thr-init-2.c  -O2  -pie -fpie  (test for excess errors)
FAIL: gcc.dg/torture/tls/thr-init-2.c  -O2  -pie -fpie  execution test
FAIL: gcc.dg/torture/tls/thr-init-2.c  -O3 -fomit-frame-pointer  -pie -fpie  (test for excess errors)
FAIL: gcc.dg/torture/tls/thr-init-2.c  -O3 -fomit-frame-pointer  -pie -fpie  execution test
FAIL: gcc.dg/torture/tls/thr-init-2.c  -O3 -g  -pie -fpie  (test for excess errors)
FAIL: gcc.dg/torture/tls/thr-init-2.c  -O3 -g  -pie -fpie  execution test
FAIL: gcc.dg/torture/tls/thr-init-2.c  -Os  -pie -fpie  (test for excess errors)
FAIL: gcc.dg/torture/tls/thr-init-2.c  -Os  -pie -fpie  execution test
FAIL: gcc.dg/torture/tls/thr-init-2.c  -O0  -pie -fPIE  (test for excess errors)
FAIL: gcc.dg/torture/tls/thr-init-2.c  -O0  -pie -fPIE  execution test
FAIL: gcc.dg/torture/tls/thr-init-2.c  -O1  -pie -fPIE  (test for excess errors)
FAIL: gcc.dg/torture/tls/thr-init-2.c  -O1  -pie -fPIE  execution test
FAIL: gcc.dg/torture/tls/thr-init-2.c  -O2  -pie -fPIE  (test for excess errors)
FAIL: gcc.dg/torture/tls/thr-init-2.c  -O2  -pie -fPIE  execution test
FAIL: gcc.dg/torture/tls/thr-init-2.c  -O3 -fomit-frame-pointer  -pie -fPIE  (test for excess errors)
FAIL: gcc.dg/torture/tls/thr-init-2.c  -O3 -fomit-frame-pointer  -pie -fPIE  execution test
FAIL: gcc.dg/torture/tls/thr-init-2.c  -O3 -g  -pie -fPIE  (test for excess errors)
FAIL: gcc.dg/torture/tls/thr-init-2.c  -O3 -g  -pie -fPIE  execution test
FAIL: gcc.dg/torture/tls/thr-init-2.c  -Os  -pie -fPIE  (test for excess errors)
FAIL: gcc.dg/torture/tls/thr-init-2.c  -Os  -pie -fPIE  execution test
FAIL: gcc.dg/torture/tls/tls-test.c  -O0  -pie -fpie  (test for excess errors)
FAIL: gcc.dg/torture/tls/tls-test.c  -O0  -pie -fpie  execution test
FAIL: gcc.dg/torture/tls/tls-test.c  -O1  -pie -fpie  (test for excess errors)
FAIL: gcc.dg/torture/tls/tls-test.c  -O1  -pie -fpie  execution test
FAIL: gcc.dg/torture/tls/tls-test.c  -O2  -pie -fpie  (test for excess errors)
FAIL: gcc.dg/torture/tls/tls-test.c  -O2  -pie -fpie  execution test
FAIL: gcc.dg/torture/tls/tls-test.c  -O3 -fomit-frame-pointer  -pie -fpie  (test for excess errors)
FAIL: gcc.dg/torture/tls/tls-test.c  -O3 -fomit-frame-pointer  -pie -fpie  execution test
FAIL: gcc.dg/torture/tls/tls-test.c  -O3 -g  -pie -fpie  (test for excess errors)
FAIL: gcc.dg/torture/tls/tls-test.c  -O3 -g  -pie -fpie  execution test
FAIL: gcc.dg/torture/tls/tls-test.c  -Os  -pie -fpie  (test for excess errors)
FAIL: gcc.dg/torture/tls/tls-test.c  -Os  -pie -fpie  execution test
FAIL: gcc.dg/torture/tls/tls-test.c  -O0  -pie -fPIE  (test for excess errors)
FAIL: gcc.dg/torture/tls/tls-test.c  -O0  -pie -fPIE  execution test
FAIL: gcc.dg/torture/tls/tls-test.c  -O1  -pie -fPIE  (test for excess errors)
FAIL: gcc.dg/torture/tls/tls-test.c  -O1  -pie -fPIE  execution test
FAIL: gcc.dg/torture/tls/tls-test.c  -O2  -pie -fPIE  (test for excess errors)
FAIL: gcc.dg/torture/tls/tls-test.c  -O2  -pie -fPIE  execution test
FAIL: gcc.dg/torture/tls/tls-test.c  -O3 -fomit-frame-pointer  -pie -fPIE  (test for excess errors)
FAIL: gcc.dg/torture/tls/tls-test.c  -O3 -fomit-frame-pointer  -pie -fPIE  execution test
FAIL: gcc.dg/torture/tls/tls-test.c  -O3 -g  -pie -fPIE  (test for excess errors)
FAIL: gcc.dg/torture/tls/tls-test.c  -O3 -g  -pie -fPIE  execution test
FAIL: gcc.dg/torture/tls/tls-test.c  -Os  -pie -fPIE  (test for excess errors)
FAIL: gcc.dg/torture/tls/tls-test.c  -Os  -pie -fPIE  execution test
FAIL: gcc.dg/torture/tls/tls-test.c  -O2 -flto -flto-partition=none  (test for excess errors)
UNRESOLVED: gcc.dg/torture/tls/tls-test.c  -O2 -flto -flto-partition=none  compilation failed to produce executable
FAIL: gcc.dg/torture/tls/tls-test.c  -O2 -flto  (test for excess errors)
UNRESOLVED: gcc.dg/torture/tls/tls-test.c  -O2 -flto  compilation failed to produce executable
XPASS: gcc.dg/tree-ssa/20040204-1.c scan-tree-dump-times optimized "link_error" 0
FAIL: gcc.dg/tree-ssa/sra-12.c scan-tree-dump-times release_ssa "l;" 0
FAIL: gcc.dg/tree-ssa/vrp47.c scan-tree-dump-times dom1 "x[^ ]* & y" 1
FAIL: gcc.dg/vect/vect-120.c scan-tree-dump-times vect "vectorized 1 loops" 1
FAIL: gcc.dg/vect/vect-multitypes-11.c scan-tree-dump-times vect "vectorized 1 loops" 1
FAIL: gcc.dg/vect/vect-multitypes-12.c scan-tree-dump-times vect "vectorized 1 loops" 1
FAIL: gcc.dg/vect/vect-reduc-dot-s16b.c scan-tree-dump-times vect "vectorized 1 loops" 0
FAIL: gcc.dg/vect/vect-reduc-pattern-1a.c scan-tree-dump-times vect "vectorized 1 loops" 0
FAIL: gcc.dg/vect/vect-reduc-pattern-1b.c scan-tree-dump-times vect "vectorized 1 loops" 0
FAIL: gcc.dg/vect/vect-reduc-pattern-1c.c scan-tree-dump-times vect "vectorized 1 loops" 0
FAIL: gcc.dg/vect/vect-reduc-pattern-2a.c scan-tree-dump-times vect "vectorized 1 loops" 0
FAIL: gcc.dg/vect/vect-reduc-pattern-2b.c scan-tree-dump-times vect "vectorized 1 loops" 0
XPASS: gcc.dg/vect/slp-reduc-3.c scan-tree-dump-times vect "vectorizing stmts using SLP" 1
FAIL: gcc.dg/vect/vect-120.c -flto scan-tree-dump-times vect "vectorized 1 loops" 1
FAIL: gcc.dg/vect/vect-multitypes-11.c -flto scan-tree-dump-times vect "vectorized 1 loops" 1
FAIL: gcc.dg/vect/vect-multitypes-12.c -flto scan-tree-dump-times vect "vectorized 1 loops" 1
FAIL: gcc.dg/vect/vect-reduc-dot-s16b.c -flto scan-tree-dump-times vect "vectorized 1 loops" 0
FAIL: gcc.dg/vect/vect-reduc-pattern-1a.c -flto scan-tree-dump-times vect "vectorized 1 loops" 0
FAIL: gcc.dg/vect/vect-reduc-pattern-1b.c -flto scan-tree-dump-times vect "vectorized 1 loops" 0
FAIL: gcc.dg/vect/vect-reduc-pattern-1c.c -flto scan-tree-dump-times vect "vectorized 1 loops" 0
FAIL: gcc.dg/vect/vect-reduc-pattern-2a.c -flto scan-tree-dump-times vect "vectorized 1 loops" 0
FAIL: gcc.dg/vect/vect-reduc-pattern-2b.c -flto scan-tree-dump-times vect "vectorized 1 loops" 0
XPASS: gcc.dg/vect/slp-reduc-3.c -flto scan-tree-dump-times vect "vectorizing stmts using SLP" 1
FAIL: gcc.dg/vect/wrapv-vect-reduc-pattern-2c.c scan-tree-dump-times vect "vectorized 1 loops" 0
XPASS: gcc.dg/vect/no-scevccp-outer-16.c scan-tree-dump-times vect "OUTER LOOP VECTORIZED." 1
XPASS: gcc.dg/vect/no-scevccp-outer-17.c scan-tree-dump-times vect "OUTER LOOP VECTORIZED." 1
XPASS: gcc.dg/vect/no-scevccp-outer-19.c scan-tree-dump-times vect "OUTER LOOP VECTORIZED." 1
XPASS: gcc.dg/vect/no-scevccp-outer-21.c scan-tree-dump-times vect "OUTER LOOP VECTORIZED." 1
FAIL: gcc.dg/vect/O3-pr39675-2.c (internal compiler error)
FAIL: gcc.dg/vect/O3-pr39675-2.c (test for excess errors)
FAIL: gcc.target/arm/pr42575.c scan-assembler-not mov
FAIL: gcc.target/arm/sibcall-1.c scan-assembler \\tb\\tfunc2(\\\\(PLT\\\\))?\\n

		=== gcc Summary ===

# of expected passes		76150
# of unexpected failures	153
# of unexpected successes	7
# of expected failures		234
# of unresolved testcases	27
# of unsupported tests		1071
/build/buildd-gcc-snapshot_20110709-1-armel-TLi8Ts/gcc-snapshot-20110709/build/gcc/xgcc  version 4.7.0 20110709 (experimental) [trunk revision 176106] (Debian 20110709-1) 

		=== gfortran tests ===


Running target unix
FAIL: gfortran.dg/coarray_lock_3.f90  -O   (test for errors, line 72)
FAIL: gfortran.dg/zero_sized_1.f90  -O0  execution test

		=== gfortran Summary ===

# of expected passes		38193
# of unexpected failures	2
# of expected failures		53
# of unsupported tests		397
/build/buildd-gcc-snapshot_20110709-1-armel-TLi8Ts/gcc-snapshot-20110709/build/gcc/testsuite/gfortran/../../gfortran  version 4.7.0 20110709 (experimental) [trunk revision 176106] (Debian 20110709-1) 

		=== gnat tests ===


Running target unix
FAIL: gnat.dg/lto8.adb (test for excess errors)
UNRESOLVED: gnat.dg/lto8.adb compilation failed to produce executable
FAIL: gnat.dg/specs/debug1.ads scan-assembler-times byte\\t0x1\\t# DW_AT_artificial 4

		=== gnat Summary ===

# of expected passes		904
# of unexpected failures	2
# of expected failures		12
# of unresolved testcases	1
# of unsupported tests		5
/build/buildd-gcc-snapshot_20110709-1-armel-TLi8Ts/gcc-snapshot-20110709/build/gcc/gnatmake version 4.7.0 20110709 (experimental) [trunk revision 176106]

		=== obj-c++ tests ===


Running target unix
FAIL: obj-c++.dg/torture/tls/thr-init-2.mm  -O2 -flto -flto-partition=none  -fgnu-runtime (test for excess errors)
UNRESOLVED: obj-c++.dg/torture/tls/thr-init-2.mm  -O2 -flto -flto-partition=none  -fgnu-runtime compilation failed to produce executable
FAIL: obj-c++.dg/torture/tls/thr-init-2.mm  -O2 -flto  -fgnu-runtime (test for excess errors)
UNRESOLVED: obj-c++.dg/torture/tls/thr-init-2.mm  -O2 -flto  -fgnu-runtime compilation failed to produce executable

		=== obj-c++ Summary ===

# of expected passes		1442
# of unexpected failures	2
# of expected failures		2
# of unresolved testcases	2
# of unsupported tests		86
/build/buildd-gcc-snapshot_20110709-1-armel-TLi8Ts/gcc-snapshot-20110709/build/gcc/testsuite/obj-c++/../../g++  version 4.7.0 20110709 (experimental) [trunk revision 176106] (Debian 20110709-1) 

		=== objc tests ===


Running target unix
FAIL: objc.dg-struct-layout-encoding-1/t025_main.m execution test
FAIL: objc.dg-struct-layout-encoding-1/t027_main.m execution test
FAIL: objc.dg-struct-layout-encoding-1/t028_main.m execution test
FAIL: objc.dg-struct-layout-encoding-1/t029_main.m execution test
FAIL: objc.dg-struct-layout-encoding-1/t030_main.m execution test
FAIL: objc.dg-struct-layout-encoding-1/t031_main.m execution test
FAIL: objc.dg/torture/tls/thr-init-2.m  -O2 -flto -flto-partition=none  -fgnu-runtime (test for excess errors)
UNRESOLVED: objc.dg/torture/tls/thr-init-2.m  -O2 -flto -flto-partition=none  -fgnu-runtime compilation failed to produce executable
FAIL: objc.dg/torture/tls/thr-init-2.m  -O2 -flto  -fgnu-runtime (test for excess errors)
UNRESOLVED: objc.dg/torture/tls/thr-init-2.m  -O2 -flto  -fgnu-runtime compilation failed to produce executable

		=== objc Summary ===

# of expected passes		2970
# of unexpected failures	8
# of unresolved testcases	2
# of unsupported tests		74
/build/buildd-gcc-snapshot_20110709-1-armel-TLi8Ts/gcc-snapshot-20110709/build/gcc/xgcc  version 4.7.0 20110709 (experimental) [trunk revision 176106] (Debian 20110709-1) 


Compiler version: 4.7.0 20110709 (experimental) [trunk revision 176106] (Debian 20110709-1) 
Platform: arm-unknown-linux-gnueabi
configure flags: -v --with-pkgversion='Debian 20110709-1' --with-bugurl=file:///usr/share/doc/gcc-snapshot/README.Bugs --enable-languages=c,ada,c++,java,fortran,objc,obj-c++ --prefix=/usr/lib/gcc-snapshot --enable-shared --enable-multiarch --with-multiarch-defaults=arm-linux-gnueabi --enable-linker-build-id --with-system-zlib --disable-nls --enable-clocale=gnu --enable-libstdcxx-debug --enable-libstdcxx-time=yes --enable-plugin --disable-browser-plugin --enable-java-awt=gtk --enable-gtk-cairo --with-java-home=/usr/lib/jvm/java-1.5.0-gcj-4.7-snap/jre --enable-java-home --with-jvm-root-dir=/usr/lib/jvm/java-1.5.0-gcj-4.7-snap --with-jvm-jar-dir=/usr/lib/jvm-exports/java-1.5.0-gcj-4.7-snap --with-arch-directory=arm --with-ecj-jar=/usr/share/java/eclipse-ecj.jar --enable-objc-gc --disable-sjlj-exceptions --disable-werror --enable-checking=yes --build=arm-linux-gnueabi --host=arm-linux-gnueabi --target=arm-linux-gnueabi
BOOT_CFLAGS=


Build Dependencies:
Desired=Unknown/Install/Remove/Purge/Hold
| Status=Not/Inst/Conf-files/Unpacked/halF-conf/Half-inst/trig-aWait/Trig-pend
|/ Err?=(none)/Reinst-required (Status,Err: uppercase=bad)
||/ Name                              Version               Description
+++-=================================-=====================-========================================================================
ii  binutils                          2.21.52.20110606-2    The GNU assembler, linker and binary utilities
ii  g++-4.4                           4.4.6-6               GNU C++ compiler
ii  g++-4.6                           4.6.0-13              GNU C++ compiler
ii  libc6                             2.13-10               Embedded GNU C Library: Shared libraries
ii  libcloog-ppl-dev                  0.15.9-3              the Chunky Loop Generator (development files)
ii  libmpc-dev                        0.9-3                 multiple precision complex floating-point library development package
ii  libmpfr-dev                       3.0.1-4               multiple precision floating-point computation developers tools


libjava-fixed-symlinks:
  Remove unneed '..' elements from symlinks in JAVA_HOME

libstdc++-arm-wno-abi:
  Temporary work around:
  On arm-linux-gnueabi run the libstdc++v3 testsuite with -Wno-abi

libstdc++-no-testsuite:
  Don't run the libstdc++ testsuite on hppa and mipsel (timeouts on the buildds)

ada-mips:
  Improve support for mips.

libffi-ro-eh_frame_sect:
  PR libffi/47248, force a read only eh frame section.

arm-unbreak-eabi-armv4t:
  Fix armv4t build on ARM

gcc-multiarch-trunk:
  Add multiarch support to GCC.
  
  Convert the multilib option to a target triplet,
  add multiarch include directories and libraries path:
  	/usr/local/include/<arch>-linux-gnu
  	/usr/include/<arch>-linux-gnu
  	/usr/lib/<arch>-linux-gnu
  to the system paths.

mips-triarch:
  Build a tri-arch compiler on mips-linux-gnu.
  http://gcc.gnu.org/ml/gcc-patches/2009-03/msg01047.html

libjava-nobiarch-check:
  For biarch builds, disable the testsuite for the non-default architecture
  for runtime libraries, which are not built by default (libjava).

config-ml:
  disable some biarch libraries for biarch builds

s390-biarch:
  Build a bi-arch compiler on s390-linux-gnu.
  http://gcc.gnu.org/ml/gcc-patches/2009-03/msg01044.html

gcc-powerpc-nof:
  Don't build nof multlib on powerpc.

gcc-powerpc-undef:
  Undefine LINK_EH_SPEC before redefining it
  http://gcc.gnu.org/ml/gcc-patches/2011-02/msg01082.html

gcc-multiarch+biarch-trunk:
  Use multiarch dirs for the default multilib dir.

gcc-no-add-needed:
  On linux targets pass --no-add-needed to the linker.

mips-fix-loongson2f-nop:
  On mips, pass -mfix-loongson2f-nop to as, if -mno-fix-loongson2f-nop
  is not passed.

gcc-system-root:
  Avoid include paths starting with a double slash

libgomp-kfreebsd-testsuite:
  Disable lock-2.c test on kfreebsd-*

armhf-triplet-trunk:
  add support for arm-linux-*eabi* triplets; useful for armhf

Counting all warnings,
there are 0 warnings in stage3 of this bootstrap.

Number of warnings per file:

Number of warning types:



More information about the Gcc-testresults mailing list