Results for 4.7.0 20110711 (experimental) [trunk revision 176187] (GCC) gcc testsuite on sparc-unknown-elf

Mike Stein mstein.lists@googlemail.com
Tue Jul 12 22:44:00 GMT 2011


Debian 5 on x86_64
cross tool versions:
GNU assembler (GNU Binutils) 2.18.50.20080419
GNU gdb 6.8.50.20080419-cvs
GNU ld (GNU Binutils) 2.18.50.20080419

GNU Make 3.81
expect version 5.43.0
host gcc version: gcc (GCC) 4.7.0 20110711 (experimental) [trunk revision 176187]
LAST_UPDATED: Mon Jul 11 22:08:54 UTC 2011 (revision 176187)

Target is sparc-unknown-elf
Host   is x86_64-unknown-linux-gnu

		=== gcc tests ===


Running target sparc-sim
FAIL: gcc.c-torture/execute/20101011-1.c execution,  -O0 
FAIL: gcc.c-torture/execute/20101011-1.c execution,  -O1 
FAIL: gcc.c-torture/execute/20101011-1.c execution,  -O2 
FAIL: gcc.c-torture/execute/20101011-1.c execution,  -O3 -fomit-frame-pointer 
FAIL: gcc.c-torture/execute/20101011-1.c execution,  -O3 -g 
FAIL: gcc.c-torture/execute/20101011-1.c execution,  -Os 
FAIL: gcc.c-torture/execute/20101011-1.c execution,  -O2 -flto -flto-partition=none 
FAIL: gcc.c-torture/execute/20101011-1.c execution,  -O2 -flto 
FAIL: gcc.c-torture/execute/921208-2.c execution,  -O0 
FAIL: gcc.c-torture/execute/930106-1.c execution,  -O0 
WARNING: program timed out.
FAIL: gcc.c-torture/execute/960521-1.c execution,  -O0 
FAIL: gcc.c-torture/execute/memcpy-1.c execution,  -O0 
FAIL: gcc.c-torture/execute/memcpy-1.c execution,  -O1 
FAIL: gcc.c-torture/execute/memcpy-1.c execution,  -O2 
FAIL: gcc.c-torture/execute/memcpy-1.c execution,  -O3 -fomit-frame-pointer 
FAIL: gcc.c-torture/execute/memcpy-1.c execution,  -O3 -fomit-frame-pointer -funroll-loops 
FAIL: gcc.c-torture/execute/memcpy-1.c execution,  -O3 -fomit-frame-pointer -funroll-all-loops -finline-functions 
FAIL: gcc.c-torture/execute/memcpy-1.c execution,  -O3 -g 
FAIL: gcc.c-torture/execute/memcpy-1.c execution,  -Os 
FAIL: gcc.c-torture/execute/memcpy-1.c execution,  -O2 -flto -flto-partition=none 
FAIL: gcc.c-torture/execute/memcpy-1.c execution,  -O2 -flto 
FAIL: gcc.c-torture/execute/pr23135.c execution,  -O0 
FAIL: gcc.c-torture/execute/pr23135.c execution,  -O1 
FAIL: gcc.c-torture/execute/pr28982b.c execution,  -O0 
FAIL: gcc.c-torture/execute/pr28982b.c execution,  -O1 
FAIL: gcc.c-torture/execute/pr28982b.c execution,  -O2 
FAIL: gcc.c-torture/execute/pr28982b.c execution,  -O3 -fomit-frame-pointer 
FAIL: gcc.c-torture/execute/pr28982b.c execution,  -O3 -fomit-frame-pointer -funroll-loops 
FAIL: gcc.c-torture/execute/pr28982b.c execution,  -O3 -fomit-frame-pointer -funroll-all-loops -finline-functions 
FAIL: gcc.c-torture/execute/pr28982b.c execution,  -O3 -g 
FAIL: gcc.c-torture/execute/pr28982b.c execution,  -Os 
FAIL: gcc.c-torture/execute/pr28982b.c execution,  -O2 -flto -flto-partition=none 
FAIL: gcc.c-torture/execute/pr28982b.c execution,  -O2 -flto 
FAIL: gcc.c-torture/execute/ieee/compare-fp-4.c execution,  -O0 
FAIL: gcc.c-torture/execute/ieee/fp-cmp-1.c execution,  -O0 
FAIL: gcc.c-torture/execute/ieee/fp-cmp-1.c execution,  -O1 
FAIL: gcc.c-torture/execute/ieee/fp-cmp-1.c execution,  -O2 
FAIL: gcc.c-torture/execute/ieee/fp-cmp-1.c execution,  -O3 -fomit-frame-pointer 
FAIL: gcc.c-torture/execute/ieee/fp-cmp-1.c execution,  -O3 -fomit-frame-pointer -funroll-loops 
FAIL: gcc.c-torture/execute/ieee/fp-cmp-1.c execution,  -O3 -fomit-frame-pointer -funroll-all-loops -finline-functions 
FAIL: gcc.c-torture/execute/ieee/fp-cmp-1.c execution,  -O3 -g 
FAIL: gcc.c-torture/execute/ieee/fp-cmp-1.c execution,  -Os 
FAIL: gcc.c-torture/execute/ieee/fp-cmp-1.c execution,  -O2 -flto -flto-partition=none 
FAIL: gcc.c-torture/execute/ieee/fp-cmp-1.c execution,  -O2 -flto 
FAIL: gcc.c-torture/execute/ieee/fp-cmp-2.c execution,  -O0 
FAIL: gcc.c-torture/execute/ieee/fp-cmp-2.c execution,  -O1 
FAIL: gcc.c-torture/execute/ieee/fp-cmp-2.c execution,  -O2 
FAIL: gcc.c-torture/execute/ieee/fp-cmp-2.c execution,  -O3 -fomit-frame-pointer 
FAIL: gcc.c-torture/execute/ieee/fp-cmp-2.c execution,  -O3 -fomit-frame-pointer -funroll-loops 
FAIL: gcc.c-torture/execute/ieee/fp-cmp-2.c execution,  -O3 -fomit-frame-pointer -funroll-all-loops -finline-functions 
FAIL: gcc.c-torture/execute/ieee/fp-cmp-2.c execution,  -O3 -g 
FAIL: gcc.c-torture/execute/ieee/fp-cmp-2.c execution,  -Os 
FAIL: gcc.c-torture/execute/ieee/fp-cmp-2.c execution,  -O2 -flto -flto-partition=none 
FAIL: gcc.c-torture/execute/ieee/fp-cmp-2.c execution,  -O2 -flto 
FAIL: gcc.c-torture/execute/ieee/fp-cmp-3.c execution,  -O0 
FAIL: gcc.c-torture/execute/ieee/fp-cmp-3.c execution,  -O1 
FAIL: gcc.c-torture/execute/ieee/fp-cmp-3.c execution,  -O2 
FAIL: gcc.c-torture/execute/ieee/fp-cmp-3.c execution,  -O3 -fomit-frame-pointer 
FAIL: gcc.c-torture/execute/ieee/fp-cmp-3.c execution,  -O3 -fomit-frame-pointer -funroll-loops 
FAIL: gcc.c-torture/execute/ieee/fp-cmp-3.c execution,  -O3 -fomit-frame-pointer -funroll-all-loops -finline-functions 
FAIL: gcc.c-torture/execute/ieee/fp-cmp-3.c execution,  -O3 -g 
FAIL: gcc.c-torture/execute/ieee/fp-cmp-3.c execution,  -Os 
FAIL: gcc.c-torture/execute/ieee/fp-cmp-3.c execution,  -O2 -flto -flto-partition=none 
FAIL: gcc.c-torture/execute/ieee/fp-cmp-3.c execution,  -O2 -flto 
FAIL: gcc.c-torture/execute/ieee/fp-cmp-6.c execution,  -O0 
FAIL: gcc.dg/compat/struct-by-value-11 c_compat_x_tst.o-c_compat_y_tst.o execute 
FAIL: gcc.dg/compat/struct-by-value-12 c_compat_x_tst.o-c_compat_y_tst.o execute 
FAIL: gcc.dg/compat/struct-by-value-15 c_compat_x_tst.o-c_compat_y_tst.o execute 
WARNING: program timed out.
FAIL: tmpdir-gcc.dg-struct-layout-1/t001 c_compat_x_tst.o-c_compat_y_tst.o execute 
FAIL: tmpdir-gcc.dg-struct-layout-1/t002 c_compat_x_tst.o-c_compat_y_tst.o execute 
FAIL: tmpdir-gcc.dg-struct-layout-1/t003 c_compat_x_tst.o-c_compat_y_tst.o execute 
WARNING: program timed out.
FAIL: tmpdir-gcc.dg-struct-layout-1/t004 c_compat_x_tst.o-c_compat_y_tst.o execute 
FAIL: tmpdir-gcc.dg-struct-layout-1/t005 c_compat_x_tst.o-c_compat_y_tst.o execute 
FAIL: tmpdir-gcc.dg-struct-layout-1/t006 c_compat_x_tst.o-c_compat_y_tst.o execute 
FAIL: tmpdir-gcc.dg-struct-layout-1/t007 c_compat_x_tst.o-c_compat_y_tst.o execute 
WARNING: program timed out.
FAIL: tmpdir-gcc.dg-struct-layout-1/t008 c_compat_x_tst.o-c_compat_y_tst.o execute 
FAIL: tmpdir-gcc.dg-struct-layout-1/t009 c_compat_x_tst.o-c_compat_y_tst.o execute 
WARNING: program timed out.
FAIL: tmpdir-gcc.dg-struct-layout-1/t010 c_compat_x_tst.o-c_compat_y_tst.o execute 
FAIL: tmpdir-gcc.dg-struct-layout-1/t011 c_compat_x_tst.o-c_compat_y_tst.o execute 
FAIL: tmpdir-gcc.dg-struct-layout-1/t012 c_compat_x_tst.o-c_compat_y_tst.o execute 
FAIL: tmpdir-gcc.dg-struct-layout-1/t013 c_compat_x_tst.o-c_compat_y_tst.o execute 
FAIL: tmpdir-gcc.dg-struct-layout-1/t014 c_compat_x_tst.o-c_compat_y_tst.o execute 
FAIL: tmpdir-gcc.dg-struct-layout-1/t015 c_compat_x_tst.o-c_compat_y_tst.o execute 
FAIL: tmpdir-gcc.dg-struct-layout-1/t016 c_compat_x_tst.o-c_compat_y_tst.o execute 
FAIL: tmpdir-gcc.dg-struct-layout-1/t017 c_compat_x_tst.o-c_compat_y_tst.o execute 
WARNING: program timed out.
FAIL: tmpdir-gcc.dg-struct-layout-1/t018 c_compat_x_tst.o-c_compat_y_tst.o execute 
FAIL: tmpdir-gcc.dg-struct-layout-1/t019 c_compat_x_tst.o-c_compat_y_tst.o execute 
FAIL: tmpdir-gcc.dg-struct-layout-1/t020 c_compat_x_tst.o-c_compat_y_tst.o execute 
FAIL: tmpdir-gcc.dg-struct-layout-1/t021 c_compat_x_tst.o-c_compat_y_tst.o execute 
FAIL: tmpdir-gcc.dg-struct-layout-1/t022 c_compat_x_tst.o-c_compat_y_tst.o execute 
WARNING: program timed out.
FAIL: tmpdir-gcc.dg-struct-layout-1/t023 c_compat_x_tst.o-c_compat_y_tst.o execute 
FAIL: tmpdir-gcc.dg-struct-layout-1/t024 c_compat_x_tst.o-c_compat_y_tst.o execute 
FAIL: tmpdir-gcc.dg-struct-layout-1/t025 c_compat_x_tst.o-c_compat_y_tst.o execute 
FAIL: tmpdir-gcc.dg-struct-layout-1/t026 c_compat_x_tst.o-c_compat_y_tst.o execute 
FAIL: tmpdir-gcc.dg-struct-layout-1/t027 c_compat_x_tst.o-c_compat_y_tst.o execute 
FAIL: tmpdir-gcc.dg-struct-layout-1/t028 c_compat_x_tst.o-c_compat_y_tst.o execute 
FAIL: gcc.dg/20001012-1.c (test for excess errors)
UNRESOLVED: gcc.dg/20001012-1.c compilation failed to produce executable
FAIL: gcc.dg/20001012-2.c (test for excess errors)
UNRESOLVED: gcc.dg/20001012-2.c compilation failed to produce executable
FAIL: gcc.dg/20010912-1.c (test for excess errors)
UNRESOLVED: gcc.dg/20010912-1.c compilation failed to produce executable
FAIL: gcc.dg/20021014-1.c (test for excess errors)
UNRESOLVED: gcc.dg/20021014-1.c compilation failed to produce executable
FAIL: gcc.dg/20021018-1.c (test for excess errors)
UNRESOLVED: gcc.dg/20021018-1.c compilation failed to produce executable
FAIL: gcc.dg/20030213-1.c (test for excess errors)
FAIL: gcc.dg/20030225-1.c (test for excess errors)
UNRESOLVED: gcc.dg/20030225-1.c compilation failed to produce executable
FAIL: gcc.dg/20030708-1.c (test for excess errors)
FAIL: gcc.dg/20050321-2.c (test for excess errors)
FAIL: gcc.dg/20070507-1.c (test for excess errors)
UNRESOLVED: gcc.dg/20070507-1.c compilation failed to produce executable
FAIL: gcc.dg/980523-1.c (test for excess errors)
UNRESOLVED: gcc.dg/980523-1.c compilation failed to produce executable
FAIL: gcc.dg/c99-stdint-7.c (test for excess errors)
FAIL: gcc.dg/cleanup-12.c execution test
FAIL: gcc.dg/cleanup-13.c execution test
FAIL: gcc.dg/cleanup-5.c execution test
FAIL: gcc.dg/initpri1.c (test for excess errors)
UNRESOLVED: gcc.dg/initpri1.c compilation failed to produce executable
FAIL: gcc.dg/initpri3.c execution test
FAIL: gcc.dg/nest.c (test for excess errors)
UNRESOLVED: gcc.dg/nest.c compilation failed to produce executable
FAIL: gcc.dg/nested-func-4.c (test for excess errors)
UNRESOLVED: gcc.dg/nested-func-4.c compilation failed to produce executable
FAIL: gcc.dg/pr27758.c (test for excess errors)
UNRESOLVED: gcc.dg/pr27758.c compilation failed to produce executable
FAIL: gcc.dg/pr28796-2.c execution test
FAIL: gcc.dg/pr32450.c (test for excess errors)
UNRESOLVED: gcc.dg/pr32450.c compilation failed to produce executable
FAIL: gcc.dg/pr38616.c (test for excess errors)
UNRESOLVED: gcc.dg/pr38616.c compilation failed to produce executable
FAIL: gcc.dg/pr38902.c (test for excess errors)
UNRESOLVED: gcc.dg/pr38902.c compilation failed to produce executable
FAIL: gcc.dg/pr43643.c (test for excess errors)
UNRESOLVED: gcc.dg/pr43643.c compilation failed to produce executable
FAIL: gcc.dg/pr47383.c (test for excess errors)
UNRESOLVED: gcc.dg/pr47383.c compilation failed to produce executable
FAIL: gcc.dg/pr48770.c (test for excess errors)
UNRESOLVED: gcc.dg/pr48770.c compilation failed to produce executable
FAIL: gcc.dg/profile-generate-3.c (test for excess errors)
FAIL: gcc.dg/torture/builtin-math-7.c  -O0  execution test
FAIL: gcc.dg/torture/builtin-math-7.c  -O1  execution test
FAIL: gcc.dg/torture/builtin-math-7.c  -O2  execution test
FAIL: gcc.dg/torture/builtin-math-7.c  -O3 -fomit-frame-pointer  execution test
FAIL: gcc.dg/torture/builtin-math-7.c  -O3 -fomit-frame-pointer -funroll-loops  execution test
FAIL: gcc.dg/torture/builtin-math-7.c  -O3 -fomit-frame-pointer -funroll-all-loops -finline-functions  execution test
FAIL: gcc.dg/torture/builtin-math-7.c  -O3 -g  execution test
FAIL: gcc.dg/torture/builtin-math-7.c  -Os  execution test
FAIL: gcc.dg/torture/builtin-math-7.c  -O2 -flto -flto-partition=none  execution test
FAIL: gcc.dg/torture/builtin-math-7.c  -O2 -flto  execution test
FAIL: gcc.dg/torture/pr47917.c  -O0  (test for excess errors)
FAIL: gcc.dg/torture/pr47917.c  -O1  (test for excess errors)
FAIL: gcc.dg/torture/pr47917.c  -O2  (test for excess errors)
FAIL: gcc.dg/torture/pr47917.c  -O3 -fomit-frame-pointer  (test for excess errors)
FAIL: gcc.dg/torture/pr47917.c  -O3 -g  (test for excess errors)
FAIL: gcc.dg/torture/pr47917.c  -Os  (test for excess errors)
FAIL: gcc.dg/torture/pr47917.c  -O2 -flto -flto-partition=none  (test for excess errors)
FAIL: gcc.dg/torture/pr47917.c  -O2 -flto  (test for excess errors)
FAIL: gcc.dg/torture/stackalign/alloca-1.c  -O0  (test for excess errors)
UNRESOLVED: gcc.dg/torture/stackalign/alloca-1.c  -O0  compilation failed to produce executable
FAIL: gcc.dg/torture/stackalign/alloca-1.c  -O1  (test for excess errors)
UNRESOLVED: gcc.dg/torture/stackalign/alloca-1.c  -O1  compilation failed to produce executable
FAIL: gcc.dg/torture/stackalign/alloca-1.c  -O2  (test for excess errors)
UNRESOLVED: gcc.dg/torture/stackalign/alloca-1.c  -O2  compilation failed to produce executable
FAIL: gcc.dg/torture/stackalign/alloca-1.c  -O3 -fomit-frame-pointer  (test for excess errors)
UNRESOLVED: gcc.dg/torture/stackalign/alloca-1.c  -O3 -fomit-frame-pointer  compilation failed to produce executable
FAIL: gcc.dg/torture/stackalign/alloca-1.c  -O3 -g  (test for excess errors)
UNRESOLVED: gcc.dg/torture/stackalign/alloca-1.c  -O3 -g  compilation failed to produce executable
FAIL: gcc.dg/torture/stackalign/alloca-1.c  -Os  (test for excess errors)
UNRESOLVED: gcc.dg/torture/stackalign/alloca-1.c  -Os  compilation failed to produce executable
FAIL: gcc.dg/torture/stackalign/alloca-1.c  -O2 -flto -flto-partition=none  (test for excess errors)
UNRESOLVED: gcc.dg/torture/stackalign/alloca-1.c  -O2 -flto -flto-partition=none  compilation failed to produce executable
FAIL: gcc.dg/torture/stackalign/alloca-1.c  -O2 -flto  (test for excess errors)
UNRESOLVED: gcc.dg/torture/stackalign/alloca-1.c  -O2 -flto  compilation failed to produce executable
FAIL: gcc.dg/torture/stackalign/builtin-apply-2.c  -O0  (test for excess errors)
UNRESOLVED: gcc.dg/torture/stackalign/builtin-apply-2.c  -O0  compilation failed to produce executable
FAIL: gcc.dg/torture/stackalign/builtin-apply-2.c  -O1  (test for excess errors)
UNRESOLVED: gcc.dg/torture/stackalign/builtin-apply-2.c  -O1  compilation failed to produce executable
FAIL: gcc.dg/torture/stackalign/builtin-apply-2.c  -O2  (test for excess errors)
UNRESOLVED: gcc.dg/torture/stackalign/builtin-apply-2.c  -O2  compilation failed to produce executable
FAIL: gcc.dg/torture/stackalign/builtin-apply-2.c  -O3 -fomit-frame-pointer  (test for excess errors)
UNRESOLVED: gcc.dg/torture/stackalign/builtin-apply-2.c  -O3 -fomit-frame-pointer  compilation failed to produce executable
FAIL: gcc.dg/torture/stackalign/builtin-apply-2.c  -O3 -g  (test for excess errors)
UNRESOLVED: gcc.dg/torture/stackalign/builtin-apply-2.c  -O3 -g  compilation failed to produce executable
FAIL: gcc.dg/torture/stackalign/builtin-apply-2.c  -Os  (test for excess errors)
UNRESOLVED: gcc.dg/torture/stackalign/builtin-apply-2.c  -Os  compilation failed to produce executable
FAIL: gcc.dg/torture/stackalign/builtin-apply-2.c  -O2 -flto -flto-partition=none  (test for excess errors)
UNRESOLVED: gcc.dg/torture/stackalign/builtin-apply-2.c  -O2 -flto -flto-partition=none  compilation failed to produce executable
FAIL: gcc.dg/torture/stackalign/builtin-apply-2.c  -O2 -flto  (test for excess errors)
UNRESOLVED: gcc.dg/torture/stackalign/builtin-apply-2.c  -O2 -flto  compilation failed to produce executable
FAIL: gcc.dg/torture/stackalign/builtin-apply-4.c  -O0  (test for excess errors)
UNRESOLVED: gcc.dg/torture/stackalign/builtin-apply-4.c  -O0  compilation failed to produce executable
FAIL: gcc.dg/torture/stackalign/builtin-apply-4.c  -O1  (test for excess errors)
UNRESOLVED: gcc.dg/torture/stackalign/builtin-apply-4.c  -O1  compilation failed to produce executable
FAIL: gcc.dg/torture/stackalign/builtin-apply-4.c  -O2  (test for excess errors)
UNRESOLVED: gcc.dg/torture/stackalign/builtin-apply-4.c  -O2  compilation failed to produce executable
FAIL: gcc.dg/torture/stackalign/builtin-apply-4.c  -O3 -fomit-frame-pointer  (test for excess errors)
UNRESOLVED: gcc.dg/torture/stackalign/builtin-apply-4.c  -O3 -fomit-frame-pointer  compilation failed to produce executable
FAIL: gcc.dg/torture/stackalign/builtin-apply-4.c  -O3 -g  (test for excess errors)
UNRESOLVED: gcc.dg/torture/stackalign/builtin-apply-4.c  -O3 -g  compilation failed to produce executable
FAIL: gcc.dg/torture/stackalign/builtin-apply-4.c  -Os  (test for excess errors)
UNRESOLVED: gcc.dg/torture/stackalign/builtin-apply-4.c  -Os  compilation failed to produce executable
FAIL: gcc.dg/torture/stackalign/builtin-apply-4.c  -O2 -flto -flto-partition=none  (test for excess errors)
UNRESOLVED: gcc.dg/torture/stackalign/builtin-apply-4.c  -O2 -flto -flto-partition=none  compilation failed to produce executable
FAIL: gcc.dg/torture/stackalign/builtin-apply-4.c  -O2 -flto  (test for excess errors)
UNRESOLVED: gcc.dg/torture/stackalign/builtin-apply-4.c  -O2 -flto  compilation failed to produce executable
FAIL: gcc.dg/torture/stackalign/builtin-return-1.c  -O0  (test for excess errors)
UNRESOLVED: gcc.dg/torture/stackalign/builtin-return-1.c  -O0  compilation failed to produce executable
FAIL: gcc.dg/torture/stackalign/builtin-return-1.c  -O1  (test for excess errors)
UNRESOLVED: gcc.dg/torture/stackalign/builtin-return-1.c  -O1  compilation failed to produce executable
FAIL: gcc.dg/torture/stackalign/builtin-return-1.c  -O2  (test for excess errors)
UNRESOLVED: gcc.dg/torture/stackalign/builtin-return-1.c  -O2  compilation failed to produce executable
FAIL: gcc.dg/torture/stackalign/builtin-return-1.c  -O3 -fomit-frame-pointer  (test for excess errors)
UNRESOLVED: gcc.dg/torture/stackalign/builtin-return-1.c  -O3 -fomit-frame-pointer  compilation failed to produce executable
FAIL: gcc.dg/torture/stackalign/builtin-return-1.c  -O3 -g  (test for excess errors)
UNRESOLVED: gcc.dg/torture/stackalign/builtin-return-1.c  -O3 -g  compilation failed to produce executable
FAIL: gcc.dg/torture/stackalign/builtin-return-1.c  -Os  (test for excess errors)
UNRESOLVED: gcc.dg/torture/stackalign/builtin-return-1.c  -Os  compilation failed to produce executable
FAIL: gcc.dg/torture/stackalign/builtin-return-1.c  -O2 -flto -flto-partition=none  (test for excess errors)
UNRESOLVED: gcc.dg/torture/stackalign/builtin-return-1.c  -O2 -flto -flto-partition=none  compilation failed to produce executable
FAIL: gcc.dg/torture/stackalign/builtin-return-1.c  -O2 -flto  (test for excess errors)
UNRESOLVED: gcc.dg/torture/stackalign/builtin-return-1.c  -O2 -flto  compilation failed to produce executable
FAIL: gcc.dg/torture/stackalign/comp-goto-1.c  -O0  (test for excess errors)
UNRESOLVED: gcc.dg/torture/stackalign/comp-goto-1.c  -O0  compilation failed to produce executable
FAIL: gcc.dg/torture/stackalign/comp-goto-1.c  -O1  (test for excess errors)
UNRESOLVED: gcc.dg/torture/stackalign/comp-goto-1.c  -O1  compilation failed to produce executable
FAIL: gcc.dg/torture/stackalign/comp-goto-1.c  -O2  (test for excess errors)
UNRESOLVED: gcc.dg/torture/stackalign/comp-goto-1.c  -O2  compilation failed to produce executable
FAIL: gcc.dg/torture/stackalign/comp-goto-1.c  -O3 -fomit-frame-pointer  (test for excess errors)
UNRESOLVED: gcc.dg/torture/stackalign/comp-goto-1.c  -O3 -fomit-frame-pointer  compilation failed to produce executable
FAIL: gcc.dg/torture/stackalign/comp-goto-1.c  -O3 -g  (test for excess errors)
UNRESOLVED: gcc.dg/torture/stackalign/comp-goto-1.c  -O3 -g  compilation failed to produce executable
FAIL: gcc.dg/torture/stackalign/comp-goto-1.c  -Os  (test for excess errors)
UNRESOLVED: gcc.dg/torture/stackalign/comp-goto-1.c  -Os  compilation failed to produce executable
FAIL: gcc.dg/torture/stackalign/comp-goto-1.c  -O2 -flto -flto-partition=none  (test for excess errors)
UNRESOLVED: gcc.dg/torture/stackalign/comp-goto-1.c  -O2 -flto -flto-partition=none  compilation failed to produce executable
FAIL: gcc.dg/torture/stackalign/comp-goto-1.c  -O2 -flto  (test for excess errors)
UNRESOLVED: gcc.dg/torture/stackalign/comp-goto-1.c  -O2 -flto  compilation failed to produce executable
FAIL: gcc.dg/torture/stackalign/inline-2.c  -O0  (test for excess errors)
UNRESOLVED: gcc.dg/torture/stackalign/inline-2.c  -O0  compilation failed to produce executable
FAIL: gcc.dg/torture/stackalign/inline-2.c  -O1  (test for excess errors)
UNRESOLVED: gcc.dg/torture/stackalign/inline-2.c  -O1  compilation failed to produce executable
FAIL: gcc.dg/torture/stackalign/inline-2.c  -O2  (test for excess errors)
UNRESOLVED: gcc.dg/torture/stackalign/inline-2.c  -O2  compilation failed to produce executable
FAIL: gcc.dg/torture/stackalign/inline-2.c  -O3 -fomit-frame-pointer  (test for excess errors)
UNRESOLVED: gcc.dg/torture/stackalign/inline-2.c  -O3 -fomit-frame-pointer  compilation failed to produce executable
FAIL: gcc.dg/torture/stackalign/inline-2.c  -O3 -g  (test for excess errors)
UNRESOLVED: gcc.dg/torture/stackalign/inline-2.c  -O3 -g  compilation failed to produce executable
FAIL: gcc.dg/torture/stackalign/inline-2.c  -Os  (test for excess errors)
UNRESOLVED: gcc.dg/torture/stackalign/inline-2.c  -Os  compilation failed to produce executable
FAIL: gcc.dg/torture/stackalign/inline-2.c  -O2 -flto -flto-partition=none  (test for excess errors)
UNRESOLVED: gcc.dg/torture/stackalign/inline-2.c  -O2 -flto -flto-partition=none  compilation failed to produce executable
FAIL: gcc.dg/torture/stackalign/inline-2.c  -O2 -flto  (test for excess errors)
UNRESOLVED: gcc.dg/torture/stackalign/inline-2.c  -O2 -flto  compilation failed to produce executable
FAIL: gcc.dg/torture/stackalign/nested-3.c  -O0  (test for excess errors)
UNRESOLVED: gcc.dg/torture/stackalign/nested-3.c  -O0  compilation failed to produce executable
FAIL: gcc.dg/torture/stackalign/nested-3.c  -O1  (test for excess errors)
UNRESOLVED: gcc.dg/torture/stackalign/nested-3.c  -O1  compilation failed to produce executable
FAIL: gcc.dg/torture/stackalign/nested-3.c  -O2  (test for excess errors)
UNRESOLVED: gcc.dg/torture/stackalign/nested-3.c  -O2  compilation failed to produce executable
FAIL: gcc.dg/torture/stackalign/nested-3.c  -O3 -fomit-frame-pointer  (test for excess errors)
UNRESOLVED: gcc.dg/torture/stackalign/nested-3.c  -O3 -fomit-frame-pointer  compilation failed to produce executable
FAIL: gcc.dg/torture/stackalign/nested-3.c  -O3 -g  (test for excess errors)
UNRESOLVED: gcc.dg/torture/stackalign/nested-3.c  -O3 -g  compilation failed to produce executable
FAIL: gcc.dg/torture/stackalign/nested-3.c  -Os  (test for excess errors)
UNRESOLVED: gcc.dg/torture/stackalign/nested-3.c  -Os  compilation failed to produce executable
FAIL: gcc.dg/torture/stackalign/nested-3.c  -O2 -flto -flto-partition=none  (test for excess errors)
UNRESOLVED: gcc.dg/torture/stackalign/nested-3.c  -O2 -flto -flto-partition=none  compilation failed to produce executable
FAIL: gcc.dg/torture/stackalign/nested-3.c  -O2 -flto  (test for excess errors)
UNRESOLVED: gcc.dg/torture/stackalign/nested-3.c  -O2 -flto  compilation failed to produce executable
FAIL: gcc.dg/torture/stackalign/nested-4.c  -O0  (test for excess errors)
UNRESOLVED: gcc.dg/torture/stackalign/nested-4.c  -O0  compilation failed to produce executable
FAIL: gcc.dg/torture/stackalign/nested-4.c  -O1  (test for excess errors)
UNRESOLVED: gcc.dg/torture/stackalign/nested-4.c  -O1  compilation failed to produce executable
FAIL: gcc.dg/torture/stackalign/nested-4.c  -O2  (test for excess errors)
UNRESOLVED: gcc.dg/torture/stackalign/nested-4.c  -O2  compilation failed to produce executable
FAIL: gcc.dg/torture/stackalign/nested-4.c  -O3 -fomit-frame-pointer  (test for excess errors)
UNRESOLVED: gcc.dg/torture/stackalign/nested-4.c  -O3 -fomit-frame-pointer  compilation failed to produce executable
FAIL: gcc.dg/torture/stackalign/nested-4.c  -O3 -g  (test for excess errors)
UNRESOLVED: gcc.dg/torture/stackalign/nested-4.c  -O3 -g  compilation failed to produce executable
FAIL: gcc.dg/torture/stackalign/nested-4.c  -Os  (test for excess errors)
UNRESOLVED: gcc.dg/torture/stackalign/nested-4.c  -Os  compilation failed to produce executable
FAIL: gcc.dg/torture/stackalign/nested-4.c  -O2 -flto -flto-partition=none  (test for excess errors)
UNRESOLVED: gcc.dg/torture/stackalign/nested-4.c  -O2 -flto -flto-partition=none  compilation failed to produce executable
FAIL: gcc.dg/torture/stackalign/nested-4.c  -O2 -flto  (test for excess errors)
UNRESOLVED: gcc.dg/torture/stackalign/nested-4.c  -O2 -flto  compilation failed to produce executable
FAIL: gcc.dg/torture/stackalign/nested-5.c  -O0  (test for excess errors)
UNRESOLVED: gcc.dg/torture/stackalign/nested-5.c  -O0  compilation failed to produce executable
FAIL: gcc.dg/torture/stackalign/nested-5.c  -O1  (test for excess errors)
UNRESOLVED: gcc.dg/torture/stackalign/nested-5.c  -O1  compilation failed to produce executable
FAIL: gcc.dg/torture/stackalign/nested-5.c  -O2  (test for excess errors)
UNRESOLVED: gcc.dg/torture/stackalign/nested-5.c  -O2  compilation failed to produce executable
FAIL: gcc.dg/torture/stackalign/nested-5.c  -O3 -fomit-frame-pointer  (test for excess errors)
UNRESOLVED: gcc.dg/torture/stackalign/nested-5.c  -O3 -fomit-frame-pointer  compilation failed to produce executable
FAIL: gcc.dg/torture/stackalign/nested-5.c  -O3 -g  (test for excess errors)
UNRESOLVED: gcc.dg/torture/stackalign/nested-5.c  -O3 -g  compilation failed to produce executable
FAIL: gcc.dg/torture/stackalign/nested-5.c  -Os  (test for excess errors)
UNRESOLVED: gcc.dg/torture/stackalign/nested-5.c  -Os  compilation failed to produce executable
FAIL: gcc.dg/torture/stackalign/nested-5.c  -O2 -flto -flto-partition=none  (test for excess errors)
UNRESOLVED: gcc.dg/torture/stackalign/nested-5.c  -O2 -flto -flto-partition=none  compilation failed to produce executable
FAIL: gcc.dg/torture/stackalign/nested-5.c  -O2 -flto  (test for excess errors)
UNRESOLVED: gcc.dg/torture/stackalign/nested-5.c  -O2 -flto  compilation failed to produce executable
FAIL: gcc.dg/torture/stackalign/nested-6.c  -O0  (test for excess errors)
UNRESOLVED: gcc.dg/torture/stackalign/nested-6.c  -O0  compilation failed to produce executable
FAIL: gcc.dg/torture/stackalign/nested-6.c  -O1  (test for excess errors)
UNRESOLVED: gcc.dg/torture/stackalign/nested-6.c  -O1  compilation failed to produce executable
FAIL: gcc.dg/torture/stackalign/nested-6.c  -O2  (test for excess errors)
UNRESOLVED: gcc.dg/torture/stackalign/nested-6.c  -O2  compilation failed to produce executable
FAIL: gcc.dg/torture/stackalign/nested-6.c  -O3 -fomit-frame-pointer  (test for excess errors)
UNRESOLVED: gcc.dg/torture/stackalign/nested-6.c  -O3 -fomit-frame-pointer  compilation failed to produce executable
FAIL: gcc.dg/torture/stackalign/nested-6.c  -O3 -g  (test for excess errors)
UNRESOLVED: gcc.dg/torture/stackalign/nested-6.c  -O3 -g  compilation failed to produce executable
FAIL: gcc.dg/torture/stackalign/nested-6.c  -Os  (test for excess errors)
UNRESOLVED: gcc.dg/torture/stackalign/nested-6.c  -Os  compilation failed to produce executable
FAIL: gcc.dg/torture/stackalign/nested-6.c  -O2 -flto -flto-partition=none  (test for excess errors)
UNRESOLVED: gcc.dg/torture/stackalign/nested-6.c  -O2 -flto -flto-partition=none  compilation failed to produce executable
FAIL: gcc.dg/torture/stackalign/nested-6.c  -O2 -flto  (test for excess errors)
UNRESOLVED: gcc.dg/torture/stackalign/nested-6.c  -O2 -flto  compilation failed to produce executable
FAIL: gcc.dg/torture/stackalign/non-local-goto-1.c  -O0  (test for excess errors)
UNRESOLVED: gcc.dg/torture/stackalign/non-local-goto-1.c  -O0  compilation failed to produce executable
FAIL: gcc.dg/torture/stackalign/non-local-goto-1.c  -O1  (test for excess errors)
UNRESOLVED: gcc.dg/torture/stackalign/non-local-goto-1.c  -O1  compilation failed to produce executable
FAIL: gcc.dg/torture/stackalign/non-local-goto-1.c  -O2  (test for excess errors)
UNRESOLVED: gcc.dg/torture/stackalign/non-local-goto-1.c  -O2  compilation failed to produce executable
FAIL: gcc.dg/torture/stackalign/non-local-goto-1.c  -O3 -fomit-frame-pointer  (test for excess errors)
UNRESOLVED: gcc.dg/torture/stackalign/non-local-goto-1.c  -O3 -fomit-frame-pointer  compilation failed to produce executable
FAIL: gcc.dg/torture/stackalign/non-local-goto-1.c  -O3 -fomit-frame-pointer -funroll-loops  (test for excess errors)
UNRESOLVED: gcc.dg/torture/stackalign/non-local-goto-1.c  -O3 -fomit-frame-pointer -funroll-loops  compilation failed to produce executable
FAIL: gcc.dg/torture/stackalign/non-local-goto-1.c  -O3 -fomit-frame-pointer -funroll-all-loops -finline-functions  (test for excess errors)
UNRESOLVED: gcc.dg/torture/stackalign/non-local-goto-1.c  -O3 -fomit-frame-pointer -funroll-all-loops -finline-functions  compilation failed to produce executable
FAIL: gcc.dg/torture/stackalign/non-local-goto-1.c  -O3 -g  (test for excess errors)
UNRESOLVED: gcc.dg/torture/stackalign/non-local-goto-1.c  -O3 -g  compilation failed to produce executable
FAIL: gcc.dg/torture/stackalign/non-local-goto-1.c  -Os  (test for excess errors)
UNRESOLVED: gcc.dg/torture/stackalign/non-local-goto-1.c  -Os  compilation failed to produce executable
FAIL: gcc.dg/torture/stackalign/non-local-goto-1.c  -O2 -flto -flto-partition=none  (test for excess errors)
UNRESOLVED: gcc.dg/torture/stackalign/non-local-goto-1.c  -O2 -flto -flto-partition=none  compilation failed to produce executable
FAIL: gcc.dg/torture/stackalign/non-local-goto-1.c  -O2 -flto  (test for excess errors)
UNRESOLVED: gcc.dg/torture/stackalign/non-local-goto-1.c  -O2 -flto  compilation failed to produce executable
FAIL: gcc.dg/torture/stackalign/non-local-goto-2.c  -O0  (test for excess errors)
UNRESOLVED: gcc.dg/torture/stackalign/non-local-goto-2.c  -O0  compilation failed to produce executable
FAIL: gcc.dg/torture/stackalign/non-local-goto-2.c  -O1  (test for excess errors)
UNRESOLVED: gcc.dg/torture/stackalign/non-local-goto-2.c  -O1  compilation failed to produce executable
FAIL: gcc.dg/torture/stackalign/non-local-goto-2.c  -O2  (test for excess errors)
UNRESOLVED: gcc.dg/torture/stackalign/non-local-goto-2.c  -O2  compilation failed to produce executable
FAIL: gcc.dg/torture/stackalign/non-local-goto-2.c  -O3 -fomit-frame-pointer  (test for excess errors)
UNRESOLVED: gcc.dg/torture/stackalign/non-local-goto-2.c  -O3 -fomit-frame-pointer  compilation failed to produce executable
FAIL: gcc.dg/torture/stackalign/non-local-goto-2.c  -O3 -fomit-frame-pointer -funroll-loops  (test for excess errors)
UNRESOLVED: gcc.dg/torture/stackalign/non-local-goto-2.c  -O3 -fomit-frame-pointer -funroll-loops  compilation failed to produce executable
FAIL: gcc.dg/torture/stackalign/non-local-goto-2.c  -O3 -fomit-frame-pointer -funroll-all-loops -finline-functions  (test for excess errors)
UNRESOLVED: gcc.dg/torture/stackalign/non-local-goto-2.c  -O3 -fomit-frame-pointer -funroll-all-loops -finline-functions  compilation failed to produce executable
FAIL: gcc.dg/torture/stackalign/non-local-goto-2.c  -O3 -g  (test for excess errors)
UNRESOLVED: gcc.dg/torture/stackalign/non-local-goto-2.c  -O3 -g  compilation failed to produce executable
FAIL: gcc.dg/torture/stackalign/non-local-goto-2.c  -Os  (test for excess errors)
UNRESOLVED: gcc.dg/torture/stackalign/non-local-goto-2.c  -Os  compilation failed to produce executable
FAIL: gcc.dg/torture/stackalign/non-local-goto-2.c  -O2 -flto -flto-partition=none  (test for excess errors)
UNRESOLVED: gcc.dg/torture/stackalign/non-local-goto-2.c  -O2 -flto -flto-partition=none  compilation failed to produce executable
FAIL: gcc.dg/torture/stackalign/non-local-goto-2.c  -O2 -flto  (test for excess errors)
UNRESOLVED: gcc.dg/torture/stackalign/non-local-goto-2.c  -O2 -flto  compilation failed to produce executable
FAIL: gcc.dg/torture/stackalign/non-local-goto-3.c  -O0  (test for excess errors)
UNRESOLVED: gcc.dg/torture/stackalign/non-local-goto-3.c  -O0  compilation failed to produce executable
FAIL: gcc.dg/torture/stackalign/non-local-goto-3.c  -O1  (test for excess errors)
UNRESOLVED: gcc.dg/torture/stackalign/non-local-goto-3.c  -O1  compilation failed to produce executable
FAIL: gcc.dg/torture/stackalign/non-local-goto-3.c  -O2  (test for excess errors)
UNRESOLVED: gcc.dg/torture/stackalign/non-local-goto-3.c  -O2  compilation failed to produce executable
FAIL: gcc.dg/torture/stackalign/non-local-goto-3.c  -O3 -fomit-frame-pointer  (test for excess errors)
UNRESOLVED: gcc.dg/torture/stackalign/non-local-goto-3.c  -O3 -fomit-frame-pointer  compilation failed to produce executable
FAIL: gcc.dg/torture/stackalign/non-local-goto-3.c  -O3 -fomit-frame-pointer -funroll-loops  (test for excess errors)
UNRESOLVED: gcc.dg/torture/stackalign/non-local-goto-3.c  -O3 -fomit-frame-pointer -funroll-loops  compilation failed to produce executable
FAIL: gcc.dg/torture/stackalign/non-local-goto-3.c  -O3 -fomit-frame-pointer -funroll-all-loops -finline-functions  (test for excess errors)
UNRESOLVED: gcc.dg/torture/stackalign/non-local-goto-3.c  -O3 -fomit-frame-pointer -funroll-all-loops -finline-functions  compilation failed to produce executable
FAIL: gcc.dg/torture/stackalign/non-local-goto-3.c  -O3 -g  (test for excess errors)
UNRESOLVED: gcc.dg/torture/stackalign/non-local-goto-3.c  -O3 -g  compilation failed to produce executable
FAIL: gcc.dg/torture/stackalign/non-local-goto-3.c  -Os  (test for excess errors)
UNRESOLVED: gcc.dg/torture/stackalign/non-local-goto-3.c  -Os  compilation failed to produce executable
FAIL: gcc.dg/torture/stackalign/non-local-goto-3.c  -O2 -flto -flto-partition=none  (test for excess errors)
UNRESOLVED: gcc.dg/torture/stackalign/non-local-goto-3.c  -O2 -flto -flto-partition=none  compilation failed to produce executable
FAIL: gcc.dg/torture/stackalign/non-local-goto-3.c  -O2 -flto  (test for excess errors)
UNRESOLVED: gcc.dg/torture/stackalign/non-local-goto-3.c  -O2 -flto  compilation failed to produce executable
FAIL: gcc.dg/torture/stackalign/non-local-goto-4.c  -O0  (test for excess errors)
UNRESOLVED: gcc.dg/torture/stackalign/non-local-goto-4.c  -O0  compilation failed to produce executable
FAIL: gcc.dg/torture/stackalign/non-local-goto-4.c  -O1  (test for excess errors)
UNRESOLVED: gcc.dg/torture/stackalign/non-local-goto-4.c  -O1  compilation failed to produce executable
FAIL: gcc.dg/torture/stackalign/non-local-goto-4.c  -O2  (test for excess errors)
UNRESOLVED: gcc.dg/torture/stackalign/non-local-goto-4.c  -O2  compilation failed to produce executable
FAIL: gcc.dg/torture/stackalign/non-local-goto-4.c  -O3 -fomit-frame-pointer  (test for excess errors)
UNRESOLVED: gcc.dg/torture/stackalign/non-local-goto-4.c  -O3 -fomit-frame-pointer  compilation failed to produce executable
FAIL: gcc.dg/torture/stackalign/non-local-goto-4.c  -O3 -g  (test for excess errors)
UNRESOLVED: gcc.dg/torture/stackalign/non-local-goto-4.c  -O3 -g  compilation failed to produce executable
FAIL: gcc.dg/torture/stackalign/non-local-goto-4.c  -Os  (test for excess errors)
UNRESOLVED: gcc.dg/torture/stackalign/non-local-goto-4.c  -Os  compilation failed to produce executable
FAIL: gcc.dg/torture/stackalign/non-local-goto-4.c  -O2 -flto -flto-partition=none  (test for excess errors)
UNRESOLVED: gcc.dg/torture/stackalign/non-local-goto-4.c  -O2 -flto -flto-partition=none  compilation failed to produce executable
FAIL: gcc.dg/torture/stackalign/non-local-goto-4.c  -O2 -flto  (test for excess errors)
UNRESOLVED: gcc.dg/torture/stackalign/non-local-goto-4.c  -O2 -flto  compilation failed to produce executable
FAIL: gcc.dg/torture/stackalign/non-local-goto-5.c  -O0  (test for excess errors)
UNRESOLVED: gcc.dg/torture/stackalign/non-local-goto-5.c  -O0  compilation failed to produce executable
FAIL: gcc.dg/torture/stackalign/non-local-goto-5.c  -O1  (test for excess errors)
UNRESOLVED: gcc.dg/torture/stackalign/non-local-goto-5.c  -O1  compilation failed to produce executable
FAIL: gcc.dg/torture/stackalign/non-local-goto-5.c  -O2  (test for excess errors)
UNRESOLVED: gcc.dg/torture/stackalign/non-local-goto-5.c  -O2  compilation failed to produce executable
FAIL: gcc.dg/torture/stackalign/non-local-goto-5.c  -O3 -fomit-frame-pointer  (test for excess errors)
UNRESOLVED: gcc.dg/torture/stackalign/non-local-goto-5.c  -O3 -fomit-frame-pointer  compilation failed to produce executable
FAIL: gcc.dg/torture/stackalign/non-local-goto-5.c  -O3 -g  (test for excess errors)
UNRESOLVED: gcc.dg/torture/stackalign/non-local-goto-5.c  -O3 -g  compilation failed to produce executable
FAIL: gcc.dg/torture/stackalign/non-local-goto-5.c  -Os  (test for excess errors)
UNRESOLVED: gcc.dg/torture/stackalign/non-local-goto-5.c  -Os  compilation failed to produce executable
FAIL: gcc.dg/torture/stackalign/non-local-goto-5.c  -O2 -flto -flto-partition=none  (test for excess errors)
UNRESOLVED: gcc.dg/torture/stackalign/non-local-goto-5.c  -O2 -flto -flto-partition=none  compilation failed to produce executable
FAIL: gcc.dg/torture/stackalign/non-local-goto-5.c  -O2 -flto  (test for excess errors)
UNRESOLVED: gcc.dg/torture/stackalign/non-local-goto-5.c  -O2 -flto  compilation failed to produce executable
FAIL: gcc.dg/torture/stackalign/ret-struct-1.c  -O0  (test for excess errors)
UNRESOLVED: gcc.dg/torture/stackalign/ret-struct-1.c  -O0  compilation failed to produce executable
FAIL: gcc.dg/torture/stackalign/ret-struct-1.c  -O1  (test for excess errors)
UNRESOLVED: gcc.dg/torture/stackalign/ret-struct-1.c  -O1  compilation failed to produce executable
FAIL: gcc.dg/torture/stackalign/ret-struct-1.c  -O2  (test for excess errors)
UNRESOLVED: gcc.dg/torture/stackalign/ret-struct-1.c  -O2  compilation failed to produce executable
FAIL: gcc.dg/torture/stackalign/ret-struct-1.c  -O3 -fomit-frame-pointer  (test for excess errors)
UNRESOLVED: gcc.dg/torture/stackalign/ret-struct-1.c  -O3 -fomit-frame-pointer  compilation failed to produce executable
FAIL: gcc.dg/torture/stackalign/ret-struct-1.c  -O3 -g  (test for excess errors)
UNRESOLVED: gcc.dg/torture/stackalign/ret-struct-1.c  -O3 -g  compilation failed to produce executable
FAIL: gcc.dg/torture/stackalign/ret-struct-1.c  -Os  (test for excess errors)
UNRESOLVED: gcc.dg/torture/stackalign/ret-struct-1.c  -Os  compilation failed to produce executable
FAIL: gcc.dg/torture/stackalign/ret-struct-1.c  -O2 -flto -flto-partition=none  (test for excess errors)
UNRESOLVED: gcc.dg/torture/stackalign/ret-struct-1.c  -O2 -flto -flto-partition=none  compilation failed to produce executable
FAIL: gcc.dg/torture/stackalign/ret-struct-1.c  -O2 -flto  (test for excess errors)
UNRESOLVED: gcc.dg/torture/stackalign/ret-struct-1.c  -O2 -flto  compilation failed to produce executable
FAIL: gcc.dg/torture/stackalign/setjmp-1.c  -O0  (test for excess errors)
UNRESOLVED: gcc.dg/torture/stackalign/setjmp-1.c  -O0  compilation failed to produce executable
FAIL: gcc.dg/torture/stackalign/setjmp-1.c  -O1  (test for excess errors)
UNRESOLVED: gcc.dg/torture/stackalign/setjmp-1.c  -O1  compilation failed to produce executable
FAIL: gcc.dg/torture/stackalign/setjmp-1.c  -O2  (test for excess errors)
UNRESOLVED: gcc.dg/torture/stackalign/setjmp-1.c  -O2  compilation failed to produce executable
FAIL: gcc.dg/torture/stackalign/setjmp-1.c  -O3 -fomit-frame-pointer  (test for excess errors)
UNRESOLVED: gcc.dg/torture/stackalign/setjmp-1.c  -O3 -fomit-frame-pointer  compilation failed to produce executable
FAIL: gcc.dg/torture/stackalign/setjmp-1.c  -O3 -fomit-frame-pointer -funroll-loops  (test for excess errors)
UNRESOLVED: gcc.dg/torture/stackalign/setjmp-1.c  -O3 -fomit-frame-pointer -funroll-loops  compilation failed to produce executable
FAIL: gcc.dg/torture/stackalign/setjmp-1.c  -O3 -fomit-frame-pointer -funroll-all-loops -finline-functions  (test for excess errors)
UNRESOLVED: gcc.dg/torture/stackalign/setjmp-1.c  -O3 -fomit-frame-pointer -funroll-all-loops -finline-functions  compilation failed to produce executable
FAIL: gcc.dg/torture/stackalign/setjmp-1.c  -O3 -g  (test for excess errors)
UNRESOLVED: gcc.dg/torture/stackalign/setjmp-1.c  -O3 -g  compilation failed to produce executable
FAIL: gcc.dg/torture/stackalign/setjmp-1.c  -Os  (test for excess errors)
UNRESOLVED: gcc.dg/torture/stackalign/setjmp-1.c  -Os  compilation failed to produce executable
FAIL: gcc.dg/torture/stackalign/setjmp-1.c  -O2 -flto -flto-partition=none  (test for excess errors)
UNRESOLVED: gcc.dg/torture/stackalign/setjmp-1.c  -O2 -flto -flto-partition=none  compilation failed to produce executable
FAIL: gcc.dg/torture/stackalign/setjmp-1.c  -O2 -flto  (test for excess errors)
UNRESOLVED: gcc.dg/torture/stackalign/setjmp-1.c  -O2 -flto  compilation failed to produce executable
FAIL: gcc.dg/torture/stackalign/setjmp-3.c  -O0  (test for excess errors)
UNRESOLVED: gcc.dg/torture/stackalign/setjmp-3.c  -O0  compilation failed to produce executable
FAIL: gcc.dg/torture/stackalign/setjmp-3.c  -O1  (test for excess errors)
UNRESOLVED: gcc.dg/torture/stackalign/setjmp-3.c  -O1  compilation failed to produce executable
FAIL: gcc.dg/torture/stackalign/setjmp-3.c  -O2  (test for excess errors)
UNRESOLVED: gcc.dg/torture/stackalign/setjmp-3.c  -O2  compilation failed to produce executable
FAIL: gcc.dg/torture/stackalign/setjmp-3.c  -O3 -fomit-frame-pointer  (test for excess errors)
UNRESOLVED: gcc.dg/torture/stackalign/setjmp-3.c  -O3 -fomit-frame-pointer  compilation failed to produce executable
FAIL: gcc.dg/torture/stackalign/setjmp-3.c  -O3 -fomit-frame-pointer -funroll-loops  (test for excess errors)
UNRESOLVED: gcc.dg/torture/stackalign/setjmp-3.c  -O3 -fomit-frame-pointer -funroll-loops  compilation failed to produce executable
FAIL: gcc.dg/torture/stackalign/setjmp-3.c  -O3 -fomit-frame-pointer -funroll-all-loops -finline-functions  (test for excess errors)
UNRESOLVED: gcc.dg/torture/stackalign/setjmp-3.c  -O3 -fomit-frame-pointer -funroll-all-loops -finline-functions  compilation failed to produce executable
FAIL: gcc.dg/torture/stackalign/setjmp-3.c  -O3 -g  (test for excess errors)
UNRESOLVED: gcc.dg/torture/stackalign/setjmp-3.c  -O3 -g  compilation failed to produce executable
FAIL: gcc.dg/torture/stackalign/setjmp-3.c  -Os  (test for excess errors)
UNRESOLVED: gcc.dg/torture/stackalign/setjmp-3.c  -Os  compilation failed to produce executable
FAIL: gcc.dg/torture/stackalign/setjmp-3.c  -O2 -flto -flto-partition=none  (test for excess errors)
UNRESOLVED: gcc.dg/torture/stackalign/setjmp-3.c  -O2 -flto -flto-partition=none  compilation failed to produce executable
FAIL: gcc.dg/torture/stackalign/setjmp-3.c  -O2 -flto  (test for excess errors)
UNRESOLVED: gcc.dg/torture/stackalign/setjmp-3.c  -O2 -flto  compilation failed to produce executable
FAIL: gcc.dg/torture/stackalign/setjmp-4.c  -O0  (test for excess errors)
UNRESOLVED: gcc.dg/torture/stackalign/setjmp-4.c  -O0  compilation failed to produce executable
FAIL: gcc.dg/torture/stackalign/setjmp-4.c  -O1  (test for excess errors)
UNRESOLVED: gcc.dg/torture/stackalign/setjmp-4.c  -O1  compilation failed to produce executable
FAIL: gcc.dg/torture/stackalign/setjmp-4.c  -O2  (test for excess errors)
UNRESOLVED: gcc.dg/torture/stackalign/setjmp-4.c  -O2  compilation failed to produce executable
FAIL: gcc.dg/torture/stackalign/setjmp-4.c  -O3 -fomit-frame-pointer  (test for excess errors)
UNRESOLVED: gcc.dg/torture/stackalign/setjmp-4.c  -O3 -fomit-frame-pointer  compilation failed to produce executable
FAIL: gcc.dg/torture/stackalign/setjmp-4.c  -O3 -fomit-frame-pointer -funroll-loops  (test for excess errors)
UNRESOLVED: gcc.dg/torture/stackalign/setjmp-4.c  -O3 -fomit-frame-pointer -funroll-loops  compilation failed to produce executable
FAIL: gcc.dg/torture/stackalign/setjmp-4.c  -O3 -fomit-frame-pointer -funroll-all-loops -finline-functions  (test for excess errors)
UNRESOLVED: gcc.dg/torture/stackalign/setjmp-4.c  -O3 -fomit-frame-pointer -funroll-all-loops -finline-functions  compilation failed to produce executable
FAIL: gcc.dg/torture/stackalign/setjmp-4.c  -O3 -g  (test for excess errors)
UNRESOLVED: gcc.dg/torture/stackalign/setjmp-4.c  -O3 -g  compilation failed to produce executable
FAIL: gcc.dg/torture/stackalign/setjmp-4.c  -Os  (test for excess errors)
UNRESOLVED: gcc.dg/torture/stackalign/setjmp-4.c  -Os  compilation failed to produce executable
FAIL: gcc.dg/torture/stackalign/setjmp-4.c  -O2 -flto -flto-partition=none  (test for excess errors)
UNRESOLVED: gcc.dg/torture/stackalign/setjmp-4.c  -O2 -flto -flto-partition=none  compilation failed to produce executable
FAIL: gcc.dg/torture/stackalign/setjmp-4.c  -O2 -flto  (test for excess errors)
UNRESOLVED: gcc.dg/torture/stackalign/setjmp-4.c  -O2 -flto  compilation failed to produce executable
FAIL: gcc.dg/torture/stackalign/sibcall-1.c  -O0  (test for excess errors)
UNRESOLVED: gcc.dg/torture/stackalign/sibcall-1.c  -O0  compilation failed to produce executable
FAIL: gcc.dg/torture/stackalign/sibcall-1.c  -O1  (test for excess errors)
UNRESOLVED: gcc.dg/torture/stackalign/sibcall-1.c  -O1  compilation failed to produce executable
FAIL: gcc.dg/torture/stackalign/sibcall-1.c  -O2  (test for excess errors)
UNRESOLVED: gcc.dg/torture/stackalign/sibcall-1.c  -O2  compilation failed to produce executable
FAIL: gcc.dg/torture/stackalign/sibcall-1.c  -O3 -fomit-frame-pointer  (test for excess errors)
UNRESOLVED: gcc.dg/torture/stackalign/sibcall-1.c  -O3 -fomit-frame-pointer  compilation failed to produce executable
FAIL: gcc.dg/torture/stackalign/sibcall-1.c  -O3 -g  (test for excess errors)
UNRESOLVED: gcc.dg/torture/stackalign/sibcall-1.c  -O3 -g  compilation failed to produce executable
FAIL: gcc.dg/torture/stackalign/sibcall-1.c  -Os  (test for excess errors)
UNRESOLVED: gcc.dg/torture/stackalign/sibcall-1.c  -Os  compilation failed to produce executable
FAIL: gcc.dg/torture/stackalign/sibcall-1.c  -O2 -flto -flto-partition=none  (test for excess errors)
UNRESOLVED: gcc.dg/torture/stackalign/sibcall-1.c  -O2 -flto -flto-partition=none  compilation failed to produce executable
FAIL: gcc.dg/torture/stackalign/sibcall-1.c  -O2 -flto  (test for excess errors)
UNRESOLVED: gcc.dg/torture/stackalign/sibcall-1.c  -O2 -flto  compilation failed to produce executable
FAIL: gcc.dg/torture/stackalign/vararg-1.c  -O0  (test for excess errors)
UNRESOLVED: gcc.dg/torture/stackalign/vararg-1.c  -O0  compilation failed to produce executable
FAIL: gcc.dg/torture/stackalign/vararg-1.c  -O1  (test for excess errors)
UNRESOLVED: gcc.dg/torture/stackalign/vararg-1.c  -O1  compilation failed to produce executable
FAIL: gcc.dg/torture/stackalign/vararg-1.c  -O2  (test for excess errors)
UNRESOLVED: gcc.dg/torture/stackalign/vararg-1.c  -O2  compilation failed to produce executable
FAIL: gcc.dg/torture/stackalign/vararg-1.c  -O3 -fomit-frame-pointer  (test for excess errors)
UNRESOLVED: gcc.dg/torture/stackalign/vararg-1.c  -O3 -fomit-frame-pointer  compilation failed to produce executable
FAIL: gcc.dg/torture/stackalign/vararg-1.c  -O3 -g  (test for excess errors)
UNRESOLVED: gcc.dg/torture/stackalign/vararg-1.c  -O3 -g  compilation failed to produce executable
FAIL: gcc.dg/torture/stackalign/vararg-1.c  -Os  (test for excess errors)
UNRESOLVED: gcc.dg/torture/stackalign/vararg-1.c  -Os  compilation failed to produce executable
FAIL: gcc.dg/torture/stackalign/vararg-1.c  -O2 -flto -flto-partition=none  (test for excess errors)
UNRESOLVED: gcc.dg/torture/stackalign/vararg-1.c  -O2 -flto -flto-partition=none  compilation failed to produce executable
FAIL: gcc.dg/torture/stackalign/vararg-1.c  -O2 -flto  (test for excess errors)
UNRESOLVED: gcc.dg/torture/stackalign/vararg-1.c  -O2 -flto  compilation failed to produce executable
FAIL: gcc.dg/torture/stackalign/vararg-2.c  -O0  (test for excess errors)
UNRESOLVED: gcc.dg/torture/stackalign/vararg-2.c  -O0  compilation failed to produce executable
FAIL: gcc.dg/torture/stackalign/vararg-2.c  -O1  (test for excess errors)
UNRESOLVED: gcc.dg/torture/stackalign/vararg-2.c  -O1  compilation failed to produce executable
FAIL: gcc.dg/torture/stackalign/vararg-2.c  -O2  (test for excess errors)
UNRESOLVED: gcc.dg/torture/stackalign/vararg-2.c  -O2  compilation failed to produce executable
FAIL: gcc.dg/torture/stackalign/vararg-2.c  -O3 -fomit-frame-pointer  (test for excess errors)
UNRESOLVED: gcc.dg/torture/stackalign/vararg-2.c  -O3 -fomit-frame-pointer  compilation failed to produce executable
FAIL: gcc.dg/torture/stackalign/vararg-2.c  -O3 -g  (test for excess errors)
UNRESOLVED: gcc.dg/torture/stackalign/vararg-2.c  -O3 -g  compilation failed to produce executable
FAIL: gcc.dg/torture/stackalign/vararg-2.c  -Os  (test for excess errors)
UNRESOLVED: gcc.dg/torture/stackalign/vararg-2.c  -Os  compilation failed to produce executable
FAIL: gcc.dg/torture/stackalign/vararg-2.c  -O2 -flto -flto-partition=none  (test for excess errors)
UNRESOLVED: gcc.dg/torture/stackalign/vararg-2.c  -O2 -flto -flto-partition=none  compilation failed to produce executable
FAIL: gcc.dg/torture/stackalign/vararg-2.c  -O2 -flto  (test for excess errors)
UNRESOLVED: gcc.dg/torture/stackalign/vararg-2.c  -O2 -flto  compilation failed to produce executable
FAIL: gcc.dg/tree-ssa/vrp47.c scan-tree-dump-times dom1 "x[^ ]* & y" 1
FAIL: gcc.dg/vect/pr49038.c (test for excess errors)
FAIL: gcc.dg/vect/pr49038.c -flto (test for excess errors)
FAIL: gcc.misc-tests/bprob-1.c compilation,  -g  -fprofile-arcs
UNRESOLVED: gcc.misc-tests/bprob-1.c execution,    -g  -fprofile-arcs
UNRESOLVED: gcc.misc-tests/bprob-1.c compilation,  -g  -fprofile-use
UNRESOLVED: gcc.misc-tests/bprob-1.c execution,    -g  -fprofile-use
FAIL: gcc.misc-tests/bprob-1.c compilation,  -O0  -fprofile-arcs
UNRESOLVED: gcc.misc-tests/bprob-1.c execution,    -O0  -fprofile-arcs
UNRESOLVED: gcc.misc-tests/bprob-1.c compilation,  -O0  -fprofile-use
UNRESOLVED: gcc.misc-tests/bprob-1.c execution,    -O0  -fprofile-use
FAIL: gcc.misc-tests/bprob-1.c compilation,  -O1  -fprofile-arcs
UNRESOLVED: gcc.misc-tests/bprob-1.c execution,    -O1  -fprofile-arcs
UNRESOLVED: gcc.misc-tests/bprob-1.c compilation,  -O1  -fprofile-use
UNRESOLVED: gcc.misc-tests/bprob-1.c execution,    -O1  -fprofile-use
FAIL: gcc.misc-tests/bprob-1.c execution: file bprob-1.gcda does not exist,  -O2 -DPERFTIME  -fprofile-arcs
UNRESOLVED: gcc.misc-tests/bprob-1.c compilation,  -O2 -DPERFTIME  -fprofile-use
UNRESOLVED: gcc.misc-tests/bprob-1.c execution,    -O2 -DPERFTIME  -fprofile-use
FAIL: gcc.misc-tests/bprob-1.c execution: file bprob-1.gcda does not exist,  -O3 -DPERFTIME  -fprofile-arcs
UNRESOLVED: gcc.misc-tests/bprob-1.c compilation,  -O3 -DPERFTIME  -fprofile-use
UNRESOLVED: gcc.misc-tests/bprob-1.c execution,    -O3 -DPERFTIME  -fprofile-use
FAIL: gcc.misc-tests/bprob-1.c execution: file bprob-1.gcda does not exist,  -O3 -g -DPERFTIME  -fprofile-arcs
UNRESOLVED: gcc.misc-tests/bprob-1.c compilation,  -O3 -g -DPERFTIME  -fprofile-use
UNRESOLVED: gcc.misc-tests/bprob-1.c execution,    -O3 -g -DPERFTIME  -fprofile-use
FAIL: gcc.misc-tests/bprob-1.c execution: file bprob-1.gcda does not exist,  -Os  -fprofile-arcs
UNRESOLVED: gcc.misc-tests/bprob-1.c compilation,  -Os  -fprofile-use
UNRESOLVED: gcc.misc-tests/bprob-1.c execution,    -Os  -fprofile-use
FAIL: gcc.misc-tests/bprob-2.c compilation,  -g  -fprofile-arcs
UNRESOLVED: gcc.misc-tests/bprob-2.c execution,    -g  -fprofile-arcs
UNRESOLVED: gcc.misc-tests/bprob-2.c compilation,  -g  -fprofile-use
UNRESOLVED: gcc.misc-tests/bprob-2.c execution,    -g  -fprofile-use
FAIL: gcc.misc-tests/bprob-2.c compilation,  -O0  -fprofile-arcs
UNRESOLVED: gcc.misc-tests/bprob-2.c execution,    -O0  -fprofile-arcs
UNRESOLVED: gcc.misc-tests/bprob-2.c compilation,  -O0  -fprofile-use
UNRESOLVED: gcc.misc-tests/bprob-2.c execution,    -O0  -fprofile-use
FAIL: gcc.misc-tests/bprob-2.c compilation,  -O1  -fprofile-arcs
UNRESOLVED: gcc.misc-tests/bprob-2.c execution,    -O1  -fprofile-arcs
UNRESOLVED: gcc.misc-tests/bprob-2.c compilation,  -O1  -fprofile-use
UNRESOLVED: gcc.misc-tests/bprob-2.c execution,    -O1  -fprofile-use
FAIL: gcc.misc-tests/bprob-2.c execution: file bprob-2.gcda does not exist,  -O2 -DPERFTIME  -fprofile-arcs
UNRESOLVED: gcc.misc-tests/bprob-2.c compilation,  -O2 -DPERFTIME  -fprofile-use
UNRESOLVED: gcc.misc-tests/bprob-2.c execution,    -O2 -DPERFTIME  -fprofile-use
FAIL: gcc.misc-tests/bprob-2.c execution: file bprob-2.gcda does not exist,  -O3 -DPERFTIME  -fprofile-arcs
UNRESOLVED: gcc.misc-tests/bprob-2.c compilation,  -O3 -DPERFTIME  -fprofile-use
UNRESOLVED: gcc.misc-tests/bprob-2.c execution,    -O3 -DPERFTIME  -fprofile-use
FAIL: gcc.misc-tests/bprob-2.c execution: file bprob-2.gcda does not exist,  -O3 -g -DPERFTIME  -fprofile-arcs
UNRESOLVED: gcc.misc-tests/bprob-2.c compilation,  -O3 -g -DPERFTIME  -fprofile-use
UNRESOLVED: gcc.misc-tests/bprob-2.c execution,    -O3 -g -DPERFTIME  -fprofile-use
FAIL: gcc.misc-tests/bprob-2.c execution: file bprob-2.gcda does not exist,  -Os  -fprofile-arcs
UNRESOLVED: gcc.misc-tests/bprob-2.c compilation,  -Os  -fprofile-use
UNRESOLVED: gcc.misc-tests/bprob-2.c execution,    -Os  -fprofile-use

		=== gcc Summary ===

# of expected passes		69237
# of unexpected failures	347
# of expected failures		282
# of unresolved testcases	240
# of unsupported tests		1513
/home/mstein/sim/trunk/sparc-elf/build/gcc/xgcc  version 4.7.0 20110711 (experimental) [trunk revision 176187] (GCC) 


Compiler version: 4.7.0 20110711 (experimental) [trunk revision 176187] (GCC) gcc 
Platform: sparc-unknown-elf
configure flags: --target=sparc-elf --prefix=/home/mstein/cross-local/sparc-elf --enable-languages=c --disable-nls --disable-build-warnings --with-sysroot=/home/mstein/cross-local/sparc-elf --with-build-sysroot=/home/mstein/cross-local/sparc-elf --with-ld=/home/mstein/cross-local/sparc-elf/usr/bin/ld --with-as=/home/mstein/cross-local/sparc-elf/usr/bin/as --disable-libssp --with-mpfr=/opt/cfarm/mpfr-2.4.1 --with-gmp=/opt/cfarm/gmp-4.2.4 --with-libelf=/opt/cfarm/libelf-0.8.12 --with-mpc=/opt/cfarm/mpc-0.8



More information about the Gcc-testresults mailing list