Results for 4.6.2 20110708 (prerelease) [gcc-4_6-branch revision 176024] (GCC) testsuite on sparc-sun-solaris2.10

Rainer Orth ro@CeBiTec.Uni-Bielefeld.DE
Mon Jul 11 10:32:00 GMT 2011


LAST_UPDATED: Fri Jul  8 15:59:02 UTC 2011 (revision 176024)

		=== acats tests ===

		=== acats Summary ===
# of expected passes		2321
# of unexpected failures	0
Native configuration is sparc-sun-solaris2.10

		=== g++ tests ===


Running target unix
FAIL: g++.dg/cpp0x/lambda/lambda-eh2.C execution test

		=== g++ Summary for unix ===

# of expected passes		26489
# of unexpected failures	1
# of expected failures		165
# of unsupported tests		430

Running target unix/-m64
FAIL: g++.dg/cpp0x/lambda/lambda-eh2.C execution test

		=== g++ Summary for unix/-m64 ===

# of expected passes		27101
# of unexpected failures	1
# of expected failures		165
# of unsupported tests		427

		=== g++ Summary ===

# of expected passes		53590
# of unexpected failures	2
# of expected failures		330
# of unsupported tests		857
/var/gcc/regression/gcc-4.6-branch/10-gcc-gas/build/gcc/testsuite/g++/../../g++  version 4.6.2 20110708 (prerelease) [gcc-4_6-branch revision 176024] (GCC) 

		=== gcc tests ===


Running target unix
FAIL: gcc.dg/lto/20110201-1 c_lto_20110201-1_0.o-c_lto_20110201-1_0.o link,  -O0 -flto 
UNRESOLVED: gcc.dg/lto/20110201-1 c_lto_20110201-1_0.o-c_lto_20110201-1_0.o execute  -O0 -flto 

		=== gcc Summary for unix ===

# of expected passes		70000
# of unexpected failures	1
# of expected failures		237
# of unresolved testcases	1
# of unsupported tests		1157

Running target unix/-m64

		=== gcc Summary for unix/-m64 ===

# of expected passes		70581
# of expected failures		228
# of unsupported tests		1168

		=== gcc Summary ===

# of expected passes		140581
# of unexpected failures	1
# of expected failures		465
# of unresolved testcases	1
# of unsupported tests		2325
/var/gcc/regression/gcc-4.6-branch/10-gcc-gas/build/gcc/xgcc  version 4.6.2 20110708 (prerelease) [gcc-4_6-branch revision 176024] (GCC) 

		=== gfortran tests ===


Running target unix

		=== gfortran Summary for unix ===

# of expected passes		38342
# of expected failures		43
# of unsupported tests		265

Running target unix/-m64

		=== gfortran Summary for unix/-m64 ===

# of expected passes		38669
# of expected failures		43
# of unsupported tests		104

		=== gfortran Summary ===

# of expected passes		77011
# of expected failures		86
# of unsupported tests		369
/var/gcc/regression/gcc-4.6-branch/10-gcc-gas/build/gcc/testsuite/gfortran/../../gfortran  version 4.6.2 20110708 (prerelease) [gcc-4_6-branch revision 176024] (GCC) 

		=== gnat tests ===


Running target unix

		=== gnat Summary for unix ===

# of expected passes		869
# of expected failures		10
# of unsupported tests		4

Running target unix/-m64

		=== gnat Summary for unix/-m64 ===

# of expected passes		869
# of expected failures		10
# of unsupported tests		4

		=== gnat Summary ===

# of expected passes		1738
# of expected failures		20
# of unsupported tests		8
/var/gcc/regression/gcc-4.6-branch/10-gcc-gas/build/gcc/gnatmake version 4.6.2 20110708 (prerelease) [gcc-4_6-branch revision 176024]

		=== objc tests ===


Running target unix

		=== objc Summary for unix ===

# of expected passes		2916
# of expected failures		10
# of unsupported tests		74

Running target unix/-m64

		=== objc Summary for unix/-m64 ===

# of expected passes		2916
# of expected failures		10
# of unsupported tests		74

		=== objc Summary ===

# of expected passes		5832
# of expected failures		20
# of unsupported tests		148
/var/gcc/regression/gcc-4.6-branch/10-gcc-gas/build/gcc/xgcc  version 4.6.2 20110708 (prerelease) [gcc-4_6-branch revision 176024] (GCC) 

		=== libffi tests ===


Running target unix

		=== libffi Summary for unix ===

# of expected passes		1634
# of expected failures		10
# of unsupported tests		15

Running target unix/-m64

		=== libffi Summary for unix/-m64 ===

# of expected passes		1634
# of expected failures		10
# of unsupported tests		15

		=== libffi Summary ===

# of expected passes		3268
# of expected failures		20
# of unsupported tests		30
		=== libgomp tests ===


Running target unix

		=== libgomp Summary for unix ===

# of expected passes		2572
# of unsupported tests		10

Running target unix/-m64

		=== libgomp Summary for unix/-m64 ===

# of expected passes		2572
# of unsupported tests		10

		=== libgomp Summary ===

# of expected passes		5144
# of unsupported tests		20
		=== libjava tests ===


Running target unix

		=== libjava Summary for unix ===

# of expected passes		2574

Running target unix/-m64

		=== libjava Summary for unix/-m64 ===

# of expected passes		2574

		=== libjava Summary ===

# of expected passes		5148
		=== libstdc++ tests ===


Running target unix

		=== libstdc++ Summary for unix ===

# of expected passes		7392
# of expected failures		83
# of unsupported tests		460

Running target unix/-m64

		=== libstdc++ Summary for unix/-m64 ===

# of expected passes		7392
# of expected failures		83
# of unsupported tests		460

		=== libstdc++ Summary ===

# of expected passes		14784
# of expected failures		166
# of unsupported tests		920

Compiler version: 4.6.2 20110708 (prerelease) [gcc-4_6-branch revision 176024] (GCC) 
Platform: sparc-sun-solaris2.10
configure flags: --prefix=/vol/gcc --target=sparc-sun-solaris2.10 --with-as=/vol/gcc/bin/gas-2.21.1 --with-gnu-as --with-gmp-include=/vol/gcc/include --with-gmp-lib=/vol/gcc/lib --with-mpfr-include=/vol/gcc/include --with-mpfr-lib=/vol/gcc/lib --with-mpc-include=/vol/gcc/include --with-mpc-lib=/vol/gcc/lib --enable-languages=all,ada --without-ppl --without-cloog
BOOT_CFLAGS=-g -O2



More information about the Gcc-testresults mailing list