Results for 4.7.0 20110708 (experimental) [trunk revision 176045] (GCC) testsuite on sparc-sun-solaris2.11

Rainer Orth ro@CeBiTec.Uni-Bielefeld.DE
Mon Jul 11 10:01:00 GMT 2011


LAST_UPDATED: Fri Jul  8 15:57:17 UTC 2011 (revision 176045)

		=== acats tests ===

		=== acats Summary ===
# of expected passes		2321
# of unexpected failures	0
Native configuration is sparc-sun-solaris2.11

		=== g++ tests ===


Running target unix
WARNING: program timed out.
FAIL: g++.dg/torture/stackalign/eh-inline-2.C  -O1  (test for excess errors)

		=== g++ Summary for unix ===

# of expected passes		26943
# of unexpected failures	1
# of expected failures		157
# of unsupported tests		431

Running target unix/-m64
WARNING: program timed out.
FAIL: g++.dg/template/spec24.C (test for excess errors)

		=== g++ Summary for unix/-m64 ===

# of expected passes		27555
# of unexpected failures	1
# of expected failures		157
# of unsupported tests		428

		=== g++ Summary ===

# of expected passes		54498
# of unexpected failures	2
# of expected failures		314
# of unsupported tests		859
/var/gcc/regression/trunk/11-gcc-gas/build/gcc/testsuite/g++/../../g++  version 4.7.0 20110708 (experimental) [trunk revision 176045] (GCC) 

		=== gcc tests ===


Running target unix
FAIL: gcc.dg/tree-ssa/vrp47.c scan-tree-dump-times dom1 "x[^ ]* & y" 1

		=== gcc Summary for unix ===

# of expected passes		71777
# of unexpected failures	1
# of expected failures		297
# of unsupported tests		1316

Running target unix/-m64
FAIL: gcc.c-torture/compile/20000412-1.c  -O3 -fomit-frame-pointer  (test for excess errors)
FAIL: gcc.c-torture/compile/920501-18.c  -Os  (test for excess errors)
FAIL: gcc.c-torture/compile/limits-pointer.c  -O3 -fomit-frame-pointer  (test for excess errors)
WARNING: program timed out.
WARNING: program timed out.
WARNING: program timed out.
FAIL: gcc.c-torture/execute/980526-3.c compilation,  -Os 
UNRESOLVED: gcc.c-torture/execute/980526-3.c execution,  -Os 
WARNING: program timed out.
WARNING: program timed out.
FAIL: gcc.c-torture/unsorted/rmsc.c,  -O2  
FAIL: gcc.dg/pr44194-1.c scan-rtl-dump dse1 "global deletions = 2"
WARNING: program timed out.
FAIL: c-c++-common/torture/complex-sign-mixed-mul.c  -O3 -g  (test for excess errors)
FAIL: gcc.dg/tree-ssa/vrp47.c scan-tree-dump-times dom1 "x[^ ]* & y" 1

		=== gcc Summary for unix/-m64 ===

# of expected passes		72404
# of unexpected failures	8
# of expected failures		286
# of unresolved testcases	1
# of unsupported tests		1324

		=== gcc Summary ===

# of expected passes		144181
# of unexpected failures	9
# of expected failures		583
# of unresolved testcases	1
# of unsupported tests		2640
/var/gcc/regression/trunk/11-gcc-gas/build/gcc/xgcc  version 4.7.0 20110708 (experimental) [trunk revision 176045] (GCC) 

		=== gfortran tests ===


Running target unix
FAIL: gfortran.dg/coarray_lock_3.f90  -O   (test for errors, line 72)

		=== gfortran Summary for unix ===

# of expected passes		38974
# of unexpected failures	1
# of expected failures		55
# of unsupported tests		262

Running target unix/-m64
FAIL: gfortran.dg/coarray_lock_3.f90  -O   (test for errors, line 72)
FAIL: gfortran.dg/minmaxloc_1.f90  -O3 -fomit-frame-pointer -funroll-loops  (test for excess errors)
FAIL: gfortran.dg/proc_ptr_5.f90  -O3 -fomit-frame-pointer  (test for excess errors)
FAIL: gfortran.dg/zero_sized_1.f90  -O3 -g  (test for excess errors)
WARNING: program timed out.
WARNING: program timed out.
WARNING: program timed out.
WARNING: program timed out.

		=== gfortran Summary for unix/-m64 ===

# of expected passes		39298
# of unexpected failures	4
# of expected failures		55
# of unsupported tests		101

		=== gfortran Summary ===

# of expected passes		78272
# of unexpected failures	5
# of expected failures		110
# of unsupported tests		363
/var/gcc/regression/trunk/11-gcc-gas/build/gcc/testsuite/gfortran/../../gfortran  version 4.7.0 20110708 (experimental) [trunk revision 176045] (GCC) 

		=== gnat tests ===


Running target unix

		=== gnat Summary for unix ===

# of expected passes		908
# of expected failures		11
# of unsupported tests		6

Running target unix/-m64

		=== gnat Summary for unix/-m64 ===

# of expected passes		908
# of expected failures		11
# of unsupported tests		6

		=== gnat Summary ===

# of expected passes		1816
# of expected failures		22
# of unsupported tests		12
/var/gcc/regression/trunk/11-gcc-gas/build/gcc/gnatmake version 4.7.0 20110708 (experimental) [trunk revision 176045]

		=== go tests ===


Running target unix
FAIL: ./64bit-out.go compilation,  -O2 -g 
FAIL: ./select5-out.go compilation,  -O2 -g 
FAIL: ./tmp.go compilation,  -O2 -g 
FAIL: go.test/test/fixedbugs/bug273.go execution,  -O2 -g 
WARNING: program timed out.
WARNING: program timed out.
WARNING: program timed out.

		=== go Summary for unix ===

# of expected passes		2980
# of unexpected failures	4
# of expected failures		23
# of untested testcases		3

Running target unix/-m64
FAIL: ./64bit-out.go compilation,  -O2 -g 
FAIL: ./select5-out.go compilation,  -O2 -g 
FAIL: ./tmp.go compilation,  -O2 -g 
FAIL: go.test/test/chan/select2.go execution,  -O2 -g 
WARNING: program timed out.
WARNING: program timed out.
WARNING: program timed out.

		=== go Summary for unix/-m64 ===

# of expected passes		2980
# of unexpected failures	4
# of expected failures		23
# of untested testcases		3

		=== go Summary ===

# of expected passes		5960
# of unexpected failures	8
# of expected failures		46
# of untested testcases		6
/var/gcc/regression/trunk/11-gcc-gas/build/gcc/testsuite/go/../../gccgo  version 4.7.0 20110708 (experimental) [trunk revision 176045] (GCC) 

		=== obj-c++ tests ===


Running target unix

		=== obj-c++ Summary for unix ===

# of expected passes		1446
# of expected failures		2
# of unsupported tests		86

Running target unix/-m64

		=== obj-c++ Summary for unix/-m64 ===

# of expected passes		1438
# of expected failures		10
# of unsupported tests		86

		=== obj-c++ Summary ===

# of expected passes		2884
# of expected failures		12
# of unsupported tests		172
/var/gcc/regression/trunk/11-gcc-gas/build/gcc/testsuite/obj-c++/../../g++  version 4.7.0 20110708 (experimental) [trunk revision 176045] (GCC) 

		=== objc tests ===


Running target unix

		=== objc Summary for unix ===

# of expected passes		2980
# of unsupported tests		74

Running target unix/-m64

		=== objc Summary for unix/-m64 ===

# of expected passes		2980
# of unsupported tests		74

		=== objc Summary ===

# of expected passes		5960
# of unsupported tests		148
/var/gcc/regression/trunk/11-gcc-gas/build/gcc/xgcc  version 4.7.0 20110708 (experimental) [trunk revision 176045] (GCC) 

		=== boehm-gc tests ===


Running target unix

		=== boehm-gc Summary for unix ===

# of expected passes		12
# of unsupported tests		1

Running target unix/-m64

		=== boehm-gc Summary for unix/-m64 ===

# of expected passes		12
# of unsupported tests		1

		=== boehm-gc Summary ===

# of expected passes		24
# of unsupported tests		2
		=== libffi tests ===


Running target unix

		=== libffi Summary for unix ===

# of expected passes		1634
# of expected failures		10
# of unsupported tests		15

Running target unix/-m64

		=== libffi Summary for unix/-m64 ===

# of expected passes		1634
# of expected failures		10
# of unsupported tests		15

		=== libffi Summary ===

# of expected passes		3268
# of expected failures		20
# of unsupported tests		30
		=== libgo tests ===


Running target unix
FAIL: big
FAIL: time
FAIL: try
FAIL: testing/quick

		=== libgo Summary for unix ===

# of expected passes		120
# of unexpected failures	4
# of untested testcases		2

Running target unix/-m64
FAIL: big
FAIL: reflect
FAIL: time
FAIL: try
FAIL: testing/quick

		=== libgo Summary for unix/-m64 ===

# of expected passes		119
# of unexpected failures	5
# of untested testcases		2

		=== libgo Summary ===

# of expected passes		239
# of unexpected failures	9
# of untested testcases		4
/var/gcc/regression/trunk/11-gcc-gas/build/./gcc/gccgo version 4.7.0 20110708 (experimental) [trunk revision 176045] (GCC)

		=== libgomp tests ===


Running target unix
FAIL: libgomp.graphite/force-parallel-1.c scan-tree-dump-times graphite "1 loops carried no dependency" 2
FAIL: libgomp.graphite/force-parallel-1.c scan-tree-dump-times optimized "loopfn" 5

		=== libgomp Summary for unix ===

# of expected passes		2616
# of unexpected failures	2
# of unsupported tests		10

Running target unix/-m64
WARNING: program timed out.
FAIL: libgomp.fortran/reduction3.f90  -O3 -fomit-frame-pointer -funroll-all-loops -finline-functions  (test for excess errors)
FAIL: libgomp.graphite/force-parallel-1.c scan-tree-dump-times graphite "1 loops carried no dependency" 2

		=== libgomp Summary for unix/-m64 ===

# of expected passes		2616
# of unexpected failures	2
# of unsupported tests		10

		=== libgomp Summary ===

# of expected passes		5232
# of unexpected failures	4
# of unsupported tests		20
		=== libjava tests ===


Running target unix

		=== libjava Summary for unix ===

# of expected passes		2574

Running target unix/-m64
WARNING: program timed out.
FAIL: PR6820 compilation from source

		=== libjava Summary for unix/-m64 ===

# of expected passes		2571
# of unexpected failures	1
# of untested testcases		2

		=== libjava Summary ===

# of expected passes		5145
# of unexpected failures	1
# of untested testcases		2
		=== libstdc++ tests ===


Running target unix

		=== libstdc++ Summary for unix ===

# of expected passes		7686
# of expected failures		45
# of unsupported tests		474

Running target unix/-m64

		=== libstdc++ Summary for unix/-m64 ===

# of expected passes		7686
# of expected failures		45
# of unsupported tests		474

		=== libstdc++ Summary ===

# of expected passes		15372
# of expected failures		90
# of unsupported tests		948

Compiler version: 4.7.0 20110708 (experimental) [trunk revision 176045] (GCC) 
Platform: sparc-sun-solaris2.11
configure flags: --prefix=/vol/gcc --target=sparc-sun-solaris2.11 --enable-objc-gc --with-host-libstdcxx='-L/vol/gcc-4.4/lib -Wl,-Bstatic -lstdc++ -Wl,-Bdynamic -lm' --with-boot-ldflags='-static-libstdc++ -static-libgcc -L/vol/gcc-4.4/lib' --with-as=/vol/gcc/bin/gas-2.21.1 --with-gnu-as --with-gmp-include=/vol/gcc/include --with-gmp-lib=/vol/gcc/lib --with-mpfr-include=/vol/gcc/include --with-mpfr-lib=/vol/gcc/lib --with-mpc-include=/vol/gcc/include --with-mpc-lib=/vol/gcc/lib --enable-languages=all,ada,obj-c++,go --with-ppl-include=/vol/gcc/include --with-ppl-lib=/vol/gcc/lib --with-cloog-include=/vol/gcc/include --with-cloog-lib=/vol/gcc/lib --enable-cloog-backend=ppl
BOOT_CFLAGS=-g -O2



More information about the Gcc-testresults mailing list