Results for 4.7.0 20110708 (experimental) [trunk revision 176045] (GCC) testsuite on sparc-sun-solaris2.8

Rainer Orth ro@CeBiTec.Uni-Bielefeld.DE
Mon Jul 11 10:01:00 GMT 2011


LAST_UPDATED: Fri Jul  8 15:57:17 UTC 2011 (revision 176045)

		=== acats tests ===

		=== acats Summary ===
# of expected passes		2321
# of unexpected failures	0
Native configuration is sparc-sun-solaris2.8

		=== g++ tests ===


Running target unix
WARNING: program timed out.
FAIL: g++.dg/lto/20091219 cp_lto_20091219_0.o-cp_lto_20091219_0.o link, -O3 -flto
UNRESOLVED: g++.dg/lto/20091219 cp_lto_20091219_0.o-cp_lto_20091219_0.o execute -O3 -flto
FAIL: g++.dg/torture/pr31863.C  -O2 -flto  (test for excess errors)

		=== g++ Summary for unix ===

# of expected passes		26782
# of unexpected failures	2
# of expected failures		158
# of unresolved testcases	1
# of unsupported tests		496

Running target unix/-m64
FAIL: g++.dg/lto/20091219 cp_lto_20091219_0.o-cp_lto_20091219_0.o link, -O3 -flto
UNRESOLVED: g++.dg/lto/20091219 cp_lto_20091219_0.o-cp_lto_20091219_0.o execute -O3 -flto
FAIL: g++.dg/torture/pr31863.C  -O2 -flto  (test for excess errors)

		=== g++ Summary for unix/-m64 ===

# of expected passes		27394
# of unexpected failures	2
# of expected failures		158
# of unresolved testcases	1
# of unsupported tests		493

		=== g++ Summary ===

# of expected passes		54176
# of unexpected failures	4
# of expected failures		316
# of unresolved testcases	2
# of unsupported tests		989
/var/gcc/regression/trunk/8-gcc/build/gcc/testsuite/g++/../../g++  version 4.7.0 20110708 (experimental) [trunk revision 176045] (GCC) 

		=== gcc tests ===


Running target unix
FAIL: gcc.c-torture/compile/limits-fndefn.c  -O3 -g  (test for excess errors)
WARNING: program timed out.
WARNING: program timed out.
FAIL: gcc.dg/pr48141.c (test for excess errors)
WARNING: program timed out.
FAIL: gcc.dg/graphite/interchange-8.c (test for excess errors)
WARNING: gcc.dg/graphite/interchange-8.c compilation failed to produce executable
FAIL: gcc.dg/graphite/interchange-8.c scan-tree-dump-times graphite "will be interchanged" 2
WARNING: program timed out.
FAIL: gcc.dg/tree-ssa/vrp47.c scan-tree-dump-times dom1 "x[^ ]* & y" 1
FAIL: gcc.dg/vect/slp-multitypes-2.c execution test
FAIL: gcc.dg/vect/slp-multitypes-2.c -flto execution test

		=== gcc Summary for unix ===

# of expected passes		71590
# of unexpected failures	7
# of expected failures		294
# of unsupported tests		1389

Running target unix/-m64
FAIL: gcc.dg/pr44194-1.c scan-rtl-dump dse1 "global deletions = 2"
WARNING: program timed out.
FAIL: gcc.dg/graphite/interchange-8.c (test for excess errors)
WARNING: gcc.dg/graphite/interchange-8.c compilation failed to produce executable
FAIL: gcc.dg/graphite/interchange-8.c scan-tree-dump-times graphite "will be interchanged" 2
FAIL: gcc.dg/tree-ssa/vrp47.c scan-tree-dump-times dom1 "x[^ ]* & y" 1

		=== gcc Summary for unix/-m64 ===

# of expected passes		72227
# of unexpected failures	4
# of expected failures		285
# of unsupported tests		1396

		=== gcc Summary ===

# of expected passes		143817
# of unexpected failures	11
# of expected failures		579
# of unsupported tests		2785
/var/gcc/regression/trunk/8-gcc/build/gcc/xgcc  version 4.7.0 20110708 (experimental) [trunk revision 176045] (GCC) 

		=== gfortran tests ===


Running target unix
FAIL: gfortran.dg/coarray_lock_3.f90  -O   (test for errors, line 72)

		=== gfortran Summary for unix ===

# of expected passes		38687
# of unexpected failures	1
# of expected failures		55
# of unsupported tests		400

Running target unix/-m64
FAIL: gfortran.dg/coarray_lock_3.f90  -O   (test for errors, line 72)

		=== gfortran Summary for unix/-m64 ===

# of expected passes		38966
# of unexpected failures	1
# of expected failures		55
# of unsupported tests		263

		=== gfortran Summary ===

# of expected passes		77653
# of unexpected failures	2
# of expected failures		110
# of unsupported tests		663
/var/gcc/regression/trunk/8-gcc/build/gcc/testsuite/gfortran/../../gfortran  version 4.7.0 20110708 (experimental) [trunk revision 176045] (GCC) 

		=== gnat tests ===


Running target unix

		=== gnat Summary for unix ===

# of expected passes		908
# of expected failures		11
# of unsupported tests		6

Running target unix/-m64

		=== gnat Summary for unix/-m64 ===

# of expected passes		908
# of expected failures		11
# of unsupported tests		6

		=== gnat Summary ===

# of expected passes		1816
# of expected failures		22
# of unsupported tests		12
/var/gcc/regression/trunk/8-gcc/build/gcc/gnatmake version 4.7.0 20110708 (experimental) [trunk revision 176045]

		=== go tests ===


Running target unix
FAIL: ./64bit-out.go compilation,  -O2 -g 
FAIL: ./select5-out.go compilation,  -O2 -g 
FAIL: ./tmp.go compilation,  -O2 -g 
FAIL: go.test/test/chan/select2.go execution,  -O2 -g 
FAIL: go.test/test/cmplxdivide.go
FAIL: go.test/test/fixedbugs/bug273.go execution,  -O2 -g 
WARNING: program timed out.
WARNING: program timed out.
WARNING: program timed out.
WARNING: program timed out.

		=== go Summary for unix ===

# of expected passes		2978
# of unexpected failures	6
# of expected failures		23
# of untested testcases		3

Running target unix/-m64
FAIL: ./64bit-out.go compilation,  -O2 -g 
FAIL: ./select5-out.go compilation,  -O2 -g 
FAIL: ./tmp.go compilation,  -O2 -g 
FAIL: go.test/test/cmplxdivide.go
WARNING: program timed out.
WARNING: program timed out.
WARNING: program timed out.
WARNING: program timed out.

		=== go Summary for unix/-m64 ===

# of expected passes		2980
# of unexpected failures	4
# of expected failures		23
# of untested testcases		3

		=== go Summary ===

# of expected passes		5958
# of unexpected failures	10
# of expected failures		46
# of untested testcases		6
/var/gcc/regression/trunk/8-gcc/build/gcc/testsuite/go/../../gccgo  version 4.7.0 20110708 (experimental) [trunk revision 176045] (GCC) 

		=== obj-c++ tests ===


Running target unix

		=== obj-c++ Summary for unix ===

# of expected passes		1446
# of expected failures		2
# of unsupported tests		86

Running target unix/-m64

		=== obj-c++ Summary for unix/-m64 ===

# of expected passes		1438
# of expected failures		10
# of unsupported tests		86

		=== obj-c++ Summary ===

# of expected passes		2884
# of expected failures		12
# of unsupported tests		172
/var/gcc/regression/trunk/8-gcc/build/gcc/testsuite/obj-c++/../../g++  version 4.7.0 20110708 (experimental) [trunk revision 176045] (GCC) 

		=== objc tests ===


Running target unix

		=== objc Summary for unix ===

# of expected passes		2980
# of unsupported tests		74

Running target unix/-m64

		=== objc Summary for unix/-m64 ===

# of expected passes		2980
# of unsupported tests		74

		=== objc Summary ===

# of expected passes		5960
# of unsupported tests		148
/var/gcc/regression/trunk/8-gcc/build/gcc/xgcc  version 4.7.0 20110708 (experimental) [trunk revision 176045] (GCC) 

		=== boehm-gc tests ===


Running target unix

		=== boehm-gc Summary for unix ===

# of expected passes		12
# of unsupported tests		1

Running target unix/-m64

		=== boehm-gc Summary for unix/-m64 ===

# of expected passes		12
# of unsupported tests		1

		=== boehm-gc Summary ===

# of expected passes		24
# of unsupported tests		2
		=== libffi tests ===


Running target unix

		=== libffi Summary for unix ===

# of expected passes		1634
# of expected failures		10
# of unsupported tests		15

Running target unix/-m64

		=== libffi Summary for unix/-m64 ===

# of expected passes		1634
# of expected failures		10
# of unsupported tests		15

		=== libffi Summary ===

# of expected passes		3268
# of expected failures		20
# of unsupported tests		30
		=== libgo tests ===


Running target unix
FAIL: big
FAIL: exec
FAIL: http
FAIL: os
FAIL: rand
FAIL: time
FAIL: try
FAIL: crypto/rand
FAIL: testing/quick

		=== libgo Summary for unix ===

# of expected passes		115
# of unexpected failures	9
# of untested testcases		2

Running target unix/-m64
FAIL: big
FAIL: exec
FAIL: http
FAIL: rand
FAIL: reflect
FAIL: time
FAIL: try
FAIL: crypto/rand
FAIL: http/spdy
FAIL: testing/quick

		=== libgo Summary for unix/-m64 ===

# of expected passes		114
# of unexpected failures	10
# of untested testcases		2

		=== libgo Summary ===

# of expected passes		229
# of unexpected failures	19
# of untested testcases		4
		=== libgomp tests ===


Running target unix
FAIL: libgomp.graphite/force-parallel-1.c execution test
FAIL: libgomp.graphite/force-parallel-1.c scan-tree-dump-times graphite "1 loops carried no dependency" 2
FAIL: libgomp.graphite/force-parallel-1.c scan-tree-dump-times optimized "loopfn" 5

		=== libgomp Summary for unix ===

# of expected passes		2615
# of unexpected failures	3
# of unsupported tests		10

Running target unix/-m64
FAIL: libgomp.graphite/force-parallel-1.c execution test
FAIL: libgomp.graphite/force-parallel-1.c scan-tree-dump-times graphite "1 loops carried no dependency" 2

		=== libgomp Summary for unix/-m64 ===

# of expected passes		2616
# of unexpected failures	2
# of unsupported tests		10

		=== libgomp Summary ===

# of expected passes		5231
# of unexpected failures	5
# of unsupported tests		20
		=== libjava tests ===


Running target unix
FAIL: InvokeInterface execution - source compiled test
FAIL: InvokeInterface -O3 execution - source compiled test

		=== libjava Summary for unix ===

# of expected passes		2570
# of unexpected failures	2
# of untested testcases		2

Running target unix/-m64
FAIL: InvokeInterface execution - source compiled test
FAIL: InvokeInterface -O3 execution - source compiled test

		=== libjava Summary for unix/-m64 ===

# of expected passes		2570
# of unexpected failures	2
# of untested testcases		2

		=== libjava Summary ===

# of expected passes		5140
# of unexpected failures	4
# of untested testcases		4
		=== libstdc++ tests ===


Running target unix
FAIL: ext/pb_ds/regression/tree_data_map_rand.cc (test for excess errors)
WARNING: ext/pb_ds/regression/tree_data_map_rand.cc compilation failed to produce executable
FAIL: ext/pb_ds/regression/tree_no_data_map_rand.cc (test for excess errors)
WARNING: ext/pb_ds/regression/tree_no_data_map_rand.cc compilation failed to produce executable
WARNING: program timed out.
WARNING: program timed out.

		=== libstdc++ Summary for unix ===

# of expected passes		7077
# of unexpected failures	2
# of expected failures		47
# of unsupported tests		764

Running target unix/-m64

		=== libstdc++ Summary for unix/-m64 ===

# of expected passes		7081
# of expected failures		47
# of unsupported tests		764

		=== libstdc++ Summary ===

# of expected passes		14158
# of unexpected failures	2
# of expected failures		94
# of unsupported tests		1528

Compiler version: 4.7.0 20110708 (experimental) [trunk revision 176045] (GCC) 
Platform: sparc-sun-solaris2.8
configure flags: --prefix=/vol/gcc --target=sparc-sun-solaris2.8 --enable-obsolete --enable-objc-gc --with-host-libstdcxx='-L/vol/gcc-4.4/lib -Wl,-Bstatic -lstdc++ -Wl,-Bdynamic -lm' --with-boot-ldflags='-static-libstdc++ -static-libgcc -L/vol/gcc-4.4/lib' --with-gmp-include=/vol/gcc/include --with-gmp-lib=/vol/gcc/lib --with-mpfr-include=/vol/gcc/include --with-mpfr-lib=/vol/gcc/lib --with-mpc-include=/vol/gcc/include --with-mpc-lib=/vol/gcc/lib --enable-languages=all,ada,obj-c++,go --with-ppl-include=/vol/gcc/include --with-ppl-lib=/vol/gcc/lib --with-cloog-include=/vol/gcc/include --with-cloog-lib=/vol/gcc/lib --enable-cloog-backend=ppl
BOOT_CFLAGS=-g -O2



More information about the Gcc-testresults mailing list