Results for 4.7.0 20110708 (experimental) [trunk revision 176045] (GCC) testsuite on i386-pc-solaris2.9

Rainer Orth ro@CeBiTec.Uni-Bielefeld.DE
Mon Jul 11 09:59:00 GMT 2011


LAST_UPDATED: Fri Jul  8 15:57:17 UTC 2011 (revision 176045)

		=== acats tests ===

		=== acats Summary ===
# of expected passes		2321
# of unexpected failures	0
Native configuration is i386-pc-solaris2.9

		=== g++ tests ===


Running target unix
FAIL: g++.dg/lto/20091219 cp_lto_20091219_0.o-cp_lto_20091219_0.o link, -O3 -flto
UNRESOLVED: g++.dg/lto/20091219 cp_lto_20091219_0.o-cp_lto_20091219_0.o execute -O3 -flto
FAIL: g++.dg/torture/pr31863.C  -O2 -flto  (test for excess errors)

		=== g++ Summary ===

# of expected passes		27242
# of unexpected failures	2
# of expected failures		157
# of unresolved testcases	1
# of unsupported tests		258
/var/gcc/regression/trunk/9-gcc/build/gcc/testsuite/g++/../../g++  version 4.7.0 20110708 (experimental) [trunk revision 176045] (GCC) 

		=== gcc tests ===


Running target unix
FAIL: gcc.dg/tree-ssa/vrp47.c scan-tree-dump-times dom1 "x[^ ]* & y" 1

		=== gcc Summary ===

# of expected passes		77210
# of unexpected failures	1
# of expected failures		245
# of unsupported tests		1547
/var/gcc/regression/trunk/9-gcc/build/gcc/xgcc  version 4.7.0 20110708 (experimental) [trunk revision 176045] (GCC) 

		=== gfortran tests ===


Running target unix
FAIL: gfortran.dg/coarray_lock_3.f90  -O   (test for errors, line 72)

		=== gfortran Summary ===

# of expected passes		38760
# of unexpected failures	1
# of expected failures		53
# of unsupported tests		366
/var/gcc/regression/trunk/9-gcc/build/gcc/testsuite/gfortran/../../gfortran  version 4.7.0 20110708 (experimental) [trunk revision 176045] (GCC) 

		=== gnat tests ===


Running target unix

		=== gnat Summary ===

# of expected passes		909
# of expected failures		11
# of unsupported tests		5
/var/gcc/regression/trunk/9-gcc/build/gcc/gnatmake version 4.7.0 20110708 (experimental) [trunk revision 176045]

		=== go tests ===


Running target unix
FAIL: go.test/test/fixedbugs/bug273.go execution,  -O2 -g 

		=== go Summary ===

# of expected passes		2986
# of unexpected failures	1
# of expected failures		23
/var/gcc/regression/trunk/9-gcc/build/gcc/testsuite/go/../../gccgo  version 4.7.0 20110708 (experimental) [trunk revision 176045] (GCC) 

		=== obj-c++ tests ===


Running target unix

		=== obj-c++ Summary ===

# of expected passes		1446
# of expected failures		2
# of unsupported tests		86
/var/gcc/regression/trunk/9-gcc/build/gcc/testsuite/obj-c++/../../g++  version 4.7.0 20110708 (experimental) [trunk revision 176045] (GCC) 

		=== objc tests ===


Running target unix

		=== objc Summary ===

# of expected passes		2974
# of expected failures		6
# of unsupported tests		74
/var/gcc/regression/trunk/9-gcc/build/gcc/xgcc  version 4.7.0 20110708 (experimental) [trunk revision 176045] (GCC) 

		=== boehm-gc tests ===


Running target unix

		=== boehm-gc Summary ===

# of expected passes		12
# of unsupported tests		1
		=== libffi tests ===


Running target unix

		=== libffi Summary ===

# of expected passes		1634
# of expected failures		10
# of unsupported tests		15
		=== libgo tests ===


Running target unix
FAIL: exec
FAIL: http
FAIL: time
FAIL: crypto/rand

		=== libgo Summary ===

# of expected passes		120
# of unexpected failures	4
# of untested testcases		2
		=== libgomp tests ===


Running target unix
FAIL: libgomp.graphite/force-parallel-1.c execution test
FAIL: libgomp.graphite/force-parallel-1.c scan-tree-dump-times graphite "1 loops carried no dependency" 2
FAIL: libgomp.graphite/force-parallel-1.c scan-tree-dump-times optimized "loopfn" 5

		=== libgomp Summary ===

# of expected passes		2629
# of unexpected failures	3
# of unsupported tests		3
		=== libjava tests ===


Running target unix
FAIL: Divide_1 output - source compiled test
FAIL: Divide_1 -findirect-dispatch output - source compiled test
FAIL: Divide_1 -O3 output - source compiled test
FAIL: Divide_1 -O3 -findirect-dispatch output - source compiled test
FAIL: InvokeInterface execution - source compiled test
FAIL: InvokeInterface -O3 execution - source compiled test

		=== libjava Summary ===

# of expected passes		2566
# of unexpected failures	6
# of untested testcases		2
		=== libstdc++ tests ===


Running target unix

		=== libstdc++ Summary ===

# of expected passes		7079
# of expected failures		49
# of unsupported tests		764

Compiler version: 4.7.0 20110708 (experimental) [trunk revision 176045] (GCC) 
Platform: i386-pc-solaris2.9
configure flags: --prefix=/vol/gcc --target=i386-pc-solaris2.9 --enable-objc-gc --with-host-libstdcxx='-L/vol/gcc-4.4/lib -Wl,-Bstatic -lstdc++ -Wl,-Bdynamic -lm' --with-boot-ldflags='-static-libstdc++ -static-libgcc -L/vol/gcc-4.4/lib' --with-gmp-include=/vol/gcc/include --with-gmp-lib=/vol/gcc/lib --with-mpfr-include=/vol/gcc/include --with-mpfr-lib=/vol/gcc/lib --with-mpc-include=/vol/gcc/include --with-mpc-lib=/vol/gcc/lib --enable-languages=all,ada,obj-c++,go --with-ppl-include=/vol/gcc/include --with-ppl-lib=/vol/gcc/lib --with-cloog-include=/vol/gcc/include --with-cloog-lib=/vol/gcc/lib --enable-cloog-backend=ppl
BOOT_CFLAGS=-g -O2



More information about the Gcc-testresults mailing list