Results for 4.7.0 20110707 (experimental) [trunk revision 175963] (GCC) testsuite on x86_64-pc-solaris2.10

Rainer Orth ro@CeBiTec.Uni-Bielefeld.DE
Thu Jul 7 18:35:00 GMT 2011


LAST_UPDATED: Thu Jul  7 12:11:33 UTC 2011 (revision 175963)

Native configuration is x86_64-pc-solaris2.10

		=== boehm-gc tests ===


Running target unix/-m32

		=== boehm-gc Summary for unix/-m32 ===

# of expected passes		12
# of unsupported tests		1

Running target unix

		=== boehm-gc Summary for unix ===

# of expected passes		12
# of unsupported tests		1

		=== boehm-gc Summary ===

# of expected passes		24
# of unsupported tests		2
		=== libffi tests ===


Running target unix/-m32

		=== libffi Summary for unix/-m32 ===

# of expected passes		1634
# of expected failures		10
# of unsupported tests		15

Running target unix

		=== libffi Summary for unix ===

# of expected passes		1634
# of expected failures		10
# of unsupported tests		15

		=== libffi Summary ===

# of expected passes		3268
# of expected failures		20
# of unsupported tests		30
		=== libgo tests ===


Running target unix
FAIL: exec
FAIL: html
FAIL: http
FAIL: log
FAIL: mime
FAIL: netchan
FAIL: os
FAIL: rpc
FAIL: strconv
FAIL: template
FAIL: time
FAIL: websocket
FAIL: archive/tar
FAIL: archive/zip
FAIL: compress/flate
FAIL: compress/lzw
FAIL: compress/zlib
FAIL: crypto/dsa
FAIL: crypto/ecdsa
FAIL: crypto/elliptic
FAIL: crypto/openpgp
FAIL: crypto/rand
FAIL: crypto/rsa
FAIL: crypto/x509
FAIL: crypto/openpgp/packet
FAIL: debug/dwarf
FAIL: debug/elf
FAIL: debug/macho
FAIL: debug/pe
FAIL: go/parser
FAIL: go/printer
FAIL: go/typechecker
FAIL: http/spdy
FAIL: image/jpeg
FAIL: image/png
FAIL: io/ioutil
FAIL: mime/multipart
FAIL: path/filepath
FAIL: rpc/jsonrpc

		=== libgo Summary for unix ===

# of expected passes		85
# of unexpected failures	39
# of untested testcases		2

Running target unix/-m32
FAIL: crypto/aes
FAIL: crypto/rand

		=== libgo Summary for unix/-m32 ===

# of expected passes		122
# of unexpected failures	2
# of untested testcases		2

		=== libgo Summary ===

# of expected passes		207
# of unexpected failures	41
# of untested testcases		4
/var/gcc/regression/trunk/10-gcc-gas-64/build/./gcc/gccgo version 4.7.0 20110707 (experimental) [trunk revision 175963] (GCC)

		=== libgomp tests ===


Running target unix/-m32
FAIL: libgomp.graphite/force-parallel-1.c execution test
FAIL: libgomp.graphite/force-parallel-1.c scan-tree-dump-times graphite "1 loops carried no dependency" 2
FAIL: libgomp.graphite/force-parallel-1.c scan-tree-dump-times optimized "loopfn" 5

		=== libgomp Summary for unix/-m32 ===

# of expected passes		2629
# of unexpected failures	3
# of unsupported tests		3

Running target unix
FAIL: libgomp.graphite/force-parallel-1.c execution test
FAIL: libgomp.graphite/force-parallel-1.c scan-tree-dump-times graphite "1 loops carried no dependency" 2

		=== libgomp Summary for unix ===

# of expected passes		2630
# of unexpected failures	2
# of unsupported tests		3

		=== libgomp Summary ===

# of expected passes		5259
# of unexpected failures	5
# of unsupported tests		6
		=== libjava tests ===


Running target unix/-m32

		=== libjava Summary for unix/-m32 ===

# of expected passes		2574

Running target unix

		=== libjava Summary for unix ===

# of expected passes		2574

		=== libjava Summary ===

# of expected passes		5148
		=== libstdc++ tests ===


Running target unix
FAIL: libstdc++-abi/abi_check

		=== libstdc++ Summary for unix ===

# of expected passes		7684
# of unexpected failures	1
# of expected failures		46
# of unsupported tests		474

Running target unix/-m32

		=== libstdc++ Summary for unix/-m32 ===

# of expected passes		7685
# of expected failures		46
# of unsupported tests		474

		=== libstdc++ Summary ===

# of expected passes		15369
# of unexpected failures	1
# of expected failures		92
# of unsupported tests		948
		=== acats tests ===

		=== acats Summary ===
# of expected passes		2321
# of unexpected failures	0

		=== g++ tests ===


Running target unix

		=== g++ Summary for unix ===

# of expected passes		27609
# of expected failures		157
# of unsupported tests		384

Running target unix/-m32

		=== g++ Summary for unix/-m32 ===

# of expected passes		27376
# of expected failures		157
# of unsupported tests		186

		=== g++ Summary ===

# of expected passes		54985
# of expected failures		314
# of unsupported tests		570
/var/gcc/regression/trunk/10-gcc-gas-64/build/gcc/testsuite/g++/../../g++  version 4.7.0 20110707 (experimental) [trunk revision 175963] (GCC) 

		=== gcc tests ===


Running target unix
FAIL: gcc.dg/graphite/interchange-14.c scan-tree-dump-times graphite "will be interchanged" 1
FAIL: gcc.dg/graphite/interchange-15.c scan-tree-dump-times graphite "will be interchanged" 1
FAIL: gcc.dg/graphite/interchange-mvt.c scan-tree-dump-times graphite "will be interchanged" 1
FAIL: gcc.dg/tree-ssa/vrp47.c scan-tree-dump-times dom1 "x[^ ]* & y" 1

		=== gcc Summary for unix ===

# of expected passes		78767
# of unexpected failures	4
# of expected failures		241
# of unsupported tests		1203

Running target unix/-m32
FAIL: gcc.c-torture/compile/limits-fndefn.c  -O3 -g  (test for excess errors)
WARNING: program timed out.
FAIL: gcc.dg/graphite/interchange-14.c scan-tree-dump-times graphite "will be interchanged" 1
FAIL: gcc.dg/graphite/interchange-15.c scan-tree-dump-times graphite "will be interchanged" 1
FAIL: gcc.dg/graphite/interchange-mvt.c scan-tree-dump-times graphite "will be interchanged" 1
FAIL: gcc.dg/torture/tls/run-ld.c  -O1  execution test
FAIL: gcc.dg/torture/tls/run-ld.c  -O2  execution test
FAIL: gcc.dg/torture/tls/run-ld.c  -O3 -fomit-frame-pointer  execution test
FAIL: gcc.dg/torture/tls/run-ld.c  -O3 -g  execution test
FAIL: gcc.dg/torture/tls/run-ld.c  -Os  execution test
FAIL: gcc.dg/torture/tls/run-ld.c  -O1  -fpic  execution test
FAIL: gcc.dg/torture/tls/run-ld.c  -O2  -fpic  execution test
FAIL: gcc.dg/torture/tls/run-ld.c  -O3 -fomit-frame-pointer  -fpic  execution test
FAIL: gcc.dg/torture/tls/run-ld.c  -O3 -g  -fpic  execution test
FAIL: gcc.dg/torture/tls/run-ld.c  -Os  -fpic  execution test
FAIL: gcc.dg/torture/tls/run-ld.c  -O1  -fPIC  execution test
FAIL: gcc.dg/torture/tls/run-ld.c  -O2  -fPIC  execution test
FAIL: gcc.dg/torture/tls/run-ld.c  -O3 -fomit-frame-pointer  -fPIC  execution test
FAIL: gcc.dg/torture/tls/run-ld.c  -O3 -g  -fPIC  execution test
FAIL: gcc.dg/torture/tls/run-ld.c  -Os  -fPIC  execution test
FAIL: gcc.dg/torture/tls/run-ld.c  -O2 -flto -flto-partition=none  execution test
FAIL: gcc.dg/torture/tls/run-ld.c  -O2 -flto  execution test
FAIL: gcc.dg/torture/tls/thr-init-2.c  -O2  -fpic  execution test
FAIL: gcc.dg/torture/tls/thr-init-2.c  -O3 -fomit-frame-pointer  -fpic  execution test
FAIL: gcc.dg/torture/tls/thr-init-2.c  -O3 -g  -fpic  execution test
FAIL: gcc.dg/torture/tls/thr-init-2.c  -O2  -fPIC  execution test
FAIL: gcc.dg/torture/tls/thr-init-2.c  -O3 -fomit-frame-pointer  -fPIC  execution test
FAIL: gcc.dg/torture/tls/thr-init-2.c  -O3 -g  -fPIC  execution test
FAIL: gcc.dg/tree-ssa/vrp47.c scan-tree-dump-times dom1 "x[^ ]* & y" 1

		=== gcc Summary for unix/-m32 ===

# of expected passes		78565
# of unexpected failures	28
# of expected failures		241
# of unsupported tests		815

		=== gcc Summary ===

# of expected passes		157332
# of unexpected failures	32
# of expected failures		482
# of unsupported tests		2018
/var/gcc/regression/trunk/10-gcc-gas-64/build/gcc/xgcc  version 4.7.0 20110707 (experimental) [trunk revision 175963] (GCC) 

		=== gfortran tests ===


Running target unix
FAIL: gfortran.dg/coarray_lock_3.f90  -O   (test for errors, line 72)

		=== gfortran Summary for unix ===

# of expected passes		39345
# of unexpected failures	1
# of expected failures		53
# of unsupported tests		86

Running target unix/-m32
FAIL: gfortran.dg/coarray_lock_3.f90  -O   (test for errors, line 72)

		=== gfortran Summary for unix/-m32 ===

# of expected passes		39066
# of unexpected failures	1
# of expected failures		53
# of unsupported tests		216

		=== gfortran Summary ===

# of expected passes		78411
# of unexpected failures	2
# of expected failures		106
# of unsupported tests		302
/var/gcc/regression/trunk/10-gcc-gas-64/build/gcc/testsuite/gfortran/../../gfortran  version 4.7.0 20110707 (experimental) [trunk revision 175963] (GCC) 

		=== gnat tests ===


Running target unix/-m32

		=== gnat Summary for unix/-m32 ===

# of expected passes		909
# of expected failures		11
# of unsupported tests		5

Running target unix

		=== gnat Summary for unix ===

# of expected passes		909
# of expected failures		11
# of unsupported tests		5

		=== gnat Summary ===

# of expected passes		1818
# of expected failures		22
# of unsupported tests		10
/var/gcc/regression/trunk/10-gcc-gas-64/build/gcc/gnatmake version 4.7.0 20110707 (experimental) [trunk revision 175963]

		=== go tests ===


Running target unix
FAIL: ./select5-out.go compilation,  -O2 -g 
WARNING: program timed out.

		=== go Summary for unix ===

# of expected passes		2985
# of unexpected failures	1
# of expected failures		23
# of untested testcases		1

Running target unix/-m32
FAIL: ./select5-out.go compilation,  -O2 -g 
FAIL: go.test/test/chan/select2.go execution,  -O2 -g 
FAIL: go.test/test/fixedbugs/bug273.go execution,  -O2 -g 
WARNING: program timed out.

		=== go Summary for unix/-m32 ===

# of expected passes		2983
# of unexpected failures	3
# of expected failures		23
# of untested testcases		1

		=== go Summary ===

# of expected passes		5968
# of unexpected failures	4
# of expected failures		46
# of untested testcases		2
/var/gcc/regression/trunk/10-gcc-gas-64/build/gcc/testsuite/go/../../gccgo  version 4.7.0 20110707 (experimental) [trunk revision 175963] (GCC) 

		=== obj-c++ tests ===


Running target unix/-m32

		=== obj-c++ Summary for unix/-m32 ===

# of expected passes		1446
# of expected failures		2
# of unsupported tests		86

Running target unix

		=== obj-c++ Summary for unix ===

# of expected passes		1438
# of expected failures		10
# of unsupported tests		86

		=== obj-c++ Summary ===

# of expected passes		2884
# of expected failures		12
# of unsupported tests		172
/var/gcc/regression/trunk/10-gcc-gas-64/build/gcc/testsuite/obj-c++/../../g++  version 4.7.0 20110707 (experimental) [trunk revision 175963] (GCC) 

		=== objc tests ===


Running target unix

		=== objc Summary for unix ===

# of expected passes		2974
# of expected failures		6
# of unsupported tests		74

Running target unix/-m32

		=== objc Summary for unix/-m32 ===

# of expected passes		2974
# of expected failures		6
# of unsupported tests		74

		=== objc Summary ===

# of expected passes		5948
# of expected failures		12
# of unsupported tests		148
/var/gcc/regression/trunk/10-gcc-gas-64/build/gcc/xgcc  version 4.7.0 20110707 (experimental) [trunk revision 175963] (GCC) 


Compiler version: 4.7.0 20110707 (experimental) [trunk revision 175963] (GCC) 
Platform: x86_64-pc-solaris2.10
configure flags: --prefix=/vol/gcc --target=amd64-pc-solaris2.10 --enable-objc-gc --with-host-libstdcxx='-L/vol/gcc-4.4/lib/amd64 -Wl,-Bstatic -lstdc++ -Wl,-Bdynamic -lm' --with-boot-ldflags='-static-libstdc++ -static-libgcc -L/vol/gcc-4.4/lib/amd64' --with-as=/vol/gcc/bin/gas-2.21.1 --with-gnu-as --with-gmp-include=/vol/gcc/include --with-gmp-lib=/vol/gcc/lib/amd64 --with-mpfr-include=/vol/gcc/include --with-mpfr-lib=/vol/gcc/lib/amd64 --with-mpc-include=/vol/gcc/include --with-mpc-lib=/vol/gcc/lib/amd64 --enable-languages=all,ada,obj-c++,go --with-ppl-include=/vol/gcc/include --with-ppl-lib=/vol/gcc/lib/amd64 --with-cloog-include=/vol/gcc/include --with-cloog-lib=/vol/gcc/lib/amd64 --enable-cloog-backend=ppl --build=amd64-pc-solaris2.10 --host=amd64-pc-solaris2.10
BOOT_CFLAGS=-g -O2



More information about the Gcc-testresults mailing list