Results for 4.6.1 (GCC) testsuite on x86_64-apple-darwin10.7.0

Sean McGovern sean@seanmcgovern.ca
Tue Jul 5 00:10:00 GMT 2011


\$ uname -a
Darwin homura 10.8.0 Darwin Kernel Version 10.8.0: Tue Jun  7 16:33:36 PDT 2011; root:xnu-1504.15.3~1/RELEASE_I386 i386

********

LAST_UPDATED: Obtained from SVN: tags/gcc_4_6_1_release revision 175473

Native configuration is x86_64-apple-darwin10.7.0

		=== g++ tests ===


Running target unix/-m32
UNRESOLVED: g++.dg/ext/label13.C compilation failed to produce executable

		=== g++ Summary for unix/-m32 ===

# of expected passes		25464
# of expected failures		163
# of unresolved testcases	1
# of unsupported tests		206

Running target unix/-m64
UNRESOLVED: g++.dg/ext/label13.C compilation failed to produce executable

		=== g++ Summary for unix/-m64 ===

# of expected passes		25773
# of expected failures		163
# of unresolved testcases	1
# of unsupported tests		364

		=== g++ Summary ===

# of expected passes		51237
# of expected failures		326
# of unresolved testcases	2
# of unsupported tests		570
/BUILD/gcc/obj-4.6.1/gcc/testsuite/g++/../../g++  version 4.6.1 (GCC) 

		=== gcc tests ===


Running target unix/-m32
FAIL: gcc.dg/ipa/pr48195.c (test for excess errors)

		=== gcc Summary for unix/-m32 ===

# of expected passes		63360
# of unexpected failures	1
# of expected failures		210
# of unsupported tests		1313

Running target unix/-m64
FAIL: gcc.dg/ipa/pr48195.c (test for excess errors)
FAIL: gcc.dg/matrix/transpose-3.c execution,    -fprofile-use -fipa-matrix-reorg -fdump-ipa-matrix-reorg -O3 -fwhole-program

		=== gcc Summary for unix/-m64 ===

# of expected passes		63643
# of unexpected failures	2
# of expected failures		211
# of unsupported tests		1613

		=== gcc Summary ===

# of expected passes		127003
# of unexpected failures	3
# of expected failures		421
# of unsupported tests		2926
/BUILD/gcc/obj-4.6.1/gcc/xgcc  version 4.6.1 (GCC) 

		=== gfortran tests ===


Running target unix/-m32

		=== gfortran Summary for unix/-m32 ===

# of expected passes		38154
# of expected failures		41
# of unsupported tests		209

Running target unix/-m64

		=== gfortran Summary for unix/-m64 ===

# of expected passes		38443
# of expected failures		41
# of unsupported tests		69

		=== gfortran Summary ===

# of expected passes		76597
# of expected failures		82
# of unsupported tests		278
/BUILD/gcc/obj-4.6.1/gcc/testsuite/gfortran/../../gfortran  version 4.6.1 (GCC) 

		=== objc tests ===


Running target unix/-m32

		=== objc Summary for unix/-m32 ===

# of expected passes		5791
# of expected failures		6
# of unsupported tests		74

Running target unix/-m64

		=== objc Summary for unix/-m64 ===

# of expected passes		5743
# of expected failures		22
# of unsupported tests		86

		=== objc Summary ===

# of expected passes		11534
# of expected failures		28
# of unsupported tests		160
/BUILD/gcc/obj-4.6.1/gcc/xgcc  version 4.6.1 (GCC) 

		=== libffi tests ===


Running target unix/-m64

		=== libffi Summary for unix/-m64 ===

# of expected passes		1634
# of expected failures		10
# of unsupported tests		15

Running target unix/-m32

		=== libffi Summary for unix/-m32 ===

# of expected passes		1634
# of expected failures		10
# of unsupported tests		15

		=== libffi Summary ===

# of expected passes		3268
# of expected failures		20
# of unsupported tests		30
		=== libgomp tests ===


Running target unix/-m64

		=== libgomp Summary for unix/-m64 ===

# of expected passes		2586
# of unsupported tests		3

Running target unix/-m32

		=== libgomp Summary for unix/-m32 ===

# of expected passes		2586
# of unsupported tests		3

		=== libgomp Summary ===

# of expected passes		5172
# of unsupported tests		6
		=== libjava tests ===


Running target unix/-m64
FAIL: Thread_Sleep_2 output - source compiled test

		=== libjava Summary for unix/-m64 ===

# of expected passes		2573
# of unexpected failures	1

Running target unix/-m32

		=== libjava Summary for unix/-m32 ===

# of expected passes		2574

		=== libjava Summary ===

# of expected passes		5147
# of unexpected failures	1
		=== libstdc++ tests ===


Running target unix/-m32

		=== libstdc++ Summary for unix/-m32 ===

# of expected passes		7036
# of expected failures		82
# of unsupported tests		652

Running target unix/-m64

		=== libstdc++ Summary for unix/-m64 ===

# of expected passes		7034
# of expected failures		82
# of unsupported tests		653

		=== libstdc++ Summary ===

# of expected passes		14070
# of expected failures		164
# of unsupported tests		1305

		=== libstdc++ Summary ===


Compiler version: 4.6.1 (GCC) 
Platform: x86_64-apple-darwin10.7.0
configure flags: --prefix=/opt/gnu/gcc --target=x86_64-apple-darwin10.7.0 --host=x86_64-apple-darwin10.7.0 --build=x86_64-apple-darwin10.7.0 --with-tune=core2 --with-gmp=/opt/gnu --with-mpfr=/opt/gnu --with-mpc=/opt/gnu --enable-stage1-languages=c --enable-languages=all --program-suffix=-4.6
BOOT_CFLAGS=-g -O2



More information about the Gcc-testresults mailing list