Results for 4.7.0 20110703 (GCC) testsuite on sparc64-sun-solaris2.9

Eric Botcazou botcazou@eu.adacore.com
Mon Jul 4 22:59:00 GMT 2011


		=== acats tests ===

		=== acats Summary ===
# of expected passes		2321
# of unexpected failures	0
Native configuration is sparc64-sun-solaris2.9

		=== gcc tests ===


Running target unix
FAIL: gcc.dg/20020425-1.c (internal compiler error)
FAIL: gcc.dg/20020425-1.c (test for excess errors)
FAIL: gcc.dg/pr44194-1.c scan-rtl-dump dse1 "global deletions = 2"
XPASS: gcc.dg/tree-ssa/20030807-7.c scan-tree-dump-times vrp1 "if " 1
FAIL: gcc.dg/tree-ssa/vrp47.c scan-tree-dump-times dom1 "x[^ ]* & y" 1
FAIL: gcc.dg/vect/pr33804.c scan-tree-dump-times vect "vectorized 1 loops" 1
FAIL: gcc.dg/vect/pr33804.c scan-tree-dump-times vect "vectorizing stmts using SLP" 1
FAIL: gcc.dg/vect/slp-multitypes-3.c scan-tree-dump-times vect "vectorized 1 loops" 1
FAIL: gcc.dg/vect/slp-multitypes-3.c scan-tree-dump-times vect "vectorizing stmts using SLP" 2
FAIL: gcc.dg/vect/pr33804.c -flto scan-tree-dump-times vect "vectorized 1 loops" 1
FAIL: gcc.dg/vect/pr33804.c -flto scan-tree-dump-times vect "vectorizing stmts using SLP" 1
FAIL: gcc.dg/vect/slp-multitypes-3.c -flto scan-tree-dump-times vect "vectorized 1 loops" 1
FAIL: gcc.dg/vect/slp-multitypes-3.c -flto scan-tree-dump-times vect "vectorizing stmts using SLP" 2

		=== gcc Summary ===

# of expected passes		71931
# of unexpected failures	12
# of unexpected successes	1
# of expected failures		270
# of unsupported tests		1310
/nfs/nile/nile.build/botcazou/gcc-head/sparc64-sun-solaris2.9/gcc/xgcc  version 4.7.0 20110703 for GNAT Pro 6.5.0w (20110702) (GCC) 

		=== gfortran tests ===


Running target unix
FAIL: gfortran.dg/coarray_lock_3.f90  -O   (test for errors, line 72)

		=== gfortran Summary ===

# of expected passes		38869
# of unexpected failures	1
# of expected failures		43
# of unsupported tests		253
/nfs/nile/nile.build/botcazou/gcc-head/sparc64-sun-solaris2.9/gcc/testsuite/gfortran/../../gfortran  version 4.7.0 20110703 for GNAT Pro 6.5.0w (20110702) (GCC) 

		=== g++ tests ===


Running target unix

		=== g++ Summary ===

# of expected passes		27471
# of expected failures		157
# of unsupported tests		431
/nfs/nile/nile.build/botcazou/gcc-head/sparc64-sun-solaris2.9/gcc/testsuite/g++/../../g++  version 4.7.0 20110703 for GNAT Pro 6.5.0w (20110702) (GCC) 

		=== gnat tests ===


Running target unix

		=== gnat Summary ===

# of expected passes		908
# of expected failures		11
# of unsupported tests		6
/nfs/nile/nile.build/botcazou/gcc-head/sparc64-sun-solaris2.9/gcc/gnatmake version 4.7.0 20110703 for GNAT Pro 6.5.0w (20110702)

		=== obj-c++ tests ===


Running target unix

		=== obj-c++ Summary ===

# of expected passes		1438
# of expected failures		10
# of unsupported tests		86
/nfs/nile/nile.build/botcazou/gcc-head/sparc64-sun-solaris2.9/gcc/testsuite/obj-c++/../../g++  version 4.7.0 20110703 for GNAT Pro 6.5.0w (20110702) (GCC) 

		=== objc tests ===


Running target unix

		=== objc Summary ===

# of expected passes		2980
# of unsupported tests		74
/nfs/nile/nile.build/botcazou/gcc-head/sparc64-sun-solaris2.9/gcc/xgcc  version 4.7.0 20110703 for GNAT Pro 6.5.0w (20110702) (GCC) 

		=== libgomp tests ===


Running target unix

		=== libgomp Summary ===

# of expected passes		2586
# of unsupported tests		3
		=== libstdc++ tests ===


Running target unix
FAIL: libstdc++-abi/abi_check

		=== libstdc++ Summary ===

# of expected passes		7065
# of unexpected failures	1
# of expected failures		46
# of unsupported tests		772

Compiler version: 4.7.0 20110703 for GNAT Pro 6.5.0w (20110702) (GCC) 
Platform: sparc64-sun-solaris2.9
configure flags: --build=sparc64-sun-solaris2.9 --prefix=/nile.build/botcazou/gcc-head/install_sparc64 --with-as=/nile.build/botcazou/gcc-head/install_sparc64/bin/as --with-gmp=/nile.build/botcazou/support/sparc --with-gmp-lib=/nile.build/botcazou/support/sparc/lib/sparcv9 --with-mpfr=/nile.build/botcazou/support/sparc --with-mpfr-lib=/nile.build/botcazou/support/sparc/lib/sparcv9 --with-mpc=/nile.build/botcazou/support/sparc --with-mpc-lib=/nile.build/botcazou/support/sparc/lib/sparcv9 --enable-languages=c,c++,objc,obj-c++,fortran,ada --disable-nls
BOOT_CFLAGS=-g -O2



More information about the Gcc-testresults mailing list