Results for 4.7.0 20110701 (experimental) [trunk revision 175758] (GCC) testsuite on sparc-sun-solaris2.8

Rainer Orth ro@CeBiTec.Uni-Bielefeld.DE
Mon Jul 4 09:49:00 GMT 2011


LAST_UPDATED: Fri Jul  1 16:02:01 UTC 2011 (revision 175758)

		=== acats tests ===

		=== acats Summary ===
# of expected passes		2321
# of unexpected failures	0
Native configuration is sparc-sun-solaris2.8

		=== g++ tests ===


Running target unix
FAIL: g++.dg/tree-ssa/pr8781.C scan-tree-dump fre1 "Replacing call target with f"
WARNING: program timed out.

		=== g++ Summary for unix ===

# of expected passes		26866
# of unexpected failures	1
# of expected failures		158
# of unsupported tests		431

Running target unix/-m64

		=== g++ Summary for unix/-m64 ===

# of expected passes		27479
# of expected failures		158
# of unsupported tests		428

		=== g++ Summary ===

# of expected passes		54345
# of unexpected failures	1
# of expected failures		316
# of unsupported tests		859
/var/gcc/regression/trunk/8-gcc-gas/build/gcc/testsuite/g++/../../g++  version 4.7.0 20110701 (experimental) [trunk revision 175758] (GCC) 

		=== gcc tests ===


Running target unix
FAIL: gcc.c-torture/compile/limits-fndefn.c  -O3 -g  (test for excess errors)
WARNING: program timed out.
WARNING: program timed out.
FAIL: gcc.dg/pr48141.c (test for excess errors)
WARNING: program timed out.
FAIL: gcc.dg/graphite/interchange-8.c (test for excess errors)
WARNING: gcc.dg/graphite/interchange-8.c compilation failed to produce executable
FAIL: gcc.dg/graphite/interchange-8.c scan-tree-dump-times graphite "will be interchanged" 2
UNRESOLVED: gcc.dg/graphite/pr37485.c scan-tree-dump-times graphite "Loop blocked" 1
WARNING: program timed out.
XPASS: gcc.dg/tree-ssa/20030807-7.c scan-tree-dump-times vrp1 "if " 1
FAIL: gcc.dg/tree-ssa/vrp47.c scan-tree-dump-times dom1 "x[^ ]* & y" 1

		=== gcc Summary for unix ===

# of expected passes		71622
# of unexpected failures	5
# of unexpected successes	1
# of expected failures		291
# of unresolved testcases	1
# of unsupported tests		1331

Running target unix/-m64
FAIL: gcc.c-torture/compile/limits-fndefn.c  -O3 -g  (test for excess errors)
WARNING: program timed out.
FAIL: gcc.dg/pr44194-1.c scan-rtl-dump dse1 "global deletions = 2"
WARNING: program timed out.
FAIL: gcc.dg/graphite/interchange-8.c (test for excess errors)
WARNING: gcc.dg/graphite/interchange-8.c compilation failed to produce executable
FAIL: gcc.dg/graphite/interchange-8.c scan-tree-dump-times graphite "will be interchanged" 2
UNRESOLVED: gcc.dg/graphite/pr37485.c scan-tree-dump-times graphite "Loop blocked" 1
XPASS: gcc.dg/tree-ssa/20030807-7.c scan-tree-dump-times vrp1 "if " 1
FAIL: gcc.dg/tree-ssa/vrp47.c scan-tree-dump-times dom1 "x[^ ]* & y" 1
FAIL: gcc.dg/vect/pr33804.c scan-tree-dump-times vect "vectorized 1 loops" 1
FAIL: gcc.dg/vect/pr33804.c scan-tree-dump-times vect "vectorizing stmts using SLP" 1
FAIL: gcc.dg/vect/slp-multitypes-3.c scan-tree-dump-times vect "vectorized 1 loops" 1
FAIL: gcc.dg/vect/slp-multitypes-3.c scan-tree-dump-times vect "vectorizing stmts using SLP" 2
FAIL: gcc.dg/vect/pr33804.c -flto scan-tree-dump-times vect "vectorized 1 loops" 1
FAIL: gcc.dg/vect/pr33804.c -flto scan-tree-dump-times vect "vectorizing stmts using SLP" 1
FAIL: gcc.dg/vect/slp-multitypes-3.c -flto scan-tree-dump-times vect "vectorized 1 loops" 1
FAIL: gcc.dg/vect/slp-multitypes-3.c -flto scan-tree-dump-times vect "vectorizing stmts using SLP" 2

		=== gcc Summary for unix/-m64 ===

# of expected passes		72258
# of unexpected failures	13
# of unexpected successes	1
# of expected failures		272
# of unresolved testcases	1
# of unsupported tests		1338

		=== gcc Summary ===

# of expected passes		143880
# of unexpected failures	18
# of unexpected successes	2
# of expected failures		563
# of unresolved testcases	2
# of unsupported tests		2669
/var/gcc/regression/trunk/8-gcc-gas/build/gcc/xgcc  version 4.7.0 20110701 (experimental) [trunk revision 175758] (GCC) 

		=== gfortran tests ===


Running target unix
FAIL: gfortran.dg/coarray_lock_3.f90  -O   (test for errors, line 72)
FAIL: gfortran.dg/pr25923.f90  -O   (test for warnings, line 22)

		=== gfortran Summary for unix ===

# of expected passes		38674
# of unexpected failures	2
# of expected failures		55
# of unsupported tests		399

Running target unix/-m64
FAIL: gfortran.dg/coarray_lock_3.f90  -O   (test for errors, line 72)
FAIL: gfortran.dg/pr25923.f90  -O   (test for warnings, line 22)

		=== gfortran Summary for unix/-m64 ===

# of expected passes		38953
# of unexpected failures	2
# of expected failures		55
# of unsupported tests		262

		=== gfortran Summary ===

# of expected passes		77627
# of unexpected failures	4
# of expected failures		110
# of unsupported tests		661
/var/gcc/regression/trunk/8-gcc-gas/build/gcc/testsuite/gfortran/../../gfortran  version 4.7.0 20110701 (experimental) [trunk revision 175758] (GCC) 

		=== gnat tests ===


Running target unix

		=== gnat Summary for unix ===

# of expected passes		908
# of expected failures		11
# of unsupported tests		5

Running target unix/-m64

		=== gnat Summary for unix/-m64 ===

# of expected passes		908
# of expected failures		11
# of unsupported tests		5

		=== gnat Summary ===

# of expected passes		1816
# of expected failures		22
# of unsupported tests		10
/var/gcc/regression/trunk/8-gcc-gas/build/gcc/gnatmake version 4.7.0 20110701 (experimental) [trunk revision 175758]

		=== go tests ===


Running target unix
FAIL: ./64bit-out.go compilation,  -O2 -g 
FAIL: ./select5-out.go compilation,  -O2 -g 
FAIL: ./tmp.go compilation,  -O2 -g 
FAIL: go.test/test/cmplxdivide.go
FAIL: go.test/test/fixedbugs/bug273.go execution,  -O2 -g 
WARNING: program timed out.
WARNING: program timed out.
WARNING: program timed out.
WARNING: program timed out.

		=== go Summary for unix ===

# of expected passes		2979
# of unexpected failures	5
# of expected failures		23
# of untested testcases		3

Running target unix/-m64
FAIL: ./64bit-out.go compilation,  -O2 -g 
FAIL: ./select5-out.go compilation,  -O2 -g 
FAIL: ./tmp.go compilation,  -O2 -g 
FAIL: go.test/test/cmplxdivide.go
WARNING: program timed out.
WARNING: program timed out.
WARNING: program timed out.
WARNING: program timed out.

		=== go Summary for unix/-m64 ===

# of expected passes		2980
# of unexpected failures	4
# of expected failures		23
# of untested testcases		3

		=== go Summary ===

# of expected passes		5959
# of unexpected failures	9
# of expected failures		46
# of untested testcases		6
/var/gcc/regression/trunk/8-gcc-gas/build/gcc/testsuite/go/../../gccgo  version 4.7.0 20110701 (experimental) [trunk revision 175758] (GCC) 

		=== obj-c++ tests ===


Running target unix

		=== obj-c++ Summary for unix ===

# of expected passes		1446
# of expected failures		2
# of unsupported tests		86

Running target unix/-m64

		=== obj-c++ Summary for unix/-m64 ===

# of expected passes		1438
# of expected failures		10
# of unsupported tests		86

		=== obj-c++ Summary ===

# of expected passes		2884
# of expected failures		12
# of unsupported tests		172
/var/gcc/regression/trunk/8-gcc-gas/build/gcc/testsuite/obj-c++/../../g++  version 4.7.0 20110701 (experimental) [trunk revision 175758] (GCC) 

		=== objc tests ===


Running target unix

		=== objc Summary for unix ===

# of expected passes		2980
# of unsupported tests		74

Running target unix/-m64

		=== objc Summary for unix/-m64 ===

# of expected passes		2980
# of unsupported tests		74

		=== objc Summary ===

# of expected passes		5960
# of unsupported tests		148
/var/gcc/regression/trunk/8-gcc-gas/build/gcc/xgcc  version 4.7.0 20110701 (experimental) [trunk revision 175758] (GCC) 

		=== boehm-gc tests ===


Running target unix

		=== boehm-gc Summary for unix ===

# of expected passes		12
# of unsupported tests		1

Running target unix/-m64

		=== boehm-gc Summary for unix/-m64 ===

# of expected passes		12
# of unsupported tests		1

		=== boehm-gc Summary ===

# of expected passes		24
# of unsupported tests		2
		=== libffi tests ===


Running target unix

		=== libffi Summary for unix ===

# of expected passes		1634
# of expected failures		10
# of unsupported tests		15

Running target unix/-m64

		=== libffi Summary for unix/-m64 ===

# of expected passes		1634
# of expected failures		10
# of unsupported tests		15

		=== libffi Summary ===

# of expected passes		3268
# of expected failures		20
# of unsupported tests		30
		=== libgo tests ===


Running target unix
FAIL: big
FAIL: exec
FAIL: flag
FAIL: fmt
FAIL: gob
FAIL: http
FAIL: json
FAIL: rand
FAIL: regexp
FAIL: rpc
FAIL: sync
FAIL: template
FAIL: time
FAIL: try
FAIL: archive/zip
FAIL: crypto/rand
FAIL: http/spdy
FAIL: testing/quick

		=== libgo Summary for unix ===

# of expected passes		106
# of unexpected failures	18
# of untested testcases		2

Running target unix/-m64
FAIL: big
FAIL: exec
FAIL: flag
FAIL: fmt
FAIL: gob
FAIL: http
FAIL: json
FAIL: rand
FAIL: reflect
FAIL: regexp
FAIL: rpc
FAIL: sync
FAIL: template
FAIL: time
FAIL: try
FAIL: archive/zip
FAIL: crypto/rand
FAIL: testing/quick

		=== libgo Summary for unix/-m64 ===

# of expected passes		106
# of unexpected failures	18
# of untested testcases		2

		=== libgo Summary ===

# of expected passes		212
# of unexpected failures	36
# of untested testcases		4
		=== libgomp tests ===


Running target unix
FAIL: libgomp.graphite/force-parallel-1.c execution test

		=== libgomp Summary for unix ===

# of expected passes		2617
# of unexpected failures	1
# of unsupported tests		10

Running target unix/-m64
FAIL: libgomp.graphite/force-parallel-1.c execution test

		=== libgomp Summary for unix/-m64 ===

# of expected passes		2617
# of unexpected failures	1
# of unsupported tests		10

		=== libgomp Summary ===

# of expected passes		5234
# of unexpected failures	2
# of unsupported tests		20
		=== libjava tests ===


Running target unix

		=== libjava Summary for unix ===

# of expected passes		2574

Running target unix/-m64

		=== libjava Summary for unix/-m64 ===

# of expected passes		2574

		=== libjava Summary ===

# of expected passes		5148
		=== libstdc++ tests ===


Running target unix
FAIL: ext/pb_ds/regression/tree_data_map_rand.cc (test for excess errors)
WARNING: ext/pb_ds/regression/tree_data_map_rand.cc compilation failed to produce executable
FAIL: ext/pb_ds/regression/tree_no_data_map_rand.cc (test for excess errors)
WARNING: ext/pb_ds/regression/tree_no_data_map_rand.cc compilation failed to produce executable
WARNING: program timed out.
WARNING: program timed out.

		=== libstdc++ Summary for unix ===

# of expected passes		7077
# of unexpected failures	2
# of expected failures		47
# of unsupported tests		764

Running target unix/-m64

		=== libstdc++ Summary for unix/-m64 ===

# of expected passes		7081
# of expected failures		47
# of unsupported tests		764

		=== libstdc++ Summary ===

# of expected passes		14158
# of unexpected failures	2
# of expected failures		94
# of unsupported tests		1528

Compiler version: 4.7.0 20110701 (experimental) [trunk revision 175758] (GCC) 
Platform: sparc-sun-solaris2.8
configure flags: --prefix=/vol/gcc --target=sparc-sun-solaris2.8 --enable-obsolete --enable-objc-gc --with-host-libstdcxx='-Wl,-Bstatic -lstdc++ -Wl,-Bdynamic -lm' --with-boot-ldflags='-static-libstdc++ -static-libgcc -L/vol/gcc-4.4/lib' --with-as=/vol/gcc/bin/gas-2.21.1 --with-gnu-as --with-gmp-include=/vol/gcc/include --with-gmp-lib=/vol/gcc/lib --with-mpfr-include=/vol/gcc/include --with-mpfr-lib=/vol/gcc/lib --with-mpc-include=/vol/gcc/include --with-mpc-lib=/vol/gcc/lib --enable-languages=all,ada,obj-c++,go --with-ppl-include=/vol/gcc/include --with-ppl-lib=/vol/gcc/lib --with-cloog-include=/vol/gcc/include --with-cloog-lib=/vol/gcc/lib --enable-cloog-backend=ppl
BOOT_CFLAGS=-g -O2



More information about the Gcc-testresults mailing list