Results for 4.6.2 20110702 (prerelease) [gcc-4_6-branch revision 175780] (GCC) testsuite on hppa2.0w-hp-hpux11.11

John David Anglin dave@hiauly3.hia.nrc.ca
Sun Jul 3 23:06:00 GMT 2011


		=== acats tests ===

		=== acats Summary ===
# of expected passes		2321
# of unexpected failures	0
Native configuration is hppa2.0w-hp-hpux11.11

		=== g++ tests ===


Running target unix
FAIL: g++.dg/cpp0x/lambda/lambda-eh2.C execution test
WARNING: g++.dg/ext/label13.C compilation failed to produce executable
FAIL: g++.dg/rtti/anon-ns1.C scan-assembler "*N[^"]+1AE"
WARNING: program timed out.

		=== g++ Summary ===

# of expected passes		23397
# of unexpected failures	2
# of expected failures		165
# of unsupported tests		589
/mnt/gnu/gcc/objdir-test/gcc/testsuite/g++/../../g++  version 4.6.2 20110702 (prerelease) [gcc-4_6-branch revision 175780] (GCC) 

		=== gcc tests ===


Running target unix
WARNING: program timed out.

		=== gcc Summary ===

# of expected passes		55969
# of expected failures		132
# of unsupported tests		1168
/mnt/gnu/gcc/objdir-test/gcc/xgcc  version 4.6.2 20110702 (prerelease) [gcc-4_6-branch revision 175780] (GCC) 

		=== gfortran tests ===


Running target unix
FAIL: gfortran.dg/pr45636.f90  -O  scan-tree-dump-times forwprop2 "memset" 0
FAIL: gfortran.dg/guality/pr41558.f90  -O0  line 7 s == 'foo'
FAIL: gfortran.dg/guality/pr41558.f90  -O1  line 7 s == 'foo'
FAIL: gfortran.dg/guality/pr41558.f90  -O2  line 7 s == 'foo'
FAIL: gfortran.dg/guality/pr41558.f90  -O3 -fomit-frame-pointer  line 7 s == 'foo'
FAIL: gfortran.dg/guality/pr41558.f90  -O3 -fomit-frame-pointer -funroll-loops  line 7 s == 'foo'
FAIL: gfortran.dg/guality/pr41558.f90  -O3 -fomit-frame-pointer -funroll-all-loops -finline-functions  line 7 s == 'foo'
FAIL: gfortran.dg/guality/pr41558.f90  -O3 -g  line 7 s == 'foo'
FAIL: gfortran.dg/guality/pr41558.f90  -Os  line 7 s == 'foo'

		=== gfortran Summary ===

# of expected passes		37234
# of unexpected failures	9
# of expected failures		41
# of unsupported tests		375
/mnt/gnu/gcc/objdir-test/gcc/testsuite/gfortran/../../gfortran  version 4.6.2 20110702 (prerelease) [gcc-4_6-branch revision 175780] (GCC) 

		=== gnat tests ===


Running target unix

		=== gnat Summary ===

# of expected passes		871
# of expected failures		10
# of unsupported tests		3
/mnt/gnu/gcc/objdir-test/gcc/gnatmake version 4.6.2 20110702 (prerelease) [gcc-4_6-branch revision 175780]

		=== obj-c++ tests ===


Running target unix

		=== obj-c++ Summary ===

# of expected passes		1344
# of expected failures		2
# of unsupported tests		69
/mnt/gnu/gcc/objdir-test/gcc/testsuite/obj-c++/../../g++  version 4.6.2 20110702 (prerelease) [gcc-4_6-branch revision 175780] (GCC) 

		=== objc tests ===


Running target unix

		=== objc Summary ===

# of expected passes		2844
# of expected failures		8
# of unsupported tests		65
/mnt/gnu/gcc/objdir-test/gcc/xgcc  version 4.6.2 20110702 (prerelease) [gcc-4_6-branch revision 175780] (GCC) 

		=== libffi tests ===


Running target unix

		=== libffi Summary ===

# of expected passes		1634
# of expected failures		10
# of unsupported tests		15
		=== libgomp tests ===


Running target unix

		=== libgomp Summary ===

# of expected passes		2572
# of unsupported tests		10
		=== libjava tests ===


Running target unix
FAIL: LargeFile execution - source compiled test
FAIL: LargeFile -findirect-dispatch execution - source compiled test
FAIL: LargeFile -O3 execution - source compiled test
FAIL: LargeFile -O3 -findirect-dispatch execution - source compiled test

		=== libjava Summary ===

# of expected passes		2566
# of unexpected failures	4
# of untested testcases		4
		=== libstdc++ tests ===


Running target unix

		=== libstdc++ Summary ===

# of expected passes		6867
# of expected failures		82
# of unsupported tests		737

Compiler version: 4.6.2 20110702 (prerelease) [gcc-4_6-branch revision 175780] (GCC) 
Platform: hppa2.0w-hp-hpux11.11
configure flags:Test Run By dave on Sat Jul  2 22:41:24 EDT 2011



More information about the Gcc-testresults mailing list