Results for 4.7.0 20110702 (experimental) [trunk revision 175780] (GCC) testsuite on hppa2.0w-hp-hpux11.11
John David Anglin
dave@hiauly3.hia.nrc.ca
Sun Jul 3 23:05:00 GMT 2011
=== acats tests ===
=== acats Summary ===
# of expected passes 2321
# of unexpected failures 0
Native configuration is hppa2.0w-hp-hpux11.11
=== g++ tests ===
Running target unix
WARNING: g++.dg/ext/label13.C compilation failed to produce executable
FAIL: g++.dg/rtti/anon-ns1.C scan-assembler "*N[^"]+1AE"
WARNING: program timed out.
=== g++ Summary ===
# of expected passes 23783
# of unexpected failures 1
# of expected failures 157
# of unsupported tests 598
/test/gnu/gcc/objdir/gcc/testsuite/g++/../../g++ version 4.7.0 20110702 (experimental) [trunk revision 175780] (GCC)
=== gcc tests ===
Running target unix
WARNING: program timed out.
XPASS: gcc.dg/tree-ssa/20030807-7.c scan-tree-dump-times vrp1 "if " 1
FAIL: gcc.dg/tree-ssa/vrp47.c scan-tree-dump-times dom1 "x[^ ]* & y" 1
=== gcc Summary ===
# of expected passes 56454
# of unexpected failures 1
# of unexpected successes 1
# of expected failures 108
# of unsupported tests 1187
/test/gnu/gcc/objdir/gcc/xgcc version 4.7.0 20110702 (experimental) [trunk revision 175780] (GCC)
=== gfortran tests ===
Running target unix
FAIL: gfortran.dg/coarray_lock_3.f90 -O (test for errors, line 72)
FAIL: gfortran.dg/pr45636.f90 -O scan-tree-dump-times forwprop2 "memset" 0
FAIL: gfortran.dg/guality/pr41558.f90 -O0 line 7 s == 'foo'
FAIL: gfortran.dg/guality/pr41558.f90 -O1 line 7 s == 'foo'
FAIL: gfortran.dg/guality/pr41558.f90 -O2 line 7 s == 'foo'
FAIL: gfortran.dg/guality/pr41558.f90 -O3 -fomit-frame-pointer line 7 s == 'foo'
FAIL: gfortran.dg/guality/pr41558.f90 -O3 -fomit-frame-pointer -funroll-loops line 7 s == 'foo'
FAIL: gfortran.dg/guality/pr41558.f90 -O3 -fomit-frame-pointer -funroll-all-loops -finline-functions line 7 s == 'foo'
FAIL: gfortran.dg/guality/pr41558.f90 -O3 -g line 7 s == 'foo'
FAIL: gfortran.dg/guality/pr41558.f90 -Os line 7 s == 'foo'
=== gfortran Summary ===
# of expected passes 37785
# of unexpected failures 10
# of expected failures 41
# of unsupported tests 376
/test/gnu/gcc/objdir/gcc/testsuite/gfortran/../../gfortran version 4.7.0 20110702 (experimental) [trunk revision 175780] (GCC)
=== gnat tests ===
Running target unix
=== gnat Summary ===
# of expected passes 910
# of expected failures 11
# of unsupported tests 4
/test/gnu/gcc/objdir/gcc/gnatmake version 4.7.0 20110702 (experimental) [trunk revision 175780]
=== obj-c++ tests ===
Running target unix
=== obj-c++ Summary ===
# of expected passes 1404
# of expected failures 2
# of unsupported tests 69
/test/gnu/gcc/objdir/gcc/testsuite/obj-c++/../../g++ version 4.7.0 20110702 (experimental) [trunk revision 175780] (GCC)
=== objc tests ===
Running target unix
=== objc Summary ===
# of expected passes 2906
# of unsupported tests 65
/test/gnu/gcc/objdir/gcc/xgcc version 4.7.0 20110702 (experimental) [trunk revision 175780] (GCC)
=== boehm-gc tests ===
Running target unix
=== boehm-gc Summary ===
# of expected passes 12
# of unsupported tests 1
=== libffi tests ===
Running target unix
=== libffi Summary ===
# of expected passes 1634
# of expected failures 10
# of unsupported tests 15
=== libgomp tests ===
Running target unix
=== libgomp Summary ===
# of expected passes 2572
# of unsupported tests 10
=== libjava tests ===
Running target unix
FAIL: LargeFile execution - source compiled test
FAIL: LargeFile -findirect-dispatch execution - source compiled test
FAIL: LargeFile -O3 execution - source compiled test
FAIL: LargeFile -O3 -findirect-dispatch execution - source compiled test
=== libjava Summary ===
# of expected passes 2566
# of unexpected failures 4
# of untested testcases 4
=== libstdc++ tests ===
Running target unix
=== libstdc++ Summary ===
# of expected passes 7033
# of expected failures 45
# of unsupported tests 781
Compiler version: 4.7.0 20110702 (experimental) [trunk revision 175780] (GCC)
Platform: hppa2.0w-hp-hpux11.11
configure flags:Test Run By dave on Sun Jul 3 00:44:34 EDT 2011
More information about the Gcc-testresults
mailing list