Results for 4.7.0 20110701 (experimental) [trunk revision 175742] (GCC) testsuite on sparc-sun-solaris2.10

Sean McGovern sean@seanmcgovern.ca
Fri Jul 1 21:14:00 GMT 2011


\$ uname -a
SunOS spark 5.10 Generic_142909-17 sun4u sparc SUNW,Sun-Blade-1000

\$ cat /etc/release
                   Oracle Solaris 10 9/10 s10s_u9wos_14a SPARC
     Copyright (c) 2010, Oracle and/or its affiliates. All rights reserved.
                            Assembled 11 August 2010

\$ /usr/local/bin/as --version
GNU assembler (GNU Binutils) 2.21

\$ /usr/ccs/bin/ld -V
ld: Software Generation Utilities - Solaris Link Editors: 5.10-1.500

\$ /usr/sbin/psrinfo -pv
The physical processor has 1 virtual processor (0)
  UltraSPARC-III+ (portid 0 impl 0x15 ver 0x23 clock 900 MHz)

Bootstrapped with:

\$ /usr/sfw/bin/gcc -v
Reading specs from /usr/sfw/lib/gcc/sparc-sun-solaris2.10/3.4.3/specs
Configured with: /sfw10/builds/build/sfw10-patch/usr/src/cmd/gcc/gcc-3.4.3/configure --prefix=/usr/sfw --with-as=/usr/ccs/bin/as --without-gnu-as --with-ld=/usr/ccs/bin/ld --without-gnu-ld --enable-languages=c,c++ --enable-shared
Thread model: posix
gcc version 3.4.3 (csl-sol210-3_4-branch+sol_rpath)

********

LAST_UPDATED: Fri Jul  1 00:39:54 UTC 2011 (revision 175742)

Native configuration is sparc-sun-solaris2.10

		=== gcc tests ===


Running target unix/-m32
FAIL: gcc.c-torture/compile/limits-fndefn.c  -O3 -g  (test for excess errors)
FAIL: gcc.c-torture/compile/limits-structnest.c  -O2  (test for excess errors)
FAIL: gcc.c-torture/compile/limits-structnest.c  -O3 -fomit-frame-pointer  (test for excess errors)
FAIL: gcc.c-torture/compile/limits-structnest.c  -O3 -g  (test for excess errors)
FAIL: gcc.c-torture/compile/limits-structnest.c  -Os  (test for excess errors)
FAIL: gcc.c-torture/compile/limits-structnest.c  -O2 -flto -flto-partition=none  (test for excess errors)
FAIL: gcc.c-torture/compile/limits-structnest.c  -O2 -flto  (test for excess errors)
WARNING: program timed out.
FAIL: gcc.c-torture/execute/builtins/strcpy-2.c compilation,  -O3 -g 
UNRESOLVED: gcc.c-torture/execute/builtins/strcpy-2.c execution,  -O3 -g 
FAIL: gcc.c-torture/execute/builtins/strcpy-chk.c compilation,  -O3 -fomit-frame-pointer 
UNRESOLVED: gcc.c-torture/execute/builtins/strcpy-chk.c execution,  -O3 -fomit-frame-pointer 
WARNING: program timed out.
FAIL: gcc.dg/torture/pr43879_1.c  -O1  execution test
FAIL: gcc.dg/torture/pr43879_1.c  -O2  execution test
FAIL: gcc.dg/torture/pr43879_1.c  -O3 -fomit-frame-pointer  execution test
FAIL: gcc.dg/torture/pr43879_1.c  -O3 -g  execution test
FAIL: gcc.dg/torture/pr43879_1.c  -Os  execution test
XPASS: gcc.dg/tree-ssa/20030807-7.c scan-tree-dump-times vrp1 "if " 1
FAIL: gcc.dg/tree-ssa/vrp47.c scan-tree-dump-times dom1 "x[^ ]* & y" 1

		=== gcc Summary for unix/-m32 ===

# of expected passes		71354
# of unexpected failures	15
# of unexpected successes	1
# of expected failures		289
# of unresolved testcases	2
# of unsupported tests		1321

Running target unix/-m64
FAIL: gcc.c-torture/compile/limits-fndefn.c  -O3 -g  (test for excess errors)
FAIL: gcc.c-torture/compile/limits-structnest.c  -O2  (test for excess errors)
FAIL: gcc.c-torture/compile/limits-structnest.c  -O3 -fomit-frame-pointer  (test for excess errors)
FAIL: gcc.c-torture/compile/limits-structnest.c  -O3 -g  (test for excess errors)
FAIL: gcc.c-torture/compile/limits-structnest.c  -Os  (test for excess errors)
FAIL: gcc.c-torture/compile/limits-structnest.c  -O2 -flto -flto-partition=none  (test for excess errors)
FAIL: gcc.c-torture/compile/limits-structnest.c  -O2 -flto  (test for excess errors)
WARNING: program timed out.
FAIL: gcc.dg/pr44194-1.c scan-rtl-dump dse1 "global deletions = 2"
FAIL: gcc.dg/torture/pr43879_1.c  -O1  execution test
FAIL: gcc.dg/torture/pr43879_1.c  -O2  execution test
FAIL: gcc.dg/torture/pr43879_1.c  -O3 -fomit-frame-pointer  execution test
FAIL: gcc.dg/torture/pr43879_1.c  -O3 -g  execution test
FAIL: gcc.dg/torture/pr43879_1.c  -Os  execution test
XPASS: gcc.dg/tree-ssa/20030807-7.c scan-tree-dump-times vrp1 "if " 1
FAIL: gcc.dg/tree-ssa/vrp47.c scan-tree-dump-times dom1 "x[^ ]* & y" 1
FAIL: gcc.dg/vect/pr33804.c scan-tree-dump-times vect "vectorized 1 loops" 1
FAIL: gcc.dg/vect/pr33804.c scan-tree-dump-times vect "vectorizing stmts using SLP" 1
FAIL: gcc.dg/vect/slp-multitypes-3.c scan-tree-dump-times vect "vectorized 1 loops" 1
FAIL: gcc.dg/vect/slp-multitypes-3.c scan-tree-dump-times vect "vectorizing stmts using SLP" 2
FAIL: gcc.dg/vect/pr33804.c -flto scan-tree-dump-times vect "vectorized 1 loops" 1
FAIL: gcc.dg/vect/pr33804.c -flto scan-tree-dump-times vect "vectorizing stmts using SLP" 1
FAIL: gcc.dg/vect/slp-multitypes-3.c -flto scan-tree-dump-times vect "vectorized 1 loops" 1
FAIL: gcc.dg/vect/slp-multitypes-3.c -flto scan-tree-dump-times vect "vectorizing stmts using SLP" 2

		=== gcc Summary for unix/-m64 ===

# of expected passes		72004
# of unexpected failures	22
# of unexpected successes	1
# of expected failures		270
# of unsupported tests		1321

		=== gcc Summary ===

# of expected passes		143358
# of unexpected failures	37
# of unexpected successes	2
# of expected failures		559
# of unresolved testcases	2
# of unsupported tests		2642
/BUILD/gcc/obj-175742/gcc/xgcc  version 4.7.0 20110701 (experimental) [trunk revision 175742] (GCC) 

		=== libgomp tests ===


Running target unix/-m64

		=== libgomp Summary for unix/-m64 ===

# of expected passes		248
# of unsupported tests		10

Running target unix/-m32

		=== libgomp Summary for unix/-m32 ===

# of expected passes		248
# of unsupported tests		10

		=== libgomp Summary ===

# of expected passes		496
# of unsupported tests		20

Compiler version: 4.7.0 20110701 (experimental) [trunk revision 175742] (GCC) 
Platform: sparc-sun-solaris2.10
configure flags: --prefix=/BUILD/gcc/175742 --target=sparc-sun-solaris2.10 --with-tune=ultrasparc3 --with-gnu-as --with-as=/usr/local/bin/as --with-gmp=/local/gcc --with-mpfr=/local/gcc --with-mpc=/local/gcc --disable-libmudflap --disable-libssp --enable-stage1-languages=c --enable-languages=c --program-suffix=-trunk
BOOT_CFLAGS=-g -O2



More information about the Gcc-testresults mailing list