Results for 4.6.0 20110128 (experimental) [trunk revision 169359] (GCC) testsuite on i386-pc-solaris2.9
Rainer Orth
ro@CeBiTec.Uni-Bielefeld.DE
Mon Jan 31 10:10:00 GMT 2011
LAST_UPDATED: Fri Jan 28 15:24:34 UTC 2011 (revision 169359)
=== acats tests ===
=== acats Summary ===
# of expected passes 2321
# of unexpected failures 0
Native configuration is i386-pc-solaris2.9
=== g++ tests ===
Running target unix
=== g++ Summary ===
# of expected passes 26433
# of expected failures 161
# of unsupported tests 190
/var/gcc/regression/trunk/9-gcc-gas/build/gcc/testsuite/g++/../../g++ version 4.6.0 20110128 (experimental) [trunk revision 169359] (GCC)
=== gcc tests ===
Running target unix
FAIL: gcc.target/i386/pr38240.c (internal compiler error)
FAIL: gcc.target/i386/pr38240.c (test for excess errors)
=== gcc Summary ===
# of expected passes 75052
# of unexpected failures 2
# of expected failures 212
# of unsupported tests 833
/var/gcc/regression/trunk/9-gcc-gas/build/gcc/xgcc version 4.6.0 20110128 (experimental) [trunk revision 169359] (GCC)
=== gfortran tests ===
Running target unix
=== gfortran Summary ===
# of expected passes 37390
# of expected failures 43
# of unsupported tests 340
/var/gcc/regression/trunk/9-gcc-gas/build/gcc/testsuite/gfortran/../../gfortran version 4.6.0 20110128 (experimental) [trunk revision 169359] (GCC)
=== gnat tests ===
Running target unix
=== gnat Summary ===
# of expected passes 864
# of expected failures 10
# of unsupported tests 3
/var/gcc/regression/trunk/9-gcc-gas/build/gcc/gnatmake version 4.6.0 20110128 (experimental) [trunk revision 169359]
=== objc tests ===
Running target unix
=== objc Summary ===
# of expected passes 2855
# of expected failures 6
# of unsupported tests 98
/var/gcc/regression/trunk/9-gcc-gas/build/gcc/xgcc version 4.6.0 20110128 (experimental) [trunk revision 169359] (GCC)
=== boehm-gc tests ===
Running target unix
=== boehm-gc Summary ===
# of expected passes 12
# of unsupported tests 1
=== libffi tests ===
Running target unix
=== libffi Summary ===
# of expected passes 1634
# of expected failures 10
# of unsupported tests 15
=== libgomp tests ===
Running target unix
=== libgomp Summary ===
# of expected passes 2522
# of unsupported tests 2
=== libjava tests ===
Running target unix
FAIL: Divide_1 output - source compiled test
FAIL: Divide_1 -findirect-dispatch output - source compiled test
FAIL: Divide_1 -O3 output - source compiled test
FAIL: Divide_1 -O3 -findirect-dispatch output - source compiled test
=== libjava Summary ===
# of expected passes 2570
# of unexpected failures 4
=== libstdc++ tests ===
Running target unix
=== libstdc++ Summary ===
# of expected passes 6830
# of expected failures 87
# of unsupported tests 735
Compiler version: 4.6.0 20110128 (experimental) [trunk revision 169359] (GCC)
Platform: i386-pc-solaris2.9
configure flags: --prefix=/vol/gcc --target=i386-pc-solaris2.9 --with-as=/vol/gcc/bin/gas-2.21 --with-gnu-as --with-gmp=/vol/gcc --with-mpfr=/vol/gcc --with-mpc=/vol/gcc --enable-languages=all,ada
BOOT_CFLAGS=-g -O2
More information about the Gcc-testresults
mailing list