Results for 4.6.0 20110127 (experimental) [trunk revision 169191] (GCC) testsuite on sparc64-unknown-linux-gnu
Laurent GUERBY gcc62
guerby@grobluk.esiee.fr
Mon Jan 31 03:37:00 GMT 2011
=== acats tests ===
FAIL: aa2012a
FAIL: c34006j
FAIL: c34006l
FAIL: c34007a
FAIL: c34007d
FAIL: c34007f
FAIL: c34007g
FAIL: c34007i
FAIL: c34007j
FAIL: c34007m
FAIL: c34007p
FAIL: c34007r
FAIL: c34007s
FAIL: c34007u
FAIL: c34007v
FAIL: c34008a
FAIL: c34009a
FAIL: c34009d
FAIL: c34009f
FAIL: c34009g
FAIL: c34009j
FAIL: c34009l
FAIL: c34011b
FAIL: c34012a
FAIL: c34014a
FAIL: c34014c
FAIL: c34014e
FAIL: c34014g
FAIL: c34014h
FAIL: c34014n
FAIL: c34014p
FAIL: c34014r
FAIL: c34014t
FAIL: c34014u
FAIL: c34018a
FAIL: c340a01
FAIL: c340a02
FAIL: c341a01
FAIL: c341a02
FAIL: c341a03
FAIL: c341a04
FAIL: c35003a
FAIL: c35003b
FAIL: c35003d
FAIL: c35102a
FAIL: c354002
FAIL: c354003
FAIL: c35502a
FAIL: c35502b
FAIL: c35502c
FAIL: c35502d
FAIL: c35502e
FAIL: c35502f
FAIL: c35502g
FAIL: c35502h
FAIL: c35502i
FAIL: c35502j
FAIL: c35502k
FAIL: c35502l
FAIL: c35502m
FAIL: c35502n
FAIL: c35502o
FAIL: c35502p
FAIL: c35503a
FAIL: c35503b
FAIL: c35503c
FAIL: c35503d
FAIL: c35503e
FAIL: c380001
FAIL: c380002
FAIL: c380003
FAIL: c380004
FAIL: c38102d
FAIL: c38102e
FAIL: c38104a
FAIL: c38107a
FAIL: c38107b
FAIL: c38108a
FAIL: c38108b
FAIL: c38108c
FAIL: c38108d
FAIL: c38202a
FAIL: c390001
FAIL: c390002
FAIL: c390003
FAIL: c390004
FAIL: c390005
FAIL: c390006
FAIL: c390007
FAIL: c390010
FAIL: c390011
FAIL: c39006a
FAIL: c39006b
FAIL: c39006c
FAIL: c39006d
FAIL: c39006e
FAIL: c39006f
FAIL: c39006g
FAIL: c39007a
FAIL: c39007b
FAIL: c39008a
FAIL: c39008b
FAIL: c39008c
FAIL: c390a01
FAIL: c390a02
FAIL: c390a03
FAIL: c391001
FAIL: c391002
FAIL: c392002
FAIL: c392003
FAIL: c392004
FAIL: c392005
FAIL: c392008
FAIL: c392010
FAIL: c392011
FAIL: c392013
FAIL: c392014
FAIL: c392a01
FAIL: c392c05
FAIL: c392c07
FAIL: c392d01
FAIL: c392d02
FAIL: c392d03
FAIL: c393001
FAIL: c393007
FAIL: c393008
FAIL: c393009
FAIL: c393010
FAIL: c393011
FAIL: c393012
FAIL: c393a02
FAIL: c393a03
FAIL: c393a05
FAIL: c393a06
FAIL: c393b12
FAIL: c393b13
FAIL: c393b14
FAIL: c3a0001
FAIL: c3a0002
FAIL: c3a0003
FAIL: c3a0004
FAIL: c3a0005
FAIL: c3a0006
FAIL: c3a0007
FAIL: c3a0008
FAIL: c3a0009
FAIL: c3a0010
FAIL: c3a0011
FAIL: c3a0012
FAIL: c3a0013
FAIL: c3a0014
FAIL: c3a0015
FAIL: c3a1001
FAIL: c3a1002
FAIL: c3a2001
FAIL: c3a2002
FAIL: c3a2003
FAIL: c3a2a01
FAIL: c3a2a02
FAIL: c410001
FAIL: c41101d
FAIL: c41103a
FAIL: c41103b
FAIL: c41104a
FAIL: c41105a
FAIL: c41107a
FAIL: c41201d
FAIL: c41203a
FAIL: c41203b
FAIL: c41204a
FAIL: c41205a
FAIL: c41206a
FAIL: c41207a
FAIL: c41301a
FAIL: c41303a
FAIL: c41303b
FAIL: c41303c
FAIL: c41303e
FAIL: c41303f
FAIL: c41303g
FAIL: c41303i
FAIL: c41303j
FAIL: c41303k
FAIL: c41303m
FAIL: c41303n
FAIL: c41303o
FAIL: c41303q
FAIL: c41303r
FAIL: c41303s
FAIL: c41303u
FAIL: c41303v
FAIL: c41303w
FAIL: c41304a
FAIL: c41304b
FAIL: c41306a
FAIL: c41306b
FAIL: c41306c
FAIL: c41307d
FAIL: c41309a
FAIL: c41320a
FAIL: c41321a
FAIL: c41322a
FAIL: c41323a
FAIL: c41324a
FAIL: c41325a
FAIL: c41326a
FAIL: c41327a
FAIL: c41328aFAIL: c42006a
FAIL: c43206a
FAIL: c45531b
FAIL: c45531c
FAIL: c45531d
FAIL: c45531e
FAIL: c45531f
FAIL: c45531g
FAIL: c45531h
FAIL: c45531l
FAIL: c45531m
FAIL: c45531n
FAIL: c45531o
FAIL: c45531p
FAIL: c45532a
FAIL: c45532b
FAIL: c45532c
FAIL: c45532d
FAIL: c45532e
FAIL: c45532f
FAIL: c45532g
FAIL: c45532h
FAIL: c45532i
FAIL: c45532j
FAIL: c45532k
FAIL: c45532l
FAIL: c45532m
FAIL: c45532n
FAIL: c45532o
FAIL: c45532p
FAIL: c45534b
FAIL: c45536a
FAIL: c456001
FAIL: c45611a
FAIL: c45611b
FAIL: c45611c
FAIL: c45613a
FAIL: c45613b
FAIL: c45613c
FAIL: c45614a
FAIL: c45614b
FAIL: c45614c
FAIL: c45622a
FAIL: c45624a
FAIL: c45624b
FAIL: c45631a
FAIL: c45631b
FAIL: c45631c
FAIL: c45632a
FAIL: c45632b
FAIL: c45632c
FAIL: c45651a
FAIL: c45662a
FAIL: c45662b
FAIL: c45672a
FAIL: c460001
FAIL: c460002
FAIL: c460004
FAIL: c460005
FAIL: c460006
FAIL: c460007
FAIL: c460008
FAIL: c460009
FAIL: c460010
FAIL: c460011
FAIL: c460012
FAIL: c46011a
FAIL: c46013a
FAIL: c46014a
FAIL: c46021a
FAIL: c46024a
FAIL: c46031a
FAIL: c46032a
FAIL: c46033a
FAIL: c46041a
FAIL: c46042a
FAIL: c46043b
FAIL: c46044b
FAIL: c46051a
FAIL: c46051b
FAIL: c46051c
FAIL: c46052a
FAIL: c46053a
FAIL: c46054a
FAIL: c460a01
FAIL: c460a02
FAIL: c47002a
FAIL: c47002b
FAIL: c47002c
FAIL: c47002d
FAIL: c47003a
FAIL: c47004a
FAIL: c52005e
FAIL: c52005f
FAIL: c64104b
FAIL: c91004b
FAIL: c91004c
FAIL: c940001
FAIL: c940002
FAIL: c940004
FAIL: c940007
FAIL: c940010
FAIL: c940013
FAIL: c940014
FAIL: c940015
FAIL: c940016
FAIL: c94001a
FAIL: c94001b
FAIL: c94001c
FAIL: c94001e
FAIL: c94001f
FAIL: c94001g
FAIL: c94002a
FAIL: c94002b
FAIL: c94002d
FAIL: c94002e
FAIL: c94002f
FAIL: c94002g
FAIL: c94004a
FAIL: c94004b
FAIL: c94004c
FAIL: c94005a
FAIL: c94005b
FAIL: c94006a
FAIL: c94007a
FAIL: c954019
FAIL: c954023
FAIL: c954024
FAIL: c954025
FAIL: c954026
FAIL: c954a01
FAIL: c954a02
FAIL: c954a03
FAIL: c960001
FAIL: c960002
FAIL: c960004
FAIL: c96001a
FAIL: c96004a
FAIL: c96005a
FAIL: c96005b
FAIL: c96005d
FAIL: c96005f
FAIL: c96006a
FAIL: c96007a
FAIL: c96008a
FAIL: c96008b
FAIL: c97112a
FAIL: c97113a
FAIL: c97114a
FAIL: c97115a
FAIL: c97116a
FAIL: c97117a
FAIL: c97117b
FAIL: c97117c
FAIL: c97118a
FAIL: c97120a
FAIL: c97120b
FAIL: c97201a
FAIL: c97201b
FAIL: c97201c
FAIL: c97201d
FAIL: c97201e
FAIL: c97201g
FAIL: c97201h
FAIL: c97201x
FAIL: c97202a
FAIL: c97203a
FAIL: c97203b
FAIL: c97203c
FAIL: c97204a
FAIL: c97204b
FAIL: c97205a
FAIL: c97205b
FAIL: c97301a
FAIL: c97301e
FAIL: ca1011a
FAIL: ca1012a
FAIL: ca1012b
FAIL: ca1013a
FAIL: ca11005
FAIL: ca11010
FAIL: ca11011
FAIL: ca11014
FAIL: ca11015
FAIL: ca11016
FAIL: ca11018
FAIL: ca11019
FAIL: ca11021
FAIL: ca1102a
FAIL: ca1106a
FAIL: ca11a01
FAIL: ca11c01
FAIL: ca11d03
FAIL: ca14023
FAIL: ca2002a
FAIL: ca2003a
FAIL: ca2004a
FAIL: ca2008a
FAIL: ca2009a
FAIL: ca2009c
FAIL: ca2009f
FAIL: ca21001
FAIL: ca3011a
FAIL: ca5004a
FAIL: ca5006a
FAIL: cb1004a
FAIL: cb1010a
FAIL: cb1010c
FAIL: cb1010d
FAIL: cb2007a
FAIL: cb20a02
FAIL: cb4007a
FAIL: cb4009a
FAIL: cb40a01
FAIL: cb40a02
FAIL: cb40a04
FAIL: cb41001
FAIL: cb41002
FAIL: cb41003
FAIL: cb41004
FAIL: cc1104c
FAIL: cc1221b
FAIL: cc1221c
FAIL: cc1221d
FAIL: cc3007a
FAIL: cc3011a
FAIL: cc3011d
FAIL: cc3015a
FAIL: cc3120b
FAIL: cc3221a
FAIL: cc51a01
FAIL: cc54004
FAIL: cd1009a
FAIL: cd1009v
FAIL: cd1009x
FAIL: cd1009z
FAIL: cd1c03f
FAIL: cd1c03h
FAIL: cd20001
FAIL: cd2a24j
FAIL: cd2a32a
FAIL: cd2a32c
FAIL: cd2a32e
FAIL: cd2a32g
FAIL: cd2a32i
FAIL: cd30002
FAIL: cd30004
FAIL: cd30005
FAIL: cd3014a
FAIL: cd3014c
FAIL: cd3015a
FAIL: cd3015c
FAIL: cd3015e
FAIL: cd40001
FAIL: cd4031a
FAIL: cd4051b
FAIL: cd4051d
FAIL: cd5003a
FAIL: cd5003c
FAIL: cd5003e
FAIL: cd5003g
FAIL: cd5013a
FAIL: cd5013c
FAIL: cd5013e
FAIL: cd5014a
FAIL: cd5014c
FAIL: cd5014e
FAIL: cd7002a
FAIL: cd7103d
FAIL: cd7204b
FAIL: cd7204c
FAIL: cd72a02
FAIL: cd7305a
FAIL: cd90001
FAIL: cda201c
FAIL: cda201e
FAIL: cdd1001
FAIL: cdd2001
FAIL: ce2102b
FAIL: ce2102c
FAIL: ce2102d
FAIL: ce2102e
FAIL: ce2102g
FAIL: ce2102k
FAIL: ce2102l
FAIL: ce2102p
FAIL: ce2102t
FAIL: ce2102x
FAIL: ce2103a
FAIL: ce2106b
FAIL: ce2109b
FAIL: ce2109c
FAIL: ce2110a
FAIL: ce2201b
FAIL: ce2201n
FAIL: ce2202a
FAIL: ce2401c
FAIL: ce2401h
FAIL: ce2401k
FAIL: ce2401l
FAIL: ce2405b
FAIL: ce2408b
FAIL: ce2409a
FAIL: ce2409b
FAIL: ce2411a
FAIL: ce3002b
FAIL: ce3102a
FAIL: ce3102e
FAIL: ce3102f
FAIL: ce3102i
FAIL: ce3102j
FAIL: ce3106a
FAIL: ce3107a
FAIL: ce3114a
FAIL: ce3207a
FAIL: ce3302a
FAIL: ce3304a
FAIL: ce3401a
FAIL: ce3403d
FAIL: ce3403e
FAIL: ce3403f
FAIL: ce3404a
FAIL: ce3405a
FAIL: ce3405d
FAIL: ce3406c
FAIL: ce3407c
FAIL: ce3408a
FAIL: ce3408c
FAIL: ce3409a
FAIL: ce3409b
FAIL: ce3409c
FAIL: ce3409d
FAIL: ce3409e
FAIL: ce3410a
FAIL: ce3410b
FAIL: ce3410c
FAIL: ce3410d
FAIL: ce3410e
FAIL: ce3411a
FAIL: ce3411c
FAIL: ce3412a
FAIL: ce3413a
FAIL: ce3413b
FAIL: ce3413c
FAIL: ce3414a
FAIL: ce3602d
FAIL: ce3604b
FAIL: ce3704a
FAIL: ce3704d
FAIL: ce3704e
FAIL: ce3704m
FAIL: ce3705c
FAIL: ce3707a
FAIL: ce3801b
FAIL: ce3804b
FAIL: ce3804c
FAIL: ce3804f
FAIL: ce3804g
FAIL: ce3804h
FAIL: ce3804i
FAIL: ce3804j
FAIL: ce3804m
FAIL: ce3804o
FAIL: ce3804p
FAIL: ce3805a
FAIL: ce3805b
FAIL: ce3809a
FAIL: ce3901a
FAIL: ce3905c
FAIL: ce3905l
FAIL: ce3906c
FAIL: cxa4012
FAIL: cxa4013
FAIL: cxa4014
FAIL: cxa4015
FAIL: cxa4016
FAIL: cxa4017
FAIL: cxa4018
FAIL: cxa4019
FAIL: cxa4020
FAIL: cxa4021
FAIL: cxa4022
FAIL: cxa4023
FAIL: cxa4024
FAIL: cxa4025
FAIL: cxa4026
FAIL: cxa4027
FAIL: cxa4028
FAIL: cxa4029
FAIL: cxa4030
FAIL: cxa4031
FAIL: cxa4032
FAIL: cxa4033
FAIL: cxa4034
FAIL: cxa5011
FAIL: cxa5012
FAIL: cxa5015
FAIL: cxa5a01
FAIL: cxa5a02
FAIL: cxa5a03
FAIL: cxa5a04
FAIL: cxa5a05
FAIL: cxa5a06
FAIL: cxa5a07
FAIL: cxa5a08
FAIL: cxa5a09
FAIL: cxa5a10
FAIL: cxa8001
FAIL: cxa8002
FAIL: cxa8003
FAIL: cxa9001
FAIL: cxa9002
FAIL: cxaa001
FAIL: cxaa002
FAIL: cxaa003
FAIL: cxaa004
FAIL: cxaa005
FAIL: cxaa006
FAIL: cxaa007
FAIL: cxaa008
FAIL: cxaa009
FAIL: cxaa010
FAIL: cxaa011
FAIL: cxaa012
FAIL: cxaa013
FAIL: cxaa014
FAIL: cxaa015
FAIL: cxaa016
FAIL: cxaa017
FAIL: cxaa018
FAIL: cxaa019
FAIL: cxab001
FAIL: cxac001
FAIL: cxac002
FAIL: cxac003
FAIL: cxac004
FAIL: cxac005
FAIL: cxaca01
FAIL: cxaca02
FAIL: cxacb01
FAIL: cxacb02
FAIL: cxacc01
FAIL: cxaf001
FAIL: cxb2001
FAIL: cxb2002
FAIL: cxb2003
FAIL: cxb3001
FAIL: cxb3002
FAIL: cxb3003
FAIL: cxb3004
FAIL: cxb3005
FAIL: cxb3007
FAIL: cxb3008
FAIL: cxb3009
FAIL: cxb3010
FAIL: cxb3011
FAIL: cxb3012
FAIL: cxb3013
FAIL: cxb3014
FAIL: cxb3015
FAIL: cxb3016
FAIL: cxb4001
FAIL: cxb4002
FAIL: cxb4003
FAIL: cxb4004
FAIL: cxb4005
FAIL: cxb4006
FAIL: cxb4007
FAIL: cxb4008
FAIL: cxb5001
FAIL: cxb5002
FAIL: cxb5003
=== acats Summary ===
# of expected passes 1526
# of unexpected failures
Native configuration is sparc64-unknown-linux-gnu
=== gcc tests ===
Running target unix/-m32
FAIL: gcc.c-torture/execute/20101013-1.c execution, -O2
FAIL: gcc.c-torture/execute/20101013-1.c execution, -O3 -fomit-frame-pointer
FAIL: gcc.c-torture/execute/20101013-1.c execution, -O3 -fomit-frame-pointer -funroll-loops
FAIL: gcc.c-torture/execute/20101013-1.c execution, -O3 -fomit-frame-pointer -funroll-all-loops -finline-functions
FAIL: gcc.c-torture/execute/20101013-1.c execution, -O3 -g
FAIL: gcc.c-torture/execute/20101013-1.c execution, -O2 -flto -flto-partition=none
FAIL: gcc.c-torture/execute/20101013-1.c execution, -O2 -flto
FAIL: gcc.dg/cproj-fails-with-broken-glibc.c execution test
FAIL: gcc.dg/pr42918.c (test for excess errors)
XPASS: gcc.dg/guality/example.c -O0 execution test
XPASS: gcc.dg/guality/example.c -O1 execution test
XPASS: gcc.dg/guality/example.c -Os execution test
XPASS: gcc.dg/guality/guality.c -O0 execution test
XPASS: gcc.dg/guality/guality.c -O1 execution test
XPASS: gcc.dg/guality/guality.c -O2 execution test
XPASS: gcc.dg/guality/guality.c -O3 -fomit-frame-pointer execution test
XPASS: gcc.dg/guality/guality.c -O3 -g execution test
XPASS: gcc.dg/guality/guality.c -Os execution test
FAIL: gcc.dg/guality/inline-params.c -O0 execution test
FAIL: gcc.dg/guality/inline-params.c -O1 execution test
XPASS: gcc.dg/guality/pr41353-1.c -O0 line 28 j == 28 + 37
FAIL: gcc.dg/guality/pr41353-1.c -O1 line 28 i == 37
FAIL: gcc.dg/guality/pr41353-1.c -O2 line 28 i == 37
FAIL: gcc.dg/guality/pr41353-1.c -O3 -fomit-frame-pointer line 28 i == 37
FAIL: gcc.dg/guality/pr41353-1.c -O3 -g line 28 i == 37
FAIL: gcc.dg/guality/pr41353-1.c -Os line 28 i == 37
FAIL: gcc.dg/guality/pr41353-1.c -O2 -flto -flto-partition=none line 28 i == 37
FAIL: gcc.dg/guality/pr41353-1.c -O2 -flto line 28 i == 37
XPASS: gcc.dg/guality/pr41447-1.c -O0 execution test
XPASS: gcc.dg/guality/pr41447-1.c -O1 execution test
XPASS: gcc.dg/guality/pr41447-1.c -O2 execution test
XPASS: gcc.dg/guality/pr41447-1.c -O3 -fomit-frame-pointer execution test
XPASS: gcc.dg/guality/pr41447-1.c -O3 -g execution test
XPASS: gcc.dg/guality/pr41447-1.c -Os execution test
XPASS: gcc.dg/guality/pr41616-1.c -O0 execution test
FAIL: gcc.dg/guality/pr43077-1.c -O2 -flto -flto-partition=none line 42 a == 1
FAIL: gcc.dg/guality/pr43077-1.c -O2 -flto -flto-partition=none line 42 b == 2
FAIL: gcc.dg/guality/pr43077-1.c -O2 -flto -flto-partition=none line 42 c == 3
FAIL: gcc.dg/guality/pr43077-1.c -O2 -flto -flto-partition=none line 42 varb == 2
FAIL: gcc.dg/guality/pr43077-1.c -O2 -flto line 42 a == 1
FAIL: gcc.dg/guality/pr43077-1.c -O2 -flto line 42 b == 2
FAIL: gcc.dg/guality/pr43077-1.c -O2 -flto line 42 c == 3
FAIL: gcc.dg/guality/pr43077-1.c -O2 -flto line 42 varb == 2
FAIL: gcc.dg/guality/sra-1.c -O2 line 43 a.i == 4
FAIL: gcc.dg/guality/sra-1.c -O2 line 43 a.j == 14
FAIL: gcc.dg/guality/sra-1.c -O3 -fomit-frame-pointer line 43 a.i == 4
FAIL: gcc.dg/guality/sra-1.c -O3 -fomit-frame-pointer line 43 a.j == 14
FAIL: gcc.dg/guality/sra-1.c -O3 -g line 43 a.i == 4
FAIL: gcc.dg/guality/sra-1.c -O3 -g line 43 a.j == 14
FAIL: gcc.dg/guality/vla-1.c -O0 line 17 sizeof (a) == 6
FAIL: gcc.dg/guality/vla-1.c -O0 line 24 sizeof (a) == 17 * sizeof (short)
FAIL: gcc.dg/guality/vla-1.c -O1 line 17 sizeof (a) == 6
FAIL: gcc.dg/guality/vla-1.c -O1 line 24 sizeof (a) == 17 * sizeof (short)
FAIL: gcc.dg/guality/vla-1.c -O2 line 17 sizeof (a) == 6
FAIL: gcc.dg/guality/vla-1.c -O2 line 24 i == 5
FAIL: gcc.dg/guality/vla-1.c -O2 line 24 sizeof (a) == 17 * sizeof (short)
FAIL: gcc.dg/guality/vla-1.c -O3 -fomit-frame-pointer line 17 sizeof (a) == 6
FAIL: gcc.dg/guality/vla-1.c -O3 -fomit-frame-pointer line 24 i == 5
FAIL: gcc.dg/guality/vla-1.c -O3 -fomit-frame-pointer line 24 sizeof (a) == 17 * sizeof (short)
FAIL: gcc.dg/guality/vla-1.c -O3 -g line 17 sizeof (a) == 6
FAIL: gcc.dg/guality/vla-1.c -O3 -g line 24 i == 5
FAIL: gcc.dg/guality/vla-1.c -O3 -g line 24 sizeof (a) == 17 * sizeof (short)
FAIL: gcc.dg/guality/vla-1.c -Os line 17 sizeof (a) == 6
FAIL: gcc.dg/guality/vla-1.c -Os line 24 i == 5
FAIL: gcc.dg/guality/vla-1.c -Os line 24 sizeof (a) == 17 * sizeof (short)
FAIL: gcc.dg/guality/vla-1.c -O2 -flto -flto-partition=none line 17 sizeof (a) == 6
FAIL: gcc.dg/guality/vla-1.c -O2 -flto -flto-partition=none line 24 i == 5
FAIL: gcc.dg/guality/vla-1.c -O2 -flto -flto-partition=none line 24 sizeof (a) == 17 * sizeof (short)
FAIL: gcc.dg/guality/vla-1.c -O2 -flto line 17 sizeof (a) == 6
FAIL: gcc.dg/guality/vla-1.c -O2 -flto line 24 i == 5
FAIL: gcc.dg/guality/vla-1.c -O2 -flto line 24 sizeof (a) == 17 * sizeof (short)
FAIL: gcc.dg/guality/vla-2.c -O0 line 16 sizeof (a) == 5 * sizeof (int)
FAIL: gcc.dg/guality/vla-2.c -O0 line 25 sizeof (a) == 6 * sizeof (int)
FAIL: gcc.dg/guality/vla-2.c -O1 line 16 sizeof (a) == 5 * sizeof (int)
FAIL: gcc.dg/guality/vla-2.c -O1 line 25 sizeof (a) == 6 * sizeof (int)
FAIL: gcc.dg/guality/vla-2.c -O2 line 16 sizeof (a) == 5 * sizeof (int)
FAIL: gcc.dg/guality/vla-2.c -O3 -fomit-frame-pointer line 16 sizeof (a) == 5 * sizeof (int)
FAIL: gcc.dg/guality/vla-2.c -O3 -g line 16 sizeof (a) == 5 * sizeof (int)
FAIL: gcc.dg/guality/vla-2.c -Os line 16 sizeof (a) == 5 * sizeof (int)
FAIL: gcc.dg/guality/vla-2.c -O2 -flto -flto-partition=none line 16 sizeof (a) == 5 * sizeof (int)
FAIL: gcc.dg/guality/vla-2.c -O2 -flto line 16 sizeof (a) == 5 * sizeof (int)
=== gcc Summary for unix/-m32 ===
# of expected passes 69904
# of unexpected failures 64
# of unexpected successes 17
# of expected failures 268
# of unsupported tests 1440
Running target unix/-m64
FAIL: gcc.c-torture/unsorted/dump-noaddr.c.062t.alias, -O2 comparison
FAIL: gcc.c-torture/unsorted/dump-noaddr.c.180r.ce2, -O2 comparison
FAIL: gcc.c-torture/unsorted/dump-noaddr.c.182r.regmove, -O2 comparison
FAIL: gcc.c-torture/unsorted/dump-noaddr.c.183r.outof_cfglayout, -O2 comparison
FAIL: gcc.c-torture/unsorted/dump-noaddr.c.184r.split1, -O2 comparison
FAIL: gcc.c-torture/unsorted/dump-noaddr.c.206r.bbro, -O2 comparison
FAIL: gcc.c-torture/unsorted/dump-noaddr.c.212r.alignments, -O2 comparison
FAIL: gcc.c-torture/unsorted/dump-noaddr.c.213r.compgotos, -O2 comparison
FAIL: gcc.c-torture/unsorted/dump-noaddr.c.218r.split5, -O2 comparison
FAIL: gcc.c-torture/unsorted/dump-noaddr.c.220r.shorten, -O2 comparison
FAIL: gcc.c-torture/unsorted/dump-noaddr.c.221r.nothrow, -O2 comparison
FAIL: gcc.c-torture/unsorted/dump-noaddr.c.222r.final, -O2 comparison
FAIL: gcc.c-torture/unsorted/dump-noaddr.c.223r.dfinish, -O2 comparison
FAIL: gcc.c-torture/unsorted/dump-noaddr.c.177r.init-regs, -O3 -fomit-frame-pointer comparison
FAIL: gcc.c-torture/unsorted/dump-noaddr.c.178r.dce, -O3 -fomit-frame-pointer comparison
FAIL: gcc.c-torture/unsorted/dump-noaddr.c.179r.combine, -O3 -fomit-frame-pointer comparison
FAIL: gcc.c-torture/unsorted/dump-noaddr.c.180r.ce2, -O3 -fomit-frame-pointer comparison
FAIL: gcc.c-torture/unsorted/dump-noaddr.c.182r.regmove, -O3 -fomit-frame-pointer comparison
FAIL: gcc.c-torture/unsorted/dump-noaddr.c.190r.sched1, -O3 -fomit-frame-pointer comparison
FAIL: gcc.c-torture/unsorted/dump-noaddr.c.191r.ira, -O3 -fomit-frame-pointer comparison
FAIL: gcc.c-torture/unsorted/dump-noaddr.c.192r.postreload, -O3 -fomit-frame-pointer comparison
FAIL: gcc.c-torture/unsorted/dump-noaddr.c.193r.gcse2, -O3 -fomit-frame-pointer comparison
FAIL: gcc.c-torture/unsorted/dump-noaddr.c.194r.split2, -O3 -fomit-frame-pointer comparison
FAIL: gcc.c-torture/unsorted/dump-noaddr.c.198r.pro_and_epilogue, -O3 -fomit-frame-pointer comparison
FAIL: gcc.c-torture/unsorted/dump-noaddr.c.199r.dse2, -O3 -fomit-frame-pointer comparison
FAIL: gcc.c-torture/unsorted/dump-noaddr.c.200r.csa, -O3 -fomit-frame-pointer comparison
FAIL: gcc.c-torture/unsorted/dump-noaddr.c.201r.peephole2, -O3 -fomit-frame-pointer comparison
FAIL: gcc.c-torture/unsorted/dump-noaddr.c.204r.cprop_hardreg, -O3 -fomit-frame-pointer comparison
FAIL: gcc.c-torture/unsorted/dump-noaddr.c.205r.dce, -O3 -fomit-frame-pointer comparison
FAIL: gcc.c-torture/unsorted/dump-noaddr.c.206r.bbro, -O3 -fomit-frame-pointer comparison
FAIL: gcc.c-torture/unsorted/dump-noaddr.c, -O3 -fomit-frame-pointer -funroll-loops -dumpbase dump1/dump-noaddr.c -DMASK=1 -x c --param ggc-min-heapsize=1 -fdump-ipa-all -fdump-rtl-all -fdump-tree-all -fdump-noaddr
FAIL: gcc.c-torture/unsorted/dump-noaddr.c.086t.objsz, -O3 -fomit-frame-pointer -funroll-loops comparison
FAIL: gcc.c-torture/unsorted/dump-noaddr.c.087t.ccp3, -O3 -fomit-frame-pointer -funroll-loops comparison
FAIL: gcc.c-torture/unsorted/dump-noaddr.c.088t.copyprop3, -O3 -fomit-frame-pointer -funroll-loops comparison
FAIL: gcc.c-torture/unsorted/dump-noaddr.c.089t.sincos, -O3 -fomit-frame-pointer -funroll-loops comparison
FAIL: gcc.c-torture/unsorted/dump-noaddr.c.090t.bswap, -O3 -fomit-frame-pointer -funroll-loops comparison
FAIL: gcc.c-torture/unsorted/dump-noaddr.c.166r.loop2_invariant, -O3 -fomit-frame-pointer -funroll-loops comparison
FAIL: gcc.c-torture/unsorted/dump-noaddr.c.183r.outof_cfglayout, -O3 -fomit-frame-pointer -funroll-loops comparison
FAIL: gcc.c-torture/unsorted/dump-noaddr.c.188r.asmcons, -O3 -fomit-frame-pointer -funroll-loops comparison
FAIL: gcc.c-torture/unsorted/dump-noaddr.c.190r.sched1, -O3 -fomit-frame-pointer -funroll-loops comparison
FAIL: gcc.c-torture/unsorted/dump-noaddr.c.191r.ira, -O3 -fomit-frame-pointer -funroll-loops comparison
FAIL: gcc.c-torture/unsorted/dump-noaddr.c.213r.compgotos, -O3 -fomit-frame-pointer -funroll-loops comparison
FAIL: gcc.c-torture/unsorted/dump-noaddr.c.216r.barriers, -O3 -fomit-frame-pointer -funroll-loops comparison
FAIL: gcc.c-torture/unsorted/dump-noaddr.c.217r.dbr, -O3 -fomit-frame-pointer -funroll-loops comparison
FAIL: gcc.c-torture/unsorted/dump-noaddr.c.218r.split5, -O3 -fomit-frame-pointer -funroll-loops comparison
FAIL: gcc.c-torture/unsorted/dump-noaddr.c.220r.shorten, -O3 -fomit-frame-pointer -funroll-loops comparison
FAIL: gcc.c-torture/unsorted/dump-noaddr.c.221r.nothrow, -O3 -fomit-frame-pointer -funroll-loops comparison
FAIL: gcc.c-torture/unsorted/dump-noaddr.c.222r.final, -O3 -fomit-frame-pointer -funroll-loops comparison
FAIL: gcc.c-torture/unsorted/dump-noaddr.c.223r.dfinish, -O3 -fomit-frame-pointer -funroll-loops comparison
FAIL: gcc.c-torture/unsorted/dump-noaddr.c, -O3 -fomit-frame-pointer -funroll-all-loops -finline-functions -dumpbase dump2/dump-noaddr.c -DMASK=2 -x c -fdump-ipa-all -fdump-rtl-all -fdump-tree-all -fdump-noaddr
FAIL: gcc.c-torture/unsorted/dump-noaddr.c.157r.pre, -O3 -fomit-frame-pointer -funroll-all-loops -finline-functions comparison
FAIL: gcc.c-torture/unsorted/dump-noaddr.c.159r.cprop2, -O3 -fomit-frame-pointer -funroll-all-loops -finline-functions comparison
FAIL: gcc.c-torture/unsorted/dump-noaddr.c.162r.ce1, -O3 -fomit-frame-pointer -funroll-all-loops -finline-functions comparison
FAIL: gcc.c-torture/unsorted/dump-noaddr.c.163r.reginfo, -O3 -fomit-frame-pointer -funroll-all-loops -finline-functions comparison
FAIL: gcc.c-torture/unsorted/dump-noaddr.c.164r.loop2, -O3 -fomit-frame-pointer -funroll-all-loops -finline-functions comparison
FAIL: gcc.c-torture/unsorted/dump-noaddr.c.165r.loop2_init, -O3 -fomit-frame-pointer -funroll-all-loops -finline-functions comparison
FAIL: gcc.c-torture/unsorted/dump-noaddr.c.166r.loop2_invariant, -O3 -fomit-frame-pointer -funroll-all-loops -finline-functions comparison
FAIL: gcc.c-torture/unsorted/dump-noaddr.c.167r.loop2_unswitch, -O3 -fomit-frame-pointer -funroll-all-loops -finline-functions comparison
FAIL: gcc.c-torture/unsorted/dump-noaddr.c.168r.loop2_unroll, -O3 -fomit-frame-pointer -funroll-all-loops -finline-functions comparison
FAIL: gcc.c-torture/unsorted/dump-noaddr.c.170r.loop2_done, -O3 -fomit-frame-pointer -funroll-all-loops -finline-functions comparison
FAIL: gcc.c-torture/unsorted/dump-noaddr.c.171r.web, -O3 -fomit-frame-pointer -funroll-all-loops -finline-functions comparison
FAIL: gcc.c-torture/unsorted/dump-noaddr.c.172r.cprop3, -O3 -fomit-frame-pointer -funroll-all-loops -finline-functions comparison
FAIL: gcc.c-torture/unsorted/dump-noaddr.c.173r.cse2, -O3 -fomit-frame-pointer -funroll-all-loops -finline-functions comparison
FAIL: gcc.c-torture/unsorted/dump-noaddr.c.174r.dse1, -O3 -fomit-frame-pointer -funroll-all-loops -finline-functions comparison
FAIL: gcc.c-torture/unsorted/dump-noaddr.c.175r.fwprop2, -O3 -fomit-frame-pointer -funroll-all-loops -finline-functions comparison
FAIL: gcc.c-torture/unsorted/dump-noaddr.c.177r.init-regs, -O3 -fomit-frame-pointer -funroll-all-loops -finline-functions comparison
FAIL: gcc.c-torture/unsorted/dump-noaddr.c.178r.dce, -O3 -fomit-frame-pointer -funroll-all-loops -finline-functions comparison
FAIL: gcc.c-torture/unsorted/dump-noaddr.c.180r.ce2, -O3 -fomit-frame-pointer -funroll-all-loops -finline-functions comparison
FAIL: gcc.c-torture/unsorted/dump-noaddr.c.182r.regmove, -O3 -fomit-frame-pointer -funroll-all-loops -finline-functions comparison
FAIL: gcc.c-torture/unsorted/dump-noaddr.c.183r.outof_cfglayout, -O3 -fomit-frame-pointer -funroll-all-loops -finline-functions comparison
FAIL: gcc.c-torture/unsorted/dump-noaddr.c.184r.split1, -O3 -fomit-frame-pointer -funroll-all-loops -finline-functions comparison
FAIL: gcc.c-torture/unsorted/dump-noaddr.c.185r.subreg2, -O3 -fomit-frame-pointer -funroll-all-loops -finline-functions comparison
FAIL: gcc.c-torture/unsorted/dump-noaddr.c.188r.asmcons, -O3 -fomit-frame-pointer -funroll-all-loops -finline-functions comparison
FAIL: gcc.c-torture/unsorted/dump-noaddr.c.191r.ira, -O3 -fomit-frame-pointer -funroll-all-loops -finline-functions comparison
FAIL: gcc.c-torture/unsorted/dump-noaddr.c.177r.init-regs, -O3 -g comparison
FAIL: gcc.c-torture/unsorted/dump-noaddr.c.178r.dce, -O3 -g comparison
FAIL: gcc.c-torture/unsorted/dump-noaddr.c.179r.combine, -O3 -g comparison
FAIL: gcc.c-torture/unsorted/dump-noaddr.c.180r.ce2, -O3 -g comparison
FAIL: gcc.c-torture/unsorted/dump-noaddr.c.182r.regmove, -O3 -g comparison
FAIL: gcc.c-torture/unsorted/dump-noaddr.c.183r.outof_cfglayout, -O3 -g comparison
FAIL: gcc.c-torture/unsorted/dump-noaddr.c.184r.split1, -O3 -g comparison
FAIL: gcc.c-torture/unsorted/dump-noaddr.c.185r.subreg2, -O3 -g comparison
FAIL: gcc.c-torture/unsorted/dump-noaddr.c.188r.asmcons, -O3 -g comparison
FAIL: gcc.c-torture/unsorted/dump-noaddr.c.190r.sched1, -O3 -g comparison
FAIL: gcc.c-torture/unsorted/dump-noaddr.c.191r.ira, -O3 -g comparison
FAIL: gcc.c-torture/unsorted/dump-noaddr.c.192r.postreload, -O3 -g comparison
FAIL: gcc.c-torture/unsorted/dump-noaddr.c.194r.split2, -O3 -g comparison
FAIL: gcc.c-torture/unsorted/dump-noaddr.c.200r.csa, -O3 -g comparison
FAIL: gcc.c-torture/unsorted/dump-noaddr.c.201r.peephole2, -O3 -g comparison
FAIL: gcc.c-torture/unsorted/dump-noaddr.c.202r.ce3, -O3 -g comparison
FAIL: gcc.c-torture/unsorted/dump-noaddr.c.204r.cprop_hardreg, -O3 -g comparison
FAIL: gcc.c-torture/unsorted/dump-noaddr.c.205r.dce, -O3 -g comparison
FAIL: gcc.c-torture/unsorted/dump-noaddr.c.206r.bbro, -O3 -g comparison
FAIL: gcc.c-torture/unsorted/dump-noaddr.c.208r.split4, -O3 -g comparison
FAIL: gcc.c-torture/unsorted/dump-noaddr.c.209r.sched2, -O3 -g comparison
FAIL: gcc.c-torture/unsorted/dump-noaddr.c.212r.alignments, -O3 -g comparison
FAIL: gcc.c-torture/unsorted/dump-noaddr.c.213r.compgotos, -O3 -g comparison
FAIL: gcc.c-torture/unsorted/dump-noaddr.c.214r.vartrack, -O3 -g comparison
FAIL: gcc.c-torture/unsorted/dump-noaddr.c.217r.dbr, -O3 -g comparison
FAIL: gcc.c-torture/unsorted/dump-noaddr.c.218r.split5, -O3 -g comparison
FAIL: gcc.c-torture/unsorted/dump-noaddr.c.220r.shorten, -O3 -g comparison
FAIL: gcc.c-torture/unsorted/dump-noaddr.c.221r.nothrow, -O3 -g comparison
FAIL: gcc.c-torture/unsorted/dump-noaddr.c, -Os -dumpbase dump2/dump-noaddr.c -DMASK=2 -x c -fdump-ipa-all -fdump-rtl-all -fdump-tree-all -fdump-noaddr
FAIL: gcc.c-torture/unsorted/dump-noaddr.c.000i.cgraph, -Os comparison
FAIL: gcc.c-torture/unsorted/dump-noaddr.c.062t.alias, -Os comparison
FAIL: gcc.c-torture/unsorted/dump-noaddr.c.098t.dceloop1, -Os comparison
FAIL: gcc.c-torture/unsorted/dump-noaddr.c.100t.sccp, -Os comparison
FAIL: gcc.c-torture/unsorted/dump-noaddr.c.103t.copyprop5, -Os comparison
FAIL: gcc.c-torture/unsorted/dump-noaddr.c.109t.ivcanon, -Os comparison
WARNING: dump2/dump-noaddr.c.115t.cunroll doesn't exist
WARNING: dump2/dump-noaddr.c.119t.ivopts doesn't exist
WARNING: dump2/dump-noaddr.c.120t.loopdone doesn't exist
WARNING: dump2/dump-noaddr.c.122t.reassoc2 doesn't exist
WARNING: dump2/dump-noaddr.c.123t.vrp2 doesn't exist
WARNING: dump2/dump-noaddr.c.124t.dom2 doesn't exist
WARNING: dump2/dump-noaddr.c.125t.phicprop2 doesn't exist
WARNING: dump2/dump-noaddr.c.126t.cddce2 doesn't exist
WARNING: dump2/dump-noaddr.c.129t.dse2 doesn't exist
WARNING: dump2/dump-noaddr.c.130t.forwprop4 doesn't exist
WARNING: dump2/dump-noaddr.c.131t.phiopt3 doesn't exist
WARNING: dump2/dump-noaddr.c.132t.fab doesn't exist
WARNING: dump2/dump-noaddr.c.133t.widening_mul doesn't exist
WARNING: dump2/dump-noaddr.c.134t.tailc doesn't exist
WARNING: dump2/dump-noaddr.c.135t.copyrename4 doesn't exist
WARNING: dump2/dump-noaddr.c.136t.uncprop doesn't exist
WARNING: dump2/dump-noaddr.c.137t.local-pure-const2 doesn't exist
WARNING: dump2/dump-noaddr.c.141t.nrv doesn't exist
WARNING: dump2/dump-noaddr.c.143t.optimized doesn't exist
WARNING: dump2/dump-noaddr.c.144r.expand doesn't exist
WARNING: dump2/dump-noaddr.c.145r.sibling doesn't exist
WARNING: dump2/dump-noaddr.c.147r.initvals doesn't exist
WARNING: dump2/dump-noaddr.c.148r.unshare doesn't exist
WARNING: dump2/dump-noaddr.c.149r.vregs doesn't exist
WARNING: dump2/dump-noaddr.c.150r.into_cfglayout doesn't exist
WARNING: dump2/dump-noaddr.c.151r.jump doesn't exist
WARNING: dump2/dump-noaddr.c.152r.subreg1 doesn't exist
WARNING: dump2/dump-noaddr.c.153r.dfinit doesn't exist
WARNING: dump2/dump-noaddr.c.154r.cse1 doesn't exist
WARNING: dump2/dump-noaddr.c.155r.fwprop1 doesn't exist
WARNING: dump2/dump-noaddr.c.156r.cprop1 doesn't exist
WARNING: dump2/dump-noaddr.c.158r.hoist doesn't exist
WARNING: dump2/dump-noaddr.c.159r.cprop2 doesn't exist
WARNING: dump2/dump-noaddr.c.162r.ce1 doesn't exist
WARNING: dump2/dump-noaddr.c.163r.reginfo doesn't exist
WARNING: dump2/dump-noaddr.c.164r.loop2 doesn't exist
WARNING: dump2/dump-noaddr.c.165r.loop2_init doesn't exist
WARNING: dump2/dump-noaddr.c.166r.loop2_invariant doesn't exist
WARNING: dump2/dump-noaddr.c.170r.loop2_done doesn't exist
WARNING: dump2/dump-noaddr.c.172r.cprop3 doesn't exist
WARNING: dump2/dump-noaddr.c.173r.cse2 doesn't exist
WARNING: dump2/dump-noaddr.c.174r.dse1 doesn't exist
WARNING: dump2/dump-noaddr.c.175r.fwprop2 doesn't exist
WARNING: dump2/dump-noaddr.c.177r.init-regs doesn't exist
WARNING: dump2/dump-noaddr.c.178r.dce doesn't exist
WARNING: dump2/dump-noaddr.c.179r.combine doesn't exist
WARNING: dump2/dump-noaddr.c.180r.ce2 doesn't exist
WARNING: dump2/dump-noaddr.c.182r.regmove doesn't exist
WARNING: dump2/dump-noaddr.c.183r.outof_cfglayout doesn't exist
WARNING: dump2/dump-noaddr.c.184r.split1 doesn't exist
WARNING: dump2/dump-noaddr.c.185r.subreg2 doesn't exist
WARNING: dump2/dump-noaddr.c.188r.asmcons doesn't exist
WARNING: dump2/dump-noaddr.c.191r.ira doesn't exist
WARNING: dump2/dump-noaddr.c.192r.postreload doesn't exist
WARNING: dump2/dump-noaddr.c.194r.split2 doesn't exist
WARNING: dump2/dump-noaddr.c.198r.pro_and_epilogue doesn't exist
WARNING: dump2/dump-noaddr.c.199r.dse2 doesn't exist
WARNING: dump2/dump-noaddr.c.200r.csa doesn't exist
WARNING: dump2/dump-noaddr.c.201r.peephole2 doesn't exist
WARNING: dump2/dump-noaddr.c.202r.ce3 doesn't exist
WARNING: dump2/dump-noaddr.c.204r.cprop_hardreg doesn't exist
WARNING: dump2/dump-noaddr.c.205r.dce doesn't exist
WARNING: dump2/dump-noaddr.c.206r.bbro doesn't exist
WARNING: dump2/dump-noaddr.c.208r.split4 doesn't exist
WARNING: dump2/dump-noaddr.c.209r.sched2 doesn't exist
WARNING: dump2/dump-noaddr.c.212r.alignments doesn't exist
WARNING: dump2/dump-noaddr.c.216r.barriers doesn't exist
WARNING: dump2/dump-noaddr.c.217r.dbr doesn't exist
WARNING: dump2/dump-noaddr.c.218r.split5 doesn't exist
WARNING: dump2/dump-noaddr.c.220r.shorten doesn't exist
WARNING: dump2/dump-noaddr.c.221r.nothrow doesn't exist
WARNING: dump2/dump-noaddr.c.222r.final doesn't exist
WARNING: dump2/dump-noaddr.c.223r.dfinish doesn't exist
FAIL: gcc.c-torture/unsorted/dump-noaddr.c.224t.statistics, -Os comparison
FAIL: gcc.c-torture/unsorted/dump-noaddr.c, -O2 -flto -flto-partition=none -dumpbase dump1/dump-noaddr.c -DMASK=1 -x c --param ggc-min-heapsize=1 -fdump-ipa-all -fdump-rtl-all -fdump-tree-all -fdump-noaddr
FAIL: gcc.c-torture/unsorted/dump-noaddr.c.000i.cgraph, -O2 -flto -flto-partition=none comparison
FAIL: gcc.c-torture/unsorted/dump-noaddr.c.022t.copyrename1, -O2 -flto -flto-partition=none comparison
FAIL: gcc.c-torture/unsorted/dump-noaddr.c.023t.ccp1, -O2 -flto -flto-partition=none comparison
FAIL: gcc.c-torture/unsorted/dump-noaddr.c.024t.forwprop1, -O2 -flto -flto-partition=none comparison
FAIL: gcc.c-torture/unsorted/dump-noaddr.c.025t.ealias, -O2 -flto -flto-partition=none comparison
FAIL: gcc.c-torture/unsorted/dump-noaddr.c.026t.esra, -O2 -flto -flto-partition=none comparison
FAIL: gcc.c-torture/unsorted/dump-noaddr.c.027t.copyprop1, -O2 -flto -flto-partition=none comparison
FAIL: gcc.c-torture/unsorted/dump-noaddr.c.029t.cddce1, -O2 -flto -flto-partition=none comparison
FAIL: gcc.c-torture/unsorted/dump-noaddr.c.030t.eipa_sra, -O2 -flto -flto-partition=none comparison
FAIL: gcc.c-torture/unsorted/dump-noaddr.c.159r.cprop2, -O2 -flto -flto-partition=none comparison
FAIL: gcc.c-torture/unsorted/dump-noaddr.c.161r.cse_local, -O2 -flto -flto-partition=none comparison
FAIL: gcc.c-torture/unsorted/dump-noaddr.c.162r.ce1, -O2 -flto -flto-partition=none comparison
FAIL: gcc.c-torture/unsorted/dump-noaddr.c.172r.cprop3, -O2 -flto -flto-partition=none comparison
FAIL: gcc.c-torture/unsorted/dump-noaddr.c.173r.cse2, -O2 -flto -flto-partition=none comparison
FAIL: gcc.c-torture/unsorted/dump-noaddr.c.174r.dse1, -O2 -flto -flto-partition=none comparison
FAIL: gcc.c-torture/unsorted/dump-noaddr.c.175r.fwprop2, -O2 -flto -flto-partition=none comparison
FAIL: gcc.c-torture/unsorted/dump-noaddr.c.191r.ira, -O2 -flto -flto-partition=none comparison
FAIL: gcc.c-torture/unsorted/dump-noaddr.c.201r.peephole2, -O2 -flto -flto-partition=none comparison
FAIL: gcc.c-torture/unsorted/dump-noaddr.c.202r.ce3, -O2 -flto -flto-partition=none comparison
FAIL: gcc.c-torture/unsorted/dump-noaddr.c.204r.cprop_hardreg, -O2 -flto -flto-partition=none comparison
FAIL: gcc.c-torture/unsorted/dump-noaddr.c.205r.dce, -O2 -flto -flto-partition=none comparison
FAIL: gcc.c-torture/unsorted/dump-noaddr.c.206r.bbro, -O2 -flto -flto-partition=none comparison
FAIL: gcc.c-torture/unsorted/dump-noaddr.c.208r.split4, -O2 -flto -flto-partition=none comparison
FAIL: gcc.c-torture/unsorted/dump-noaddr.c.209r.sched2, -O2 -flto -flto-partition=none comparison
FAIL: gcc.c-torture/unsorted/dump-noaddr.c.212r.alignments, -O2 -flto -flto-partition=none comparison
FAIL: gcc.c-torture/unsorted/dump-noaddr.c.216r.barriers, -O2 -flto -flto-partition=none comparison
FAIL: gcc.c-torture/unsorted/dump-noaddr.c.217r.dbr, -O2 -flto -flto-partition=none comparison
FAIL: gcc.c-torture/unsorted/dump-noaddr.c.218r.split5, -O2 -flto -flto-partition=none comparison
FAIL: gcc.c-torture/unsorted/dump-noaddr.c.220r.shorten, -O2 -flto -flto-partition=none comparison
FAIL: gcc.c-torture/unsorted/dump-noaddr.c, -O2 -flto -dumpbase dump1/dump-noaddr.c -DMASK=1 -x c --param ggc-min-heapsize=1 -fdump-ipa-all -fdump-rtl-all -fdump-tree-all -fdump-noaddr
FAIL: gcc.c-torture/unsorted/dump-noaddr.c, -O2 -flto -dumpbase dump2/dump-noaddr.c -DMASK=2 -x c -fdump-ipa-all -fdump-rtl-all -fdump-tree-all -fdump-noaddr
FAIL: gcc.c-torture/unsorted/dump-noaddr.c.000i.cgraph, -O2 -flto comparison
FAIL: gcc.c-torture/unsorted/dump-noaddr.c.062t.alias, -O2 -flto comparison
FAIL: gcc.c-torture/unsorted/dump-noaddr.c.123t.vrp2, -O2 -flto comparison
FAIL: gcc.c-torture/unsorted/dump-noaddr.c.124t.dom2, -O2 -flto comparison
FAIL: gcc.c-torture/unsorted/dump-noaddr.c.125t.phicprop2, -O2 -flto comparison
FAIL: gcc.c-torture/unsorted/dump-noaddr.c.126t.cddce2, -O2 -flto comparison
FAIL: gcc.c-torture/unsorted/dump-noaddr.c.129t.dse2, -O2 -flto comparison
FAIL: gcc.c-torture/unsorted/dump-noaddr.c.130t.forwprop4, -O2 -flto comparison
FAIL: gcc.c-torture/unsorted/dump-noaddr.c.131t.phiopt3, -O2 -flto comparison
FAIL: gcc.c-torture/unsorted/dump-noaddr.c.132t.fab, -O2 -flto comparison
FAIL: gcc.c-torture/unsorted/dump-noaddr.c.133t.widening_mul, -O2 -flto comparison
FAIL: tmpdir-gcc.dg-struct-layout-1/t025 c_compat_y_tst.o compile
UNRESOLVED: tmpdir-gcc.dg-struct-layout-1/t025 c_compat_x_tst.o-c_compat_y_tst.o link
UNRESOLVED: tmpdir-gcc.dg-struct-layout-1/t025 c_compat_x_tst.o-c_compat_y_tst.o execute
FAIL: gcc.dg/cproj-fails-with-broken-glibc.c execution test
FAIL: gcc.dg/pr42918.c (test for excess errors)
FAIL: gcc.dg/uninit-pr19430-O0.c (test for excess errors)
FAIL: gcc.dg/uninit-pr19430.c (test for excess errors)
FAIL: gcc.dg/uninit-pr20644-O0.c (test for excess errors)
FAIL: gcc.dg/lto/20100720-2 c_lto_20100720-2_0.o-c_lto_20100720-2_1.o link, -O2 -flto -flto-partition=1to1
UNRESOLVED: gcc.dg/lto/20100720-2 c_lto_20100720-2_0.o-c_lto_20100720-2_1.o execute -O2 -flto -flto-partition=1to1
FAIL: gcc.dg/lto/20100720-2 c_lto_20100720-2_0.o-c_lto_20100720-2_1.o link, -O0 -flto
UNRESOLVED: gcc.dg/lto/20100720-2 c_lto_20100720-2_0.o-c_lto_20100720-2_1.o execute -O0 -flto
FAIL: gcc.dg/lto/20100720-2 c_lto_20100720-2_0.o-c_lto_20100720-2_1.o link, -O2 -flto
UNRESOLVED: gcc.dg/lto/20100720-2 c_lto_20100720-2_0.o-c_lto_20100720-2_1.o execute -O2 -flto
FAIL: gcc.dg/lto/20100720-3 c_lto_20100720-3_0.o-c_lto_20100720-3_1.o link, -O0 -flto -flto-partition=none
UNRESOLVED: gcc.dg/lto/20100720-3 c_lto_20100720-3_0.o-c_lto_20100720-3_1.o execute -O0 -flto -flto-partition=none
FAIL: gcc.dg/torture/pr27409.c -O2 (test for excess errors)
FAIL: gcc.dg/torture/pr27409.c -O3 -fomit-frame-pointer (test for excess errors)
FAIL: gcc.dg/torture/pr27409.c -O3 -g (test for excess errors)
FAIL: gcc.dg/torture/pr27409.c -O2 -flto -flto-partition=none (test for excess errors)
FAIL: gcc.dg/torture/stackalign/comp-goto-1.c -O2 -flto (test for excess errors)
UNRESOLVED: gcc.dg/torture/stackalign/comp-goto-1.c -O2 -flto compilation failed to produce executable
FAIL: gcc.dg/torture/stackalign/global-1.c -O0 (test for excess errors)
UNRESOLVED: gcc.dg/torture/stackalign/global-1.c -O0 compilation failed to produce executable
FAIL: gcc.dg/torture/stackalign/global-1.c -O1 (test for excess errors)
UNRESOLVED: gcc.dg/torture/stackalign/global-1.c -O1 compilation failed to produce executable
FAIL: gcc.dg/vect/vect-multitypes-10.c (test for excess errors)
UNRESOLVED: gcc.dg/vect/vect-multitypes-10.c compilation failed to produce executable
FAIL: gcc.dg/vect/vect-multitypes-11.c (test for excess errors)
UNRESOLVED: gcc.dg/vect/vect-multitypes-11.c compilation failed to produce executable
FAIL: gcc.misc-tests/linkage.c link
=== gcc Summary for unix/-m64 ===
# of expected passes 69483
# of unexpected failures 173
# of expected failures 228
# of unresolved testcases 11
# of untested testcases 73
# of unsupported tests 1117
=== gcc Summary ===
# of expected passes 139387
# of unexpected failures 237
# of unexpected successes 17
# of expected failures 496
# of unresolved testcases 11
# of untested testcases 73
# of unsupported tests 2557
/home/guerby/build/gcc/xgcc version 4.6.0 20110127 (experimental) [trunk revision 169191] (GCC)
Compiler version: 4.6.0 20110127 (experimental) [trunk revision 169191] (GCC)
Platform: sparc64-unknown-linux-gnu
configure flags:Test Run By guerby on Mon Jan 31 00:10:51 CET 2011
More information about the Gcc-testresults
mailing list