Results for 4.6.0 20110121 (experimental) [trunk revision 169098] (GCC) testsuite on sparc-sun-solaris2.10

Rainer Orth ro@CeBiTec.Uni-Bielefeld.DE
Mon Jan 24 17:26:00 GMT 2011


LAST_UPDATED: Fri Jan 21 18:54:32 UTC 2011 (revision 169098)

		=== acats tests ===

		=== acats Summary ===
# of expected passes		2321
# of unexpected failures	0
Native configuration is sparc-sun-solaris2.10

		=== g++ tests ===


Running target unix
FAIL: g++.dg/lto/20091219 cp_lto_20091219_0.o-cp_lto_20091219_0.o link, -O3 -flto
UNRESOLVED: g++.dg/lto/20091219 cp_lto_20091219_0.o-cp_lto_20091219_0.o execute -O3 -flto

		=== g++ Summary for unix ===

# of expected passes		25921
# of unexpected failures	1
# of expected failures		160
# of unresolved testcases	1
# of unsupported tests		425

Running target unix/-m64
FAIL: g++.dg/lto/20091219 cp_lto_20091219_0.o-cp_lto_20091219_0.o link, -O3 -flto
UNRESOLVED: g++.dg/lto/20091219 cp_lto_20091219_0.o-cp_lto_20091219_0.o execute -O3 -flto

		=== g++ Summary for unix/-m64 ===

# of expected passes		26533
# of unexpected failures	1
# of expected failures		160
# of unresolved testcases	1
# of unsupported tests		422

		=== g++ Summary ===

# of expected passes		52454
# of unexpected failures	2
# of expected failures		320
# of unresolved testcases	2
# of unsupported tests		847
/var/gcc/regression/trunk/10-gcc/build/gcc/testsuite/g++/../../g++  version 4.6.0 20110121 (experimental) [trunk revision 169098] (GCC) 

		=== gcc tests ===


Running target unix
XPASS: gcc.dg/vect/slp-multitypes-2.c execution test

		=== gcc Summary for unix ===

# of expected passes		69026
# of unexpected successes	1
# of expected failures		236
# of unsupported tests		1159

Running target unix/-m64

		=== gcc Summary for unix/-m64 ===

# of expected passes		69609
# of expected failures		228
# of unsupported tests		1168

		=== gcc Summary ===

# of expected passes		138635
# of unexpected successes	1
# of expected failures		464
# of unsupported tests		2327
/var/gcc/regression/trunk/10-gcc/build/gcc/xgcc  version 4.6.0 20110121 (experimental) [trunk revision 169098] (GCC) 

		=== gfortran tests ===


Running target unix

		=== gfortran Summary for unix ===

# of expected passes		37550
# of expected failures		45
# of unsupported tests		226

Running target unix/-m64

		=== gfortran Summary for unix/-m64 ===

# of expected passes		37831
# of expected failures		43
# of unsupported tests		89

		=== gfortran Summary ===

# of expected passes		75381
# of expected failures		88
# of unsupported tests		315
/var/gcc/regression/trunk/10-gcc/build/gcc/testsuite/gfortran/../../gfortran  version 4.6.0 20110121 (experimental) [trunk revision 169098] (GCC) 

		=== gnat tests ===


Running target unix

		=== gnat Summary for unix ===

# of expected passes		863
# of expected failures		10
# of unsupported tests		4

Running target unix/-m64

		=== gnat Summary for unix/-m64 ===

# of expected passes		863
# of expected failures		10
# of unsupported tests		4

		=== gnat Summary ===

# of expected passes		1726
# of expected failures		20
# of unsupported tests		8
		=== objc tests ===


Running target unix

		=== objc Summary for unix ===

# of expected passes		2899
# of expected failures		10
# of unsupported tests		74

Running target unix/-m64

		=== objc Summary for unix/-m64 ===

# of expected passes		2899
# of expected failures		10
# of unsupported tests		74

		=== objc Summary ===

# of expected passes		5798
# of expected failures		20
# of unsupported tests		148
/var/gcc/regression/trunk/10-gcc/build/gcc/xgcc  version 4.6.0 20110121 (experimental) [trunk revision 169098] (GCC) 

		=== libffi tests ===


Running target unix

		=== libffi Summary for unix ===

# of expected passes		1634
# of expected failures		10
# of unsupported tests		15

Running target unix/-m64

		=== libffi Summary for unix/-m64 ===

# of expected passes		1634
# of expected failures		10
# of unsupported tests		15

		=== libffi Summary ===

# of expected passes		3268
# of expected failures		20
# of unsupported tests		30
		=== libgomp tests ===


Running target unix

		=== libgomp Summary for unix ===

# of expected passes		2508
# of unsupported tests		9

Running target unix/-m64

		=== libgomp Summary for unix/-m64 ===

# of expected passes		2508
# of unsupported tests		9

		=== libgomp Summary ===

# of expected passes		5016
# of unsupported tests		18
		=== libjava tests ===


Running target unix

		=== libjava Summary for unix ===

# of expected passes		2574

Running target unix/-m64

		=== libjava Summary for unix/-m64 ===

# of expected passes		2574

		=== libjava Summary ===

# of expected passes		5148
		=== libstdc++ tests ===


Running target unix

		=== libstdc++ Summary for unix ===

# of expected passes		7341
# of expected failures		84
# of unsupported tests		459

Running target unix/-m64
XPASS: 22_locale/num_put/put/char/14220.cc execution test

		=== libstdc++ Summary for unix/-m64 ===

# of expected passes		7340
# of unexpected successes	1
# of expected failures		84
# of unsupported tests		459

		=== libstdc++ Summary ===

# of expected passes		14681
# of unexpected successes	1
# of expected failures		168
# of unsupported tests		918

Compiler version: 4.6.0 20110121 (experimental) [trunk revision 169098] (GCC) 
Platform: sparc-sun-solaris2.10
configure flags: --prefix=/vol/gcc --target=sparc-sun-solaris2.10 --with-gmp=/vol/gcc --with-mpfr=/vol/gcc --with-mpc=/vol/gcc --enable-languages=all,ada
BOOT_CFLAGS=-g -O2



More information about the Gcc-testresults mailing list