Results for 4.4.6 20110121 (prerelease) [gcc-4_4-branch revision 169087] (GCC) testsuite on sparc-sun-solaris2.8
Rainer Orth
ro@CeBiTec.Uni-Bielefeld.DE
Mon Jan 24 17:26:00 GMT 2011
LAST_UPDATED: Fri Jan 21 18:59:17 UTC 2011 (revision 169087)
=== acats tests ===
=== acats Summary ===
# of expected passes 2315
# of unexpected failures 0
Native configuration is sparc-sun-solaris2.8
=== g++ tests ===
Running target unix
=== g++ Summary for unix ===
# of expected passes 19366
# of expected failures 159
# of unsupported tests 266
Running target unix/-m64
=== g++ Summary for unix/-m64 ===
# of expected passes 19333
# of expected failures 159
# of unsupported tests 267
=== g++ Summary ===
# of expected passes 38699
# of expected failures 318
# of unsupported tests 533
/var/gcc/regression/gcc-4.4-branch/8-gcc/build/gcc/testsuite/g++/../../g++ version 4.4.6 20110121 (prerelease) [gcc-4_4-branch revision 169087] (GCC)
=== gcc tests ===
Running target unix
FAIL: gcc.c-torture/compile/pr38789.c -O0 (test for excess errors)
FAIL: gcc.c-torture/compile/pr38789.c -O1 (test for excess errors)
FAIL: gcc.c-torture/compile/pr38789.c -O2 (test for excess errors)
FAIL: gcc.c-torture/compile/pr38789.c -O3 -fomit-frame-pointer (test for excess errors)
FAIL: gcc.c-torture/compile/pr38789.c -O3 -g (test for excess errors)
FAIL: gcc.c-torture/compile/pr38789.c -Os (test for excess errors)
FAIL: gcc.c-torture/execute/pr38819.c execution, -O2
FAIL: gcc.c-torture/execute/pr38819.c execution, -O3 -fomit-frame-pointer
FAIL: gcc.c-torture/execute/pr38819.c execution, -O3 -fomit-frame-pointer -funroll-loops
FAIL: gcc.c-torture/execute/pr38819.c execution, -O3 -fomit-frame-pointer -funroll-all-loops -finline-functions
FAIL: gcc.c-torture/execute/pr38819.c execution, -O3 -g
FAIL: gcc.dg/vect/vect-35.c scan-tree-dump-times vect "vectorized 1 loops" 1
=== gcc Summary for unix ===
# of expected passes 51517
# of unexpected failures 12
# of expected failures 223
# of unsupported tests 785
Running target unix/-m64
FAIL: gcc.c-torture/compile/pr38789.c -O0 (test for excess errors)
FAIL: gcc.c-torture/compile/pr38789.c -O1 (test for excess errors)
FAIL: gcc.c-torture/compile/pr38789.c -O2 (test for excess errors)
FAIL: gcc.c-torture/compile/pr38789.c -O3 -fomit-frame-pointer (test for excess errors)
FAIL: gcc.c-torture/compile/pr38789.c -O3 -g (test for excess errors)
FAIL: gcc.c-torture/compile/pr38789.c -Os (test for excess errors)
=== gcc Summary for unix/-m64 ===
# of expected passes 51514
# of unexpected failures 6
# of expected failures 218
# of unsupported tests 792
=== gcc Summary ===
# of expected passes 103031
# of unexpected failures 18
# of expected failures 441
# of unsupported tests 1577
/var/gcc/regression/gcc-4.4-branch/8-gcc/build/gcc/xgcc version 4.4.6 20110121 (prerelease) [gcc-4_4-branch revision 169087] (GCC)
=== gfortran tests ===
Running target unix
=== gfortran Summary for unix ===
# of expected passes 29913
# of expected failures 11
# of unsupported tests 298
Running target unix/-m64
=== gfortran Summary for unix/-m64 ===
# of expected passes 30062
# of expected failures 11
# of unsupported tests 225
=== gfortran Summary ===
# of expected passes 59975
# of expected failures 22
# of unsupported tests 523
/var/gcc/regression/gcc-4.4-branch/8-gcc/build/gcc/testsuite/gfortran/../../gfortran version 4.4.6 20110121 (prerelease) [gcc-4_4-branch revision 169087] (GCC)
=== gnat tests ===
Running target unix
=== gnat Summary for unix ===
# of expected passes 618
# of expected failures 6
# of unsupported tests 1
Running target unix/-m64
=== gnat Summary for unix/-m64 ===
# of expected passes 618
# of expected failures 6
# of unsupported tests 1
=== gnat Summary ===
# of expected passes 1236
# of expected failures 12
# of unsupported tests 2
=== objc tests ===
Running target unix
=== objc Summary for unix ===
# of expected passes 1866
# of expected failures 15
# of unsupported tests 24
Running target unix/-m64
=== objc Summary for unix/-m64 ===
# of expected passes 1866
# of expected failures 15
# of unsupported tests 24
=== objc Summary ===
# of expected passes 3732
# of expected failures 30
# of unsupported tests 48
/var/gcc/regression/gcc-4.4-branch/8-gcc/build/gcc/xgcc version 4.4.6 20110121 (prerelease) [gcc-4_4-branch revision 169087] (GCC)
=== libffi tests ===
Running target unix
=== libffi Summary for unix ===
# of expected passes 1399
# of unsupported tests 10
Running target unix/-m64
=== libffi Summary for unix/-m64 ===
# of expected passes 1399
# of unsupported tests 10
=== libffi Summary ===
# of expected passes 2798
# of unsupported tests 20
=== libgomp tests ===
Running target unix
=== libgomp Summary for unix ===
# of expected passes 2490
# of unsupported tests 9
Running target unix/-m64
=== libgomp Summary for unix/-m64 ===
# of expected passes 2490
# of unsupported tests 9
=== libgomp Summary ===
# of expected passes 4980
# of unsupported tests 18
=== libjava tests ===
Running target unix
FAIL: events output
FAIL: InvokeInterface execution - source compiled test
FAIL: InvokeInterface -O3 execution - source compiled test
FAIL: Process_6 -findirect-dispatch execution - source compiled test
=== libjava Summary for unix ===
# of expected passes 2567
# of unexpected failures 4
# of untested testcases 3
Running target unix/-m64
FAIL: InvokeInterface execution - source compiled test
FAIL: InvokeInterface -O3 execution - source compiled test
=== libjava Summary for unix/-m64 ===
# of expected passes 2570
# of unexpected failures 2
# of untested testcases 2
=== libjava Summary ===
# of expected passes 5137
# of unexpected failures 6
# of untested testcases 5
=== libstdc++ tests ===
Running target unix
=== libstdc++ Summary for unix ===
# of expected passes 5475
# of expected failures 74
# of unsupported tests 541
Running target unix/-m64
=== libstdc++ Summary for unix/-m64 ===
# of expected passes 5475
# of expected failures 74
# of unsupported tests 541
=== libstdc++ Summary ===
# of expected passes 10950
# of expected failures 148
# of unsupported tests 1082
=== libstdc++ Summary ===
Compiler version: 4.4.6 20110121 (prerelease) [gcc-4_4-branch revision 169087] (GCC)
Platform: sparc-sun-solaris2.8
configure flags: --prefix=/vol/gcc --target=sparc-sun-solaris2.8 --with-gmp=/vol/gcc --with-mpfr=/vol/gcc --with-mpc=/vol/gcc --enable-languages=all,ada
BOOT_CFLAGS=-g -O2
More information about the Gcc-testresults
mailing list