Results for 4.6.0 20110123 (experimental) [trunk revision 169143] (GCC) testsuite on x86_64-unknown-linux-gnu
H.J. Lu Intel64
hjl@gnu-17.sc.intel.com
Sun Jan 23 22:57:00 GMT 2011
LAST_UPDATED: Sun Jan 23 19:19:41 UTC 2011 (revision 169143)
Native configuration is x86_64-unknown-linux-gnu
=== gcc tests ===
Running target unix/-m32
FAIL: gcc.c-torture/compile/limits-exprparen.c -O0 (internal compiler error)
FAIL: gcc.c-torture/compile/limits-exprparen.c -O0 (test for excess errors)
FAIL: gcc.c-torture/compile/limits-exprparen.c -O1 (internal compiler error)
FAIL: gcc.c-torture/compile/limits-exprparen.c -O1 (test for excess errors)
FAIL: gcc.c-torture/compile/limits-exprparen.c -O2 (internal compiler error)
FAIL: gcc.c-torture/compile/limits-exprparen.c -O2 (test for excess errors)
FAIL: gcc.c-torture/compile/limits-exprparen.c -O3 -fomit-frame-pointer (internal compiler error)
FAIL: gcc.c-torture/compile/limits-exprparen.c -O3 -fomit-frame-pointer (test for excess errors)
FAIL: gcc.c-torture/compile/limits-exprparen.c -O3 -g (internal compiler error)
FAIL: gcc.c-torture/compile/limits-exprparen.c -O3 -g (test for excess errors)
FAIL: gcc.c-torture/compile/limits-exprparen.c -Os (internal compiler error)
FAIL: gcc.c-torture/compile/limits-exprparen.c -Os (test for excess errors)
FAIL: gcc.c-torture/compile/limits-exprparen.c -O2 -flto -flto-partition=none (internal compiler error)
FAIL: gcc.c-torture/compile/limits-exprparen.c -O2 -flto -flto-partition=none (test for excess errors)
FAIL: gcc.c-torture/compile/limits-exprparen.c -O2 -flto (internal compiler error)
FAIL: gcc.c-torture/compile/limits-exprparen.c -O2 -flto (test for excess errors)
FAIL: gcc.dg/cproj-fails-with-broken-glibc.c execution test
XPASS: gcc.dg/guality/example.c -O0 execution test
XPASS: gcc.dg/guality/example.c -O1 execution test
XPASS: gcc.dg/guality/example.c -O2 execution test
XPASS: gcc.dg/guality/guality.c -O0 execution test
XPASS: gcc.dg/guality/guality.c -O1 execution test
XPASS: gcc.dg/guality/guality.c -O2 execution test
XPASS: gcc.dg/guality/guality.c -O3 -fomit-frame-pointer execution test
XPASS: gcc.dg/guality/guality.c -O3 -g execution test
XPASS: gcc.dg/guality/guality.c -Os execution test
XPASS: gcc.dg/guality/inline-params.c -O2 execution test
XPASS: gcc.dg/guality/inline-params.c -O3 -fomit-frame-pointer execution test
XPASS: gcc.dg/guality/inline-params.c -O3 -g execution test
XPASS: gcc.dg/guality/inline-params.c -Os execution test
FAIL: gcc.dg/guality/pr36728-1.c -O2 -flto -flto-partition=none line 12 arg1 == 1
FAIL: gcc.dg/guality/pr36728-1.c -O2 -flto -flto-partition=none line 14 arg1 == 1
FAIL: gcc.dg/guality/pr36728-1.c -O2 -flto line 12 arg1 == 1
FAIL: gcc.dg/guality/pr36728-1.c -O2 -flto line 14 arg1 == 1
XPASS: gcc.dg/guality/pr41353-1.c -O0 line 28 j == 28 + 37
XPASS: gcc.dg/guality/pr41353-1.c -O1 line 28 j == 28 + 37
XPASS: gcc.dg/guality/pr41353-1.c -O2 line 28 j == 28 + 37
XPASS: gcc.dg/guality/pr41353-1.c -O3 -fomit-frame-pointer line 28 j == 28 + 37
XPASS: gcc.dg/guality/pr41353-1.c -O3 -g line 28 j == 28 + 37
XPASS: gcc.dg/guality/pr41353-1.c -Os line 28 j == 28 + 37
XPASS: gcc.dg/guality/pr41353-1.c -O2 -flto -flto-partition=none line 28 j == 28 + 37
XPASS: gcc.dg/guality/pr41353-1.c -O2 -flto line 28 j == 28 + 37
XPASS: gcc.dg/guality/pr41447-1.c -O0 execution test
XPASS: gcc.dg/guality/pr41447-1.c -O1 execution test
XPASS: gcc.dg/guality/pr41447-1.c -Os execution test
XPASS: gcc.dg/guality/pr41616-1.c -O0 execution test
XPASS: gcc.dg/guality/pr41616-1.c -O1 execution test
XPASS: gcc.dg/guality/pr41616-1.c -O2 execution test
XPASS: gcc.dg/guality/pr41616-1.c -O3 -fomit-frame-pointer execution test
XPASS: gcc.dg/guality/pr41616-1.c -O3 -g execution test
XPASS: gcc.dg/guality/pr41616-1.c -Os execution test
FAIL: gcc.dg/guality/pr43077-1.c -O2 -flto -flto-partition=none line 42 varb == 2
FAIL: gcc.dg/guality/pr43479.c -O2 -flto -flto-partition=none line 13 h == 9
FAIL: gcc.dg/guality/pr43479.c -O2 -flto -flto-partition=none line 18 h == 9
FAIL: gcc.dg/guality/pr43479.c -O2 -flto line 13 h == 9
FAIL: gcc.dg/guality/pr43479.c -O2 -flto line 18 h == 9
FAIL: gcc.dg/guality/sra-1.c -O1 line 21 a.j == 14
FAIL: gcc.dg/guality/sra-1.c -O2 line 21 a.j == 14
FAIL: gcc.dg/guality/sra-1.c -O3 -fomit-frame-pointer line 21 a.j == 14
FAIL: gcc.dg/guality/sra-1.c -O3 -g line 21 a.j == 14
FAIL: gcc.dg/guality/sra-1.c -Os line 21 a.j == 14
FAIL: gcc.dg/guality/vla-2.c -O1 line 25 sizeof (a) == 6 * sizeof (int)
FAIL: gcc.dg/guality/vla-2.c -O2 line 25 sizeof (a) == 6 * sizeof (int)
FAIL: gcc.dg/guality/vla-2.c -O3 -fomit-frame-pointer line 25 sizeof (a) == 6 * sizeof (int)
FAIL: gcc.dg/guality/vla-2.c -O3 -g line 25 sizeof (a) == 6 * sizeof (int)
FAIL: gcc.dg/guality/vla-2.c -Os line 25 sizeof (a) == 6 * sizeof (int)
FAIL: gcc.dg/torture/stackalign/builtin-apply-3.c -O2 -flto -flto-partition=none execution test
FAIL: gcc.dg/torture/stackalign/builtin-apply-3.c -O2 -flto execution test
FAIL: gcc.dg/torture/stackalign/builtin-apply-4.c -O2 -flto -flto-partition=none execution test
FAIL: gcc.dg/torture/stackalign/builtin-apply-4.c -O2 -flto execution test
FAIL: gcc.dg/torture/stackalign/builtin-return-1.c -O2 -flto -flto-partition=none execution test
FAIL: gcc.dg/torture/stackalign/builtin-return-1.c -O2 -flto execution test
FAIL: gcc.dg/torture/stackalign/builtin-apply-3.c -O2 -flto -flto-partition=none execution test
FAIL: gcc.dg/torture/stackalign/builtin-apply-3.c -O2 -flto execution test
FAIL: gcc.dg/torture/stackalign/builtin-apply-4.c -O2 -flto -flto-partition=none execution test
FAIL: gcc.dg/torture/stackalign/builtin-apply-4.c -O2 -flto execution test
FAIL: gcc.dg/torture/stackalign/builtin-return-1.c -O2 -flto -flto-partition=none execution test
FAIL: gcc.dg/torture/stackalign/builtin-return-1.c -O2 -flto execution test
FAIL: gcc.dg/torture/stackalign/builtin-apply-3.c -O2 -flto -flto-partition=none execution test
FAIL: gcc.dg/torture/stackalign/builtin-apply-3.c -O2 -flto execution test
FAIL: gcc.dg/torture/stackalign/builtin-apply-4.c -O2 -flto -flto-partition=none execution test
FAIL: gcc.dg/torture/stackalign/builtin-apply-4.c -O2 -flto execution test
FAIL: gcc.dg/torture/stackalign/builtin-return-1.c -O2 -flto -flto-partition=none execution test
FAIL: gcc.dg/torture/stackalign/builtin-return-1.c -O2 -flto execution test
FAIL: gcc.dg/torture/stackalign/builtin-apply-3.c -O2 -flto -flto-partition=none execution test
FAIL: gcc.dg/torture/stackalign/builtin-apply-3.c -O2 -flto execution test
FAIL: gcc.dg/torture/stackalign/builtin-apply-4.c -O2 -flto -flto-partition=none execution test
FAIL: gcc.dg/torture/stackalign/builtin-apply-4.c -O2 -flto execution test
FAIL: gcc.dg/torture/stackalign/builtin-return-1.c -O2 -flto -flto-partition=none execution test
FAIL: gcc.dg/torture/stackalign/builtin-return-1.c -O2 -flto execution test
=== gcc Summary for unix/-m32 ===
# of expected passes 77157
# of unexpected failures 60
# of unexpected successes 30
# of expected failures 230
# of unsupported tests 816
Running target unix
FAIL: gcc.c-torture/compile/limits-exprparen.c -O0 (internal compiler error)
FAIL: gcc.c-torture/compile/limits-exprparen.c -O0 (test for excess errors)
FAIL: gcc.c-torture/compile/limits-exprparen.c -O1 (internal compiler error)
FAIL: gcc.c-torture/compile/limits-exprparen.c -O1 (test for excess errors)
FAIL: gcc.c-torture/compile/limits-exprparen.c -O2 (internal compiler error)
FAIL: gcc.c-torture/compile/limits-exprparen.c -O2 (test for excess errors)
FAIL: gcc.c-torture/compile/limits-exprparen.c -O3 -fomit-frame-pointer (internal compiler error)
FAIL: gcc.c-torture/compile/limits-exprparen.c -O3 -fomit-frame-pointer (test for excess errors)
FAIL: gcc.c-torture/compile/limits-exprparen.c -O3 -g (internal compiler error)
FAIL: gcc.c-torture/compile/limits-exprparen.c -O3 -g (test for excess errors)
FAIL: gcc.c-torture/compile/limits-exprparen.c -Os (internal compiler error)
FAIL: gcc.c-torture/compile/limits-exprparen.c -Os (test for excess errors)
FAIL: gcc.c-torture/compile/limits-exprparen.c -O2 -flto -flto-partition=none (internal compiler error)
FAIL: gcc.c-torture/compile/limits-exprparen.c -O2 -flto -flto-partition=none (test for excess errors)
FAIL: gcc.c-torture/compile/limits-exprparen.c -O2 -flto (internal compiler error)
FAIL: gcc.c-torture/compile/limits-exprparen.c -O2 -flto (test for excess errors)
FAIL: gcc.dg/cproj-fails-with-broken-glibc.c execution test
XPASS: gcc.dg/guality/example.c -O0 execution test
XPASS: gcc.dg/guality/example.c -O1 execution test
XPASS: gcc.dg/guality/example.c -O2 execution test
XPASS: gcc.dg/guality/example.c -Os execution test
XPASS: gcc.dg/guality/guality.c -O0 execution test
XPASS: gcc.dg/guality/guality.c -O1 execution test
XPASS: gcc.dg/guality/guality.c -O2 execution test
XPASS: gcc.dg/guality/guality.c -O3 -fomit-frame-pointer execution test
XPASS: gcc.dg/guality/guality.c -O3 -g execution test
XPASS: gcc.dg/guality/guality.c -Os execution test
XPASS: gcc.dg/guality/inline-params.c -O2 execution test
XPASS: gcc.dg/guality/inline-params.c -O3 -fomit-frame-pointer execution test
XPASS: gcc.dg/guality/inline-params.c -O3 -g execution test
XPASS: gcc.dg/guality/inline-params.c -Os execution test
XPASS: gcc.dg/guality/pr41353-1.c -O0 line 28 j == 28 + 37
XPASS: gcc.dg/guality/pr41353-1.c -O1 line 28 j == 28 + 37
XPASS: gcc.dg/guality/pr41353-1.c -O2 line 28 j == 28 + 37
XPASS: gcc.dg/guality/pr41353-1.c -O3 -fomit-frame-pointer line 28 j == 28 + 37
XPASS: gcc.dg/guality/pr41353-1.c -O3 -g line 28 j == 28 + 37
XPASS: gcc.dg/guality/pr41353-1.c -Os line 28 j == 28 + 37
XPASS: gcc.dg/guality/pr41353-1.c -O2 -flto -flto-partition=none line 28 j == 28 + 37
XPASS: gcc.dg/guality/pr41353-1.c -O2 -flto line 28 j == 28 + 37
XPASS: gcc.dg/guality/pr41447-1.c -O0 execution test
XPASS: gcc.dg/guality/pr41447-1.c -O1 execution test
XPASS: gcc.dg/guality/pr41447-1.c -O2 execution test
XPASS: gcc.dg/guality/pr41447-1.c -O3 -fomit-frame-pointer execution test
XPASS: gcc.dg/guality/pr41447-1.c -O3 -g execution test
XPASS: gcc.dg/guality/pr41447-1.c -Os execution test
XPASS: gcc.dg/guality/pr41616-1.c -O0 execution test
XPASS: gcc.dg/guality/pr41616-1.c -O1 execution test
XPASS: gcc.dg/guality/pr41616-1.c -O2 execution test
XPASS: gcc.dg/guality/pr41616-1.c -O3 -fomit-frame-pointer execution test
XPASS: gcc.dg/guality/pr41616-1.c -O3 -g execution test
XPASS: gcc.dg/guality/pr41616-1.c -Os execution test
FAIL: gcc.dg/guality/pr43077-1.c -O2 -flto -flto-partition=none line 42 a == 1
FAIL: gcc.dg/guality/pr43077-1.c -O2 -flto -flto-partition=none line 42 b == 2
FAIL: gcc.dg/guality/pr43077-1.c -O2 -flto -flto-partition=none line 42 c == 3
FAIL: gcc.dg/guality/pr43077-1.c -O2 -flto -flto-partition=none line 42 varb == 2
FAIL: gcc.dg/guality/pr43077-1.c -O2 -flto line 42 a == 1
FAIL: gcc.dg/guality/pr43077-1.c -O2 -flto line 42 b == 2
FAIL: gcc.dg/guality/pr43077-1.c -O2 -flto line 42 c == 3
FAIL: gcc.dg/guality/pr43479.c -O2 -flto -flto-partition=none line 13 h == 9
FAIL: gcc.dg/guality/pr43479.c -O2 -flto -flto-partition=none line 18 h == 9
FAIL: gcc.dg/guality/pr43479.c -O2 -flto line 13 h == 9
FAIL: gcc.dg/guality/pr43479.c -O2 -flto line 18 h == 9
FAIL: gcc.dg/guality/pr45003-1.c -O2 -flto -flto-partition=none line 10 a == 0x8078
FAIL: gcc.dg/guality/pr45003-1.c -O2 -flto -flto-partition=none line 19 a == 0xffff8078
FAIL: gcc.dg/guality/pr45003-1.c -O2 -flto line 10 a == 0x8078
FAIL: gcc.dg/guality/pr45003-1.c -O2 -flto line 19 a == 0xffff8078
FAIL: gcc.dg/guality/pr45003-2.c -O2 -flto -flto-partition=none line 10 a == 0x8078
FAIL: gcc.dg/guality/pr45003-2.c -O2 -flto -flto-partition=none line 19 a == 0xffff8078
FAIL: gcc.dg/guality/pr45003-2.c -O2 -flto line 10 a == 0x8078
FAIL: gcc.dg/guality/pr45003-2.c -O2 -flto line 19 a == 0xffff8078
FAIL: gcc.dg/guality/pr45003-3.c -O2 -flto -flto-partition=none line 10 a == -32648
FAIL: gcc.dg/guality/pr45003-3.c -O2 -flto -flto-partition=none line 19 a == 0x8078
FAIL: gcc.dg/guality/pr45003-3.c -O2 -flto line 10 a == -32648
FAIL: gcc.dg/guality/pr45003-3.c -O2 -flto line 19 a == 0x8078
FAIL: gcc.dg/guality/sra-1.c -O1 line 21 a.j == 14
FAIL: gcc.dg/guality/sra-1.c -O2 line 21 a.j == 14
FAIL: gcc.dg/guality/sra-1.c -O3 -fomit-frame-pointer line 21 a.j == 14
FAIL: gcc.dg/guality/sra-1.c -O3 -g line 21 a.j == 14
FAIL: gcc.dg/guality/sra-1.c -Os line 21 a.j == 14
FAIL: gcc.dg/guality/vla-1.c -O1 line 17 sizeof (a) == 6
FAIL: gcc.dg/guality/vla-1.c -O1 line 24 sizeof (a) == 17 * sizeof (short)
FAIL: gcc.dg/guality/vla-1.c -O2 line 17 sizeof (a) == 6
FAIL: gcc.dg/guality/vla-1.c -O2 line 24 sizeof (a) == 17 * sizeof (short)
FAIL: gcc.dg/guality/vla-1.c -O3 -fomit-frame-pointer line 17 sizeof (a) == 6
FAIL: gcc.dg/guality/vla-1.c -O3 -fomit-frame-pointer line 24 sizeof (a) == 17 * sizeof (short)
FAIL: gcc.dg/guality/vla-1.c -O3 -g line 17 sizeof (a) == 6
FAIL: gcc.dg/guality/vla-1.c -O3 -g line 24 sizeof (a) == 17 * sizeof (short)
FAIL: gcc.dg/guality/vla-1.c -Os line 17 sizeof (a) == 6
FAIL: gcc.dg/guality/vla-1.c -Os line 24 sizeof (a) == 17 * sizeof (short)
FAIL: gcc.dg/guality/vla-1.c -O2 -flto -flto-partition=none line 17 sizeof (a) == 6
FAIL: gcc.dg/guality/vla-1.c -O2 -flto -flto-partition=none line 24 sizeof (a) == 17 * sizeof (short)
FAIL: gcc.dg/guality/vla-1.c -O2 -flto line 17 sizeof (a) == 6
FAIL: gcc.dg/guality/vla-1.c -O2 -flto line 24 sizeof (a) == 17 * sizeof (short)
FAIL: gcc.dg/guality/vla-2.c -O1 line 25 sizeof (a) == 6 * sizeof (int)
FAIL: gcc.dg/guality/vla-2.c -O2 line 25 sizeof (a) == 6 * sizeof (int)
FAIL: gcc.dg/guality/vla-2.c -O3 -fomit-frame-pointer line 25 sizeof (a) == 6 * sizeof (int)
FAIL: gcc.dg/guality/vla-2.c -O3 -g line 25 sizeof (a) == 6 * sizeof (int)
FAIL: gcc.dg/guality/vla-2.c -Os line 25 sizeof (a) == 6 * sizeof (int)
FAIL: gcc.dg/guality/vla-2.c -O2 -flto -flto-partition=none line 16 sizeof (a) == 5 * sizeof (int)
FAIL: gcc.dg/guality/vla-2.c -O2 -flto -flto-partition=none line 25 sizeof (a) == 6 * sizeof (int)
FAIL: gcc.dg/guality/vla-2.c -O2 -flto line 16 sizeof (a) == 5 * sizeof (int)
FAIL: gcc.dg/guality/vla-2.c -O2 -flto line 25 sizeof (a) == 6 * sizeof (int)
=== gcc Summary for unix ===
# of expected passes 77400
# of unexpected failures 68
# of unexpected successes 34
# of expected failures 226
# of unsupported tests 1178
=== gcc Summary ===
# of expected passes 154557
# of unexpected failures 128
# of unexpected successes 64
# of expected failures 456
# of unsupported tests 1994
/export/build/gnu/gcc/build-x86_64-linux/gcc/xgcc version 4.6.0 20110123 (experimental) [trunk revision 169143] (GCC)
=== gfortran tests ===
Running target unix/-m32
=== gfortran Summary for unix/-m32 ===
# of expected passes 37668
# of expected failures 43
# of unsupported tests 168
Running target unix
=== gfortran Summary for unix ===
# of expected passes 37911
# of expected failures 41
# of unsupported tests 52
=== gfortran Summary ===
# of expected passes 75579
# of expected failures 84
# of unsupported tests 220
/export/build/gnu/gcc/build-x86_64-linux/gcc/testsuite/gfortran/../../gfortran version 4.6.0 20110123 (experimental) [trunk revision 169143] (GCC)
=== g++ tests ===
Running target unix/-m32
FAIL: g++.dg/guality/redeclaration1.C -O0 line 17 i == 24
FAIL: g++.dg/guality/redeclaration1.C -O1 line 17 i == 24
FAIL: g++.dg/guality/redeclaration1.C -O2 line 17 i == 24
FAIL: g++.dg/guality/redeclaration1.C -O3 -fomit-frame-pointer line 17 i == 24
FAIL: g++.dg/guality/redeclaration1.C -O3 -g line 17 i == 24
FAIL: g++.dg/guality/redeclaration1.C -Os line 17 i == 24
=== g++ Summary for unix/-m32 ===
# of expected passes 26816
# of unexpected failures 6
# of expected failures 159
# of unsupported tests 144
Running target unix
FAIL: g++.dg/guality/redeclaration1.C -O0 line 17 i == 24
FAIL: g++.dg/guality/redeclaration1.C -O1 line 17 i == 24
FAIL: g++.dg/guality/redeclaration1.C -O2 line 17 i == 24
FAIL: g++.dg/guality/redeclaration1.C -O3 -fomit-frame-pointer line 17 i == 24
FAIL: g++.dg/guality/redeclaration1.C -O3 -g line 17 i == 24
FAIL: g++.dg/guality/redeclaration1.C -Os line 17 i == 24
=== g++ Summary for unix ===
# of expected passes 27033
# of unexpected failures 6
# of expected failures 159
# of unsupported tests 349
=== g++ Summary ===
# of expected passes 53849
# of unexpected failures 12
# of expected failures 318
# of unsupported tests 493
/export/build/gnu/gcc/build-x86_64-linux/gcc/testsuite/g++/../../g++ version 4.6.0 20110123 (experimental) [trunk revision 169143] (GCC)
=== objc tests ===
Running target unix/-m32
=== objc Summary for unix/-m32 ===
# of expected passes 2903
# of expected failures 6
# of unsupported tests 74
Running target unix
=== objc Summary for unix ===
# of expected passes 2893
# of expected failures 16
# of unsupported tests 74
=== objc Summary ===
# of expected passes 5796
# of expected failures 22
# of unsupported tests 148
/export/build/gnu/gcc/build-x86_64-linux/gcc/xgcc version 4.6.0 20110123 (experimental) [trunk revision 169143] (GCC)
=== libffi tests ===
Running target unix/-m32
=== libffi Summary for unix/-m32 ===
# of expected passes 1634
# of expected failures 10
# of unsupported tests 15
Running target unix
=== libffi Summary for unix ===
# of expected passes 1634
# of expected failures 10
# of unsupported tests 15
=== libffi Summary ===
# of expected passes 3268
# of expected failures 20
# of unsupported tests 30
=== libgomp tests ===
Running target unix/-m32
=== libgomp Summary for unix/-m32 ===
# of expected passes 2526
Running target unix
=== libgomp Summary for unix ===
# of expected passes 2526
=== libgomp Summary ===
# of expected passes 5052
=== libjava tests ===
Running target unix/-m32
=== libjava Summary for unix/-m32 ===
# of expected passes 2574
Running target unix
=== libjava Summary for unix ===
# of expected passes 2574
=== libjava Summary ===
# of expected passes 5148
=== libmudflap tests ===
Running target unix/-m32
FAIL: libmudflap.c/pass49-frag.c execution test
FAIL: libmudflap.c/pass49-frag.c output pattern test
FAIL: libmudflap.c/pass49-frag.c execution test
FAIL: libmudflap.c/pass49-frag.c output pattern test
FAIL: libmudflap.c/pass49-frag.c (-static) execution test
FAIL: libmudflap.c/pass49-frag.c (-static) output pattern test
FAIL: libmudflap.c/pass49-frag.c (-static) execution test
FAIL: libmudflap.c/pass49-frag.c (-static) output pattern test
FAIL: libmudflap.c/pass49-frag.c (-O2) execution test
FAIL: libmudflap.c/pass49-frag.c (-O2) output pattern test
FAIL: libmudflap.c/pass49-frag.c (-O2) execution test
FAIL: libmudflap.c/pass49-frag.c (-O2) output pattern test
FAIL: libmudflap.c/pass49-frag.c (-O3) execution test
FAIL: libmudflap.c/pass49-frag.c (-O3) output pattern test
FAIL: libmudflap.c/pass49-frag.c (-O3) execution test
FAIL: libmudflap.c/pass49-frag.c (-O3) output pattern test
=== libmudflap Summary for unix/-m32 ===
# of expected passes 1878
# of unexpected failures 16
Running target unix
FAIL: libmudflap.c/pass49-frag.c execution test
FAIL: libmudflap.c/pass49-frag.c output pattern test
FAIL: libmudflap.c/pass49-frag.c execution test
FAIL: libmudflap.c/pass49-frag.c output pattern test
FAIL: libmudflap.c/pass49-frag.c (-static) execution test
FAIL: libmudflap.c/pass49-frag.c (-static) output pattern test
FAIL: libmudflap.c/pass49-frag.c (-static) execution test
FAIL: libmudflap.c/pass49-frag.c (-static) output pattern test
FAIL: libmudflap.c/pass49-frag.c (-O2) execution test
FAIL: libmudflap.c/pass49-frag.c (-O2) output pattern test
FAIL: libmudflap.c/pass49-frag.c (-O2) execution test
FAIL: libmudflap.c/pass49-frag.c (-O2) output pattern test
FAIL: libmudflap.c/pass49-frag.c (-O3) execution test
FAIL: libmudflap.c/pass49-frag.c (-O3) output pattern test
FAIL: libmudflap.c/pass49-frag.c (-O3) execution test
FAIL: libmudflap.c/pass49-frag.c (-O3) output pattern test
=== libmudflap Summary for unix ===
# of expected passes 1878
# of unexpected failures 16
=== libmudflap Summary ===
# of expected passes 3756
# of unexpected failures 32
=== libstdc++ tests ===
Running target unix/-m32
=== libstdc++ Summary for unix/-m32 ===
# of expected passes 8232
# of expected failures 85
# of unsupported tests 110
Running target unix
=== libstdc++ Summary for unix ===
# of expected passes 8232
# of expected failures 85
# of unsupported tests 110
=== libstdc++ Summary ===
# of expected passes 16464
# of expected failures 170
# of unsupported tests 220
Compiler version: 4.6.0 20110123 (experimental) [trunk revision 169143] (GCC)
Platform: x86_64-unknown-linux-gnu
configure flags: --enable-clocale=gnu --with-system-zlib --enable-checking=assert --with-demangler-in-ld --enable-shared --enable-threads=posix --enable-haifa --prefix=/usr/gcc-4.6 --with-local-prefix=/usr/local --with-fpmath=sse
More information about the Gcc-testresults
mailing list