Results for 4.4.6 20110122 (prerelease) [gcc-4_4-branch revision 169124] (GCC) testsuite on i686-pc-linux-gnu

H.J. Lu ia32 hjl@gnu-29.sc.intel.com
Sat Jan 22 12:28:00 GMT 2011


LAST_UPDATED: Sat Jan 22 08:17:43 UTC 2011 (revision 169124)

Native configuration is i686-pc-linux-gnu

		=== g++ tests ===


Running target unix

		=== g++ Summary ===

# of expected passes		20304
# of expected failures		157
# of unsupported tests		102
/export/gnu/import/svn/gcc-test/bld/gcc/testsuite/g++/../../g++  version 4.4.6 20110122 (prerelease) [gcc-4_4-branch revision 169124] (GCC) 

		=== gcc tests ===


Running target unix

		=== gcc Summary ===

# of expected passes		58439
# of expected failures		193
# of unsupported tests		463
/export/gnu/import/svn/gcc-test/bld/gcc/xgcc  version 4.4.6 20110122 (prerelease) [gcc-4_4-branch revision 169124] (GCC) 

		=== gfortran tests ===


Running target unix

		=== gfortran Summary ===

# of expected passes		30365
# of expected failures		13
# of unsupported tests		108
/export/gnu/import/svn/gcc-test/bld/gcc/testsuite/gfortran/../../gfortran  version 4.4.6 20110122 (prerelease) [gcc-4_4-branch revision 169124] (GCC) 

		=== objc tests ===


Running target unix

		=== objc Summary ===

# of expected passes		1874
# of expected failures		7
# of unsupported tests		24
/export/gnu/import/svn/gcc-test/bld/gcc/xgcc  version 4.4.6 20110122 (prerelease) [gcc-4_4-branch revision 169124] (GCC) 

		=== libffi tests ===


Running target unix

		=== libffi Summary ===

# of expected passes		1399
# of unsupported tests		10
		=== libgomp tests ===


Running target unix

		=== libgomp Summary ===

# of expected passes		2508
		=== libjava tests ===


Running target unix

		=== libjava Summary ===

# of expected passes		2574
		=== libmudflap tests ===


Running target unix
FAIL: libmudflap.c++/pass41-frag.cxx execution test
FAIL: libmudflap.c++/pass41-frag.cxx ( -O) execution test
FAIL: libmudflap.c++/pass41-frag.cxx (-O2) execution test
FAIL: libmudflap.c++/pass41-frag.cxx (-O3) execution test
FAIL: libmudflap.cth/pass39-frag.c (-O2) (rerun 2) execution test
FAIL: libmudflap.cth/pass39-frag.c (-O2) (rerun 2) output pattern test

		=== libmudflap Summary ===

# of expected passes		1421
# of unexpected failures	6
		=== libstdc++ tests ===


Running target unix

		=== libstdc++ Summary ===

# of expected passes		6510
# of expected failures		80
# of unsupported tests		18

Compiler version: 4.4.6 20110122 (prerelease) [gcc-4_4-branch revision 169124] (GCC) 
Platform: i686-pc-linux-gnu
configure flags: --enable-clocale=gnu --with-system-zlib --enable-shared --with-demangler-in-ld --with-fpmath=sse



More information about the Gcc-testresults mailing list