Results for 4.6.0 20110120 (experimental) [trunk revision 169047] (GCC) testsuite on x86_64-unknown-linux-gnu
Laurent GUERBY gcc17
guerby@gcc17.fsffrance.org
Thu Jan 20 12:09:00 GMT 2011
LAST_UPDATED: Thu Jan 20 05:24:20 UTC 2011 (revision 169047)
=== acats tests ===
=== acats Summary ===
# of expected passes 2321
# of unexpected failures 0
Native configuration is x86_64-unknown-linux-gnu
=== gcc tests ===
Running target unix/-m32
FAIL: gcc.dg/cproj-fails-with-broken-glibc.c execution test
XPASS: gcc.dg/guality/example.c -O0 execution test
XPASS: gcc.dg/guality/example.c -O1 execution test
XPASS: gcc.dg/guality/guality.c -O0 execution test
XPASS: gcc.dg/guality/guality.c -O1 execution test
XPASS: gcc.dg/guality/guality.c -O2 execution test
XPASS: gcc.dg/guality/guality.c -O3 -fomit-frame-pointer execution test
XPASS: gcc.dg/guality/guality.c -O3 -g execution test
XPASS: gcc.dg/guality/guality.c -Os execution test
FAIL: gcc.dg/guality/inline-params.c -O0 execution test
FAIL: gcc.dg/guality/inline-params.c -O1 execution test
XPASS: gcc.dg/guality/pr41353-1.c -O0 line 28 j == 28 + 37
XPASS: gcc.dg/guality/pr41447-1.c -O0 execution test
XPASS: gcc.dg/guality/pr41447-1.c -O1 execution test
XPASS: gcc.dg/guality/pr41447-1.c -Os execution test
XPASS: gcc.dg/guality/pr41616-1.c -O0 execution test
FAIL: gcc.dg/guality/pr43077-1.c -O2 -flto -flto-partition=none line 42 varb == 2
FAIL: gcc.dg/guality/pr43077-1.c -O2 -flto line 42 varb == 2
FAIL: gcc.dg/guality/vla-1.c -O0 line 17 sizeof (a) == 6
FAIL: gcc.dg/guality/vla-1.c -O0 line 24 sizeof (a) == 17 * sizeof (short)
FAIL: gcc.dg/guality/vla-1.c -O1 line 24 sizeof (a) == 17 * sizeof (short)
FAIL: gcc.dg/guality/vla-1.c -O2 line 24 sizeof (a) == 17 * sizeof (short)
FAIL: gcc.dg/guality/vla-1.c -O3 -fomit-frame-pointer line 24 sizeof (a) == 17 * sizeof (short)
FAIL: gcc.dg/guality/vla-1.c -O3 -g line 24 sizeof (a) == 17 * sizeof (short)
FAIL: gcc.dg/guality/vla-1.c -Os line 24 sizeof (a) == 17 * sizeof (short)
FAIL: gcc.target/i386/headmerge-1.c scan-assembler-times 120 1
FAIL: gcc.target/i386/headmerge-2.c scan-assembler-times 120 1
=== gcc Summary for unix/-m32 ===
# of expected passes 75973
# of unexpected failures 14
# of unexpected successes 13
# of expected failures 240
# of unsupported tests 1479
Running target unix/-m64
FAIL: gcc.dg/cproj-fails-with-broken-glibc.c execution test
XPASS: gcc.dg/guality/example.c -O0 execution test
XPASS: gcc.dg/guality/example.c -O1 execution test
XPASS: gcc.dg/guality/example.c -O2 execution test
XPASS: gcc.dg/guality/example.c -Os execution test
XPASS: gcc.dg/guality/guality.c -O0 execution test
XPASS: gcc.dg/guality/guality.c -O1 execution test
XPASS: gcc.dg/guality/guality.c -O2 execution test
XPASS: gcc.dg/guality/guality.c -O3 -fomit-frame-pointer execution test
XPASS: gcc.dg/guality/guality.c -O3 -g execution test
XPASS: gcc.dg/guality/guality.c -Os execution test
FAIL: gcc.dg/guality/inline-params.c -O0 execution test
FAIL: gcc.dg/guality/inline-params.c -O1 execution test
XPASS: gcc.dg/guality/pr41353-1.c -O0 line 28 j == 28 + 37
XPASS: gcc.dg/guality/pr41447-1.c -O0 execution test
XPASS: gcc.dg/guality/pr41447-1.c -O1 execution test
XPASS: gcc.dg/guality/pr41447-1.c -O2 execution test
XPASS: gcc.dg/guality/pr41447-1.c -O3 -fomit-frame-pointer execution test
XPASS: gcc.dg/guality/pr41447-1.c -O3 -g execution test
XPASS: gcc.dg/guality/pr41447-1.c -Os execution test
XPASS: gcc.dg/guality/pr41616-1.c -O0 execution test
FAIL: gcc.dg/guality/pr43077-1.c -O2 -flto -flto-partition=none line 42 a == 1
FAIL: gcc.dg/guality/pr43077-1.c -O2 -flto -flto-partition=none line 42 b == 2
FAIL: gcc.dg/guality/pr43077-1.c -O2 -flto -flto-partition=none line 42 c == 3
FAIL: gcc.dg/guality/pr43077-1.c -O2 -flto -flto-partition=none line 42 varb == 2
FAIL: gcc.dg/guality/pr43077-1.c -O2 -flto line 42 a == 1
FAIL: gcc.dg/guality/pr43077-1.c -O2 -flto line 42 b == 2
FAIL: gcc.dg/guality/pr43077-1.c -O2 -flto line 42 c == 3
FAIL: gcc.dg/guality/pr43077-1.c -O2 -flto line 42 varb == 2
FAIL: gcc.dg/guality/pr43479.c -O2 -flto -flto-partition=none line 13 h == 9
FAIL: gcc.dg/guality/pr45003-1.c -O2 -flto -flto-partition=none line 10 a == 0x8078
FAIL: gcc.dg/guality/pr45003-1.c -O2 -flto -flto-partition=none line 19 a == 0xffff8078
FAIL: gcc.dg/guality/pr45003-1.c -O2 -flto line 10 a == 0x8078
FAIL: gcc.dg/guality/pr45003-1.c -O2 -flto line 19 a == 0xffff8078
FAIL: gcc.dg/guality/pr45003-2.c -O2 -flto -flto-partition=none line 10 a == 0x8078
FAIL: gcc.dg/guality/pr45003-2.c -O2 -flto -flto-partition=none line 19 a == 0xffff8078
FAIL: gcc.dg/guality/pr45003-2.c -O2 -flto line 10 a == 0x8078
FAIL: gcc.dg/guality/pr45003-2.c -O2 -flto line 19 a == 0xffff8078
FAIL: gcc.dg/guality/pr45003-3.c -O2 -flto -flto-partition=none line 10 a == -32648
FAIL: gcc.dg/guality/pr45003-3.c -O2 -flto -flto-partition=none line 19 a == 0x8078
FAIL: gcc.dg/guality/pr45003-3.c -O2 -flto line 10 a == -32648
FAIL: gcc.dg/guality/pr45003-3.c -O2 -flto line 19 a == 0x8078
FAIL: gcc.dg/guality/vla-1.c -O0 line 17 sizeof (a) == 6
FAIL: gcc.dg/guality/vla-1.c -O0 line 24 sizeof (a) == 17 * sizeof (short)
FAIL: gcc.dg/guality/vla-1.c -O1 line 17 sizeof (a) == 6
FAIL: gcc.dg/guality/vla-1.c -O1 line 24 sizeof (a) == 17 * sizeof (short)
FAIL: gcc.dg/guality/vla-1.c -O2 line 17 sizeof (a) == 6
FAIL: gcc.dg/guality/vla-1.c -O2 line 24 sizeof (a) == 17 * sizeof (short)
FAIL: gcc.dg/guality/vla-1.c -O3 -fomit-frame-pointer line 17 sizeof (a) == 6
FAIL: gcc.dg/guality/vla-1.c -O3 -fomit-frame-pointer line 24 sizeof (a) == 17 * sizeof (short)
FAIL: gcc.dg/guality/vla-1.c -O3 -g line 17 sizeof (a) == 6
FAIL: gcc.dg/guality/vla-1.c -O3 -g line 24 sizeof (a) == 17 * sizeof (short)
FAIL: gcc.dg/guality/vla-1.c -Os line 17 sizeof (a) == 6
FAIL: gcc.dg/guality/vla-1.c -Os line 24 sizeof (a) == 17 * sizeof (short)
FAIL: gcc.dg/guality/vla-1.c -O2 -flto -flto-partition=none line 17 sizeof (a) == 6
FAIL: gcc.dg/guality/vla-1.c -O2 -flto -flto-partition=none line 24 sizeof (a) == 17 * sizeof (short)
FAIL: gcc.dg/guality/vla-1.c -O2 -flto line 17 sizeof (a) == 6
FAIL: gcc.dg/guality/vla-1.c -O2 -flto line 24 sizeof (a) == 17 * sizeof (short)
FAIL: gcc.dg/guality/vla-2.c -O0 line 16 sizeof (a) == 5 * sizeof (int)
FAIL: gcc.dg/guality/vla-2.c -O0 line 25 sizeof (a) == 6 * sizeof (int)
FAIL: gcc.dg/guality/vla-2.c -O1 line 16 sizeof (a) == 5 * sizeof (int)
FAIL: gcc.dg/guality/vla-2.c -O2 line 16 sizeof (a) == 5 * sizeof (int)
FAIL: gcc.dg/guality/vla-2.c -O3 -fomit-frame-pointer line 16 sizeof (a) == 5 * sizeof (int)
FAIL: gcc.dg/guality/vla-2.c -O3 -g line 16 sizeof (a) == 5 * sizeof (int)
FAIL: gcc.dg/guality/vla-2.c -O3 -g line 25 sizeof (a) == 6 * sizeof (int)
FAIL: gcc.dg/guality/vla-2.c -Os line 16 sizeof (a) == 5 * sizeof (int)
FAIL: gcc.dg/guality/vla-2.c -O2 -flto -flto-partition=none line 16 sizeof (a) == 5 * sizeof (int)
FAIL: gcc.dg/guality/vla-2.c -O2 -flto line 16 sizeof (a) == 5 * sizeof (int)
FAIL: gcc.target/i386/headmerge-1.c scan-assembler-times 120 1
FAIL: gcc.target/i386/headmerge-2.c scan-assembler-times 120 1
=== gcc Summary for unix/-m64 ===
# of expected passes 76050
# of unexpected failures 52
# of unexpected successes 18
# of expected failures 235
# of unsupported tests 1906
=== gcc Summary ===
# of expected passes 152023
# of unexpected failures 66
# of unexpected successes 31
# of expected failures 475
# of unsupported tests 3385
/home/guerby/build/gcc/xgcc version 4.6.0 20110120 (experimental) [trunk revision 169047] (GCC)
=== gfortran tests ===
Running target unix/-m32
=== gfortran Summary for unix/-m32 ===
# of expected passes 37653
# of expected failures 43
# of unsupported tests 175
Running target unix/-m64
=== gfortran Summary for unix/-m64 ===
# of expected passes 37896
# of expected failures 41
# of unsupported tests 59
=== gfortran Summary ===
# of expected passes 75549
# of expected failures 84
# of unsupported tests 234
/home/guerby/build/gcc/testsuite/gfortran/../../gfortran version 4.6.0 20110120 (experimental) [trunk revision 169047] (GCC)
=== g++ tests ===
Running target unix/-m32
FAIL: g++.dg/guality/redeclaration1.C -O0 line 17 i == 24
FAIL: g++.dg/guality/redeclaration1.C -O1 line 17 i == 24
FAIL: g++.dg/guality/redeclaration1.C -O2 line 17 i == 24
FAIL: g++.dg/guality/redeclaration1.C -O3 -fomit-frame-pointer line 17 i == 24
FAIL: g++.dg/guality/redeclaration1.C -O3 -g line 17 i == 24
FAIL: g++.dg/guality/redeclaration1.C -Os line 17 i == 24
=== g++ Summary for unix/-m32 ===
# of expected passes 26716
# of unexpected failures 6
# of expected failures 159
# of unsupported tests 150
Running target unix/-m64
FAIL: g++.dg/guality/redeclaration1.C -O0 line 17 i == 24
FAIL: g++.dg/guality/redeclaration1.C -O1 line 17 i == 24
FAIL: g++.dg/guality/redeclaration1.C -O2 line 17 i == 24
FAIL: g++.dg/guality/redeclaration1.C -O3 -fomit-frame-pointer line 17 i == 24
FAIL: g++.dg/guality/redeclaration1.C -O3 -g line 17 i == 24
FAIL: g++.dg/guality/redeclaration1.C -Os line 17 i == 24
=== g++ Summary for unix/-m64 ===
# of expected passes 26933
# of unexpected failures 6
# of expected failures 159
# of unsupported tests 355
=== g++ Summary ===
# of expected passes 53649
# of unexpected failures 12
# of expected failures 318
# of unsupported tests 505
/home/guerby/build/gcc/testsuite/g++/../../g++ version 4.6.0 20110120 (experimental) [trunk revision 169047] (GCC)
=== gnat tests ===
Running target unix/-m32
=== gnat Summary for unix/-m32 ===
# of expected passes 866
# of expected failures 10
# of unsupported tests 2
Running target unix/-m64
=== gnat Summary for unix/-m64 ===
# of expected passes 866
# of expected failures 10
# of unsupported tests 2
=== gnat Summary ===
# of expected passes 1732
# of expected failures 20
# of unsupported tests 4
=== libgomp tests ===
Running target unix/-m32
=== libgomp Summary for unix/-m32 ===
# of expected passes 2526
Running target unix/-m64
=== libgomp Summary for unix/-m64 ===
# of expected passes 2526
=== libgomp Summary ===
# of expected passes 5052
=== libmudflap tests ===
Running target unix/-m32
FAIL: libmudflap.c/pass49-frag.c execution test
FAIL: libmudflap.c/pass49-frag.c output pattern test
FAIL: libmudflap.c/pass49-frag.c execution test
FAIL: libmudflap.c/pass49-frag.c output pattern test
FAIL: libmudflap.c/pass49-frag.c (-static) execution test
FAIL: libmudflap.c/pass49-frag.c (-static) output pattern test
FAIL: libmudflap.c/pass49-frag.c (-static) execution test
FAIL: libmudflap.c/pass49-frag.c (-static) output pattern test
FAIL: libmudflap.c/pass49-frag.c (-O2) execution test
FAIL: libmudflap.c/pass49-frag.c (-O2) output pattern test
FAIL: libmudflap.c/pass49-frag.c (-O2) execution test
FAIL: libmudflap.c/pass49-frag.c (-O2) output pattern test
FAIL: libmudflap.c/pass49-frag.c (-O3) execution test
FAIL: libmudflap.c/pass49-frag.c (-O3) output pattern test
FAIL: libmudflap.c/pass49-frag.c (-O3) execution test
FAIL: libmudflap.c/pass49-frag.c (-O3) output pattern test
=== libmudflap Summary for unix/-m32 ===
# of expected passes 1878
# of unexpected failures 16
Running target unix/-m64
FAIL: libmudflap.c/pass49-frag.c execution test
FAIL: libmudflap.c/pass49-frag.c output pattern test
FAIL: libmudflap.c/pass49-frag.c execution test
FAIL: libmudflap.c/pass49-frag.c output pattern test
FAIL: libmudflap.c/pass49-frag.c (-static) execution test
FAIL: libmudflap.c/pass49-frag.c (-static) output pattern test
FAIL: libmudflap.c/pass49-frag.c (-static) execution test
FAIL: libmudflap.c/pass49-frag.c (-static) output pattern test
FAIL: libmudflap.c/pass49-frag.c (-O2) execution test
FAIL: libmudflap.c/pass49-frag.c (-O2) output pattern test
FAIL: libmudflap.c/pass49-frag.c (-O2) execution test
FAIL: libmudflap.c/pass49-frag.c (-O2) output pattern test
FAIL: libmudflap.c/pass49-frag.c (-O3) execution test
FAIL: libmudflap.c/pass49-frag.c (-O3) output pattern test
FAIL: libmudflap.c/pass49-frag.c (-O3) execution test
FAIL: libmudflap.c/pass49-frag.c (-O3) output pattern test
=== libmudflap Summary for unix/-m64 ===
# of expected passes 1878
# of unexpected failures 16
=== libmudflap Summary ===
# of expected passes 3756
# of unexpected failures 32
=== libstdc++ tests ===
Running target unix/-m32
FAIL: 18_support/uncaught_exception/14026.cc execution test
FAIL: 22_locale/time_get/get_date/wchar_t/4.cc execution test
FAIL: 27_io/basic_ios/exceptions/char/2.cc execution test
FAIL: 27_io/basic_istream/sentry/char/12297.cc execution test
FAIL: 27_io/basic_istream/sentry/wchar_t/12297.cc execution test
FAIL: 30_threads/thread/members/4.cc execution test
FAIL: 30_threads/thread/members/5.cc execution test
FAIL: ext/debug_allocator/check_deallocate_null.cc execution test
FAIL: ext/malloc_allocator/check_allocate_max_size.cc execution test
FAIL: ext/new_allocator/check_allocate_max_size.cc execution test
FAIL: ext/pb_ds/example/hash_illegal_resize.cc execution test
FAIL: ext/pb_ds/example/tree_join.cc execution test
FAIL: ext/throw_allocator/check_deallocate_null.cc execution test
=== libstdc++ Summary for unix/-m32 ===
# of expected passes 8211
# of unexpected failures 13
# of expected failures 85
# of unsupported tests 114
Running target unix/-m64
FAIL: 18_support/uncaught_exception/14026.cc execution test
FAIL: 22_locale/time_get/get_date/wchar_t/4.cc execution test
FAIL: 27_io/basic_ios/exceptions/char/2.cc execution test
FAIL: 27_io/basic_istream/sentry/char/12297.cc execution test
FAIL: 27_io/basic_istream/sentry/wchar_t/12297.cc execution test
FAIL: 30_threads/thread/members/4.cc execution test
FAIL: 30_threads/thread/members/5.cc execution test
FAIL: ext/debug_allocator/check_deallocate_null.cc execution test
FAIL: ext/malloc_allocator/check_allocate_max_size.cc execution test
FAIL: ext/new_allocator/check_allocate_max_size.cc execution test
FAIL: ext/pb_ds/example/hash_illegal_resize.cc execution test
FAIL: ext/pb_ds/example/tree_join.cc execution test
FAIL: ext/throw_allocator/check_deallocate_null.cc execution test
=== libstdc++ Summary for unix/-m64 ===
# of expected passes 8211
# of unexpected failures 13
# of expected failures 85
# of unsupported tests 114
=== libstdc++ Summary ===
# of expected passes 16422
# of unexpected failures 26
# of expected failures 170
# of unsupported tests 228
Compiler version: 4.6.0 20110120 (experimental) [trunk revision 169047] (GCC)
Platform: x86_64-unknown-linux-gnu
configure flags: --disable-nls --enable-__cxa_atexit --enable-threads=posix --with-mpfr=/opt/cfarm/mpfr-2.4.1 --enable-languages=c,c++,fortran,ada --prefix=/n/17/guerby/install-trunk --with-gmp=/opt/cfarm/gmp-4.2.4 --with-mpc=/opt/cfarm/mpc-0.8
More information about the Gcc-testresults
mailing list