Results for 4.5.3 20110117 (prerelease) [gcc-4_5-branch revision 168886] (GCC) testsuite on hppa2.0w-hp-hpux11.11
John David Anglin
dave@hiauly3.hia.nrc.ca
Mon Jan 17 21:09:00 GMT 2011
=== acats tests ===
=== acats Summary ===
# of expected passes 2321
# of unexpected failures 0
Native configuration is hppa2.0w-hp-hpux11.11
=== g++ tests ===
Running target unix
WARNING: g++.dg/ext/label13.C compilation failed to produce executable
=== g++ Summary ===
# of expected passes 20198
# of expected failures 152
# of unsupported tests 302
/mnt/gnu/gcc/objdir-test/gcc/testsuite/g++/../../g++ version 4.5.3 20110117 (prerelease) [gcc-4_5-branch revision 168886] (GCC)
=== gcc tests ===
Running target unix
WARNING: program timed out.
=== gcc Summary ===
# of expected passes 52668
# of expected failures 87
# of unsupported tests 770
/mnt/gnu/gcc/objdir-test/gcc/xgcc version 4.5.3 20110117 (prerelease) [gcc-4_5-branch revision 168886] (GCC)
=== gfortran tests ===
Running target unix
FAIL: gfortran.dg/guality/pr41558.f90 -O0 line 7 s == 'foo'
FAIL: gfortran.dg/guality/pr41558.f90 -O1 line 7 s == 'foo'
FAIL: gfortran.dg/guality/pr41558.f90 -O2 line 7 s == 'foo'
FAIL: gfortran.dg/guality/pr41558.f90 -O3 -fomit-frame-pointer line 7 s == 'foo'
FAIL: gfortran.dg/guality/pr41558.f90 -O3 -fomit-frame-pointer -funroll-loops line 7 s == 'foo'
FAIL: gfortran.dg/guality/pr41558.f90 -O3 -fomit-frame-pointer -funroll-all-loops -finline-functions line 7 s == 'foo'
FAIL: gfortran.dg/guality/pr41558.f90 -O3 -g line 7 s == 'foo'
FAIL: gfortran.dg/guality/pr41558.f90 -Os line 7 s == 'foo'
=== gfortran Summary ===
# of expected passes 33198
# of unexpected failures 8
# of expected failures 20
# of unsupported tests 299
/mnt/gnu/gcc/objdir-test/gcc/testsuite/gfortran/../../gfortran version 4.5.3 20110117 (prerelease) [gcc-4_5-branch revision 168886] (GCC)
=== gnat tests ===
Running target unix
=== gnat Summary ===
# of expected passes 767
# of expected failures 7
# of unsupported tests 1
=== obj-c++ tests ===
Running target unix
WARNING: obj-c++.dg/lookup-2.mm -fgnu-runtime compilation failed to produce executable
WARNING: obj-c++.dg/try-catch-2.mm -fgnu-runtime compilation failed to produce executable
WARNING: obj-c++.dg/try-catch-9.mm -fgnu-runtime compilation failed to produce executable
=== obj-c++ Summary ===
# of expected passes 438
# of expected failures 3
# of unsupported tests 15
/mnt/gnu/gcc/objdir-test/gcc/testsuite/obj-c++/../../g++ version 4.5.3 20110117 (prerelease) [gcc-4_5-branch revision 168886] (GCC)
=== objc tests ===
Running target unix
=== objc Summary ===
# of expected passes 1868
# of expected failures 15
# of unsupported tests 23
/mnt/gnu/gcc/objdir-test/gcc/xgcc version 4.5.3 20110117 (prerelease) [gcc-4_5-branch revision 168886] (GCC)
=== libstdc++ tests ===
Running target unix
Compiler version: 4.5.3 20110117 (prerelease) [gcc-4_5-branch revision 168886] (GCC)
Platform: hppa2.0w-hp-hpux11.11
configure flags:Test Run By dave on Mon Jan 17 05:40:08 EST 2011
More information about the Gcc-testresults
mailing list