Results for 4.4.6 20110117 (prerelease) (GCC) testsuite on x86_64-unknown-linux-gnu
H.J. Lu
hjl@gnu-18.sc.intel.com
Mon Jan 17 20:52:00 GMT 2011
Native configuration is x86_64-unknown-linux-gnu
=== gcc tests ===
Running target unix/-m32
FAIL: gcc.c-torture/compile/limits-exprparen.c -O0 (test for excess errors)
FAIL: gcc.c-torture/compile/limits-exprparen.c -O1 (test for excess errors)
FAIL: gcc.c-torture/compile/limits-exprparen.c -O2 (test for excess errors)
FAIL: gcc.c-torture/compile/limits-exprparen.c -O3 -fomit-frame-pointer (test for excess errors)
FAIL: gcc.c-torture/compile/limits-exprparen.c -O3 -g (test for excess errors)
FAIL: gcc.c-torture/compile/limits-exprparen.c -Os (test for excess errors)
=== gcc Summary for unix/-m32 ===
Running target unix
FAIL: gcc.c-torture/compile/limits-exprparen.c -O0 (test for excess errors)
FAIL: gcc.c-torture/compile/limits-exprparen.c -O1 (test for excess errors)
FAIL: gcc.c-torture/compile/limits-exprparen.c -O2 (test for excess errors)
FAIL: gcc.c-torture/compile/limits-exprparen.c -O3 -fomit-frame-pointer (test for excess errors)
FAIL: gcc.c-torture/compile/limits-exprparen.c -O3 -g (test for excess errors)
FAIL: gcc.c-torture/compile/limits-exprparen.c -Os (test for excess errors)
FAIL: gcc.dg/tree-prof/bb-reorg.c compilation, -fprofile-use -D_PROFILE_USE
UNRESOLVED: gcc.dg/tree-prof/bb-reorg.c execution, -fprofile-use -D_PROFILE_USE
FAIL: gcc.dg/tree-prof/pr34999.c compilation, -fprofile-use -D_PROFILE_USE
UNRESOLVED: gcc.dg/tree-prof/pr34999.c execution, -fprofile-use -D_PROFILE_USE
=== gcc Summary for unix ===
=== gcc Summary ===
# of expected passes 116558
# of unexpected failures 14
# of expected failures 385
# of unresolved testcases 2
# of unsupported tests 1208
/export/build/gnu/gcc-4.4/build-x86_64-linux/gcc/xgcc version 4.4.6 20110117 (prerelease) (GCC)
=== gfortran tests ===
Running target unix/-m32
=== gfortran Summary for unix/-m32 ===
# of expected passes 4014
Running target unix
=== gfortran Summary for unix ===
# of expected passes 4014
=== gfortran Summary ===
# of expected passes 60865
# of expected failures 26
# of unsupported tests 149
/export/build/gnu/gcc-4.4/build-x86_64-linux/gcc/testsuite/gfortran/../../gfortran version 4.4.6 20110117 (prerelease) (GCC)
=== g++ tests ===
Running target unix/-m32
=== g++ Summary for unix/-m32 ===
# of expected passes 6803
# of expected failures 30
# of unsupported tests 10
Running target unix
=== g++ Summary for unix ===
# of expected passes 6756
# of expected failures 30
# of unsupported tests 20
=== g++ Summary ===
# of expected passes 40293
# of expected failures 314
# of unsupported tests 354
/export/build/gnu/gcc-4.4/build-x86_64-linux/gcc/testsuite/g++/../../g++ version 4.4.6 20110117 (prerelease) (GCC)
=== objc tests ===
Running target unix/-m32
=== objc Summary for unix/-m32 ===
# of expected passes 2
Running target unix
=== objc Summary for unix ===
# of expected passes 2
=== objc Summary ===
# of expected passes 3740
# of expected failures 22
# of unsupported tests 48
/export/build/gnu/gcc-4.4/build-x86_64-linux/gcc/xgcc version 4.4.6 20110117 (prerelease) (GCC)
=== libffi tests ===
Running target unix/-m32
=== libffi Summary for unix/-m32 ===
# of expected passes 24
Running target unix
=== libffi Summary for unix ===
# of expected passes 24
=== libffi Summary ===
# of expected passes 2798
# of unsupported tests 20
=== libgomp tests ===
Running target unix/-m32
=== libgomp Summary for unix/-m32 ===
# of expected passes 1479
Running target unix
=== libgomp Summary for unix ===
# of expected passes 1479
=== libgomp Summary ===
# of expected passes 5016
=== libjava tests ===
Running target unix/-m32
=== libjava Summary for unix/-m32 ===
Running target unix
=== libjava Summary for unix ===
=== libjava Summary ===
# of expected passes 5148
=== libmudflap tests ===
Running target unix/-m32
FAIL: libmudflap.c++/pass41-frag.cxx execution test
FAIL: libmudflap.c++/pass41-frag.cxx ( -O) execution test
FAIL: libmudflap.c++/pass41-frag.cxx (-O2) execution test
FAIL: libmudflap.c++/pass41-frag.cxx (-O3) execution test
=== libmudflap Summary for unix/-m32 ===
# of expected passes 264
Running target unix
FAIL: libmudflap.c++/pass41-frag.cxx execution test
FAIL: libmudflap.c++/pass41-frag.cxx ( -O) execution test
FAIL: libmudflap.c++/pass41-frag.cxx (-O2) execution test
FAIL: libmudflap.c++/pass41-frag.cxx (-O3) execution test
=== libmudflap Summary for unix ===
# of expected passes 264
=== libmudflap Summary ===
# of expected passes 2846
# of unexpected failures 8
=== libstdc++ tests ===
Running target unix/-m32
=== libstdc++ Summary for unix/-m32 ===
# of expected passes 6509
# of expected failures 80
# of unsupported tests 18
Running target unix
=== libstdc++ Summary for unix ===
# of expected passes 6518
# of expected failures 80
# of unsupported tests 13
=== libstdc++ Summary ===
# of expected passes 13029
# of expected failures 160
# of unsupported tests 31
Compiler version: 4.4.6 20110117 (prerelease) (GCC)
Platform: x86_64-unknown-linux-gnu
configure flags: --enable-clocale=gnu --with-system-zlib --with-demangler-in-ld --prefix=/usr/gcc-4.4.6 --with-local-prefix=/usr/local --enable-gnu-indirect-function --with-fpmath=sse
More information about the Gcc-testresults
mailing list