Results for 4.4.6 20110114 (prerelease) [gcc-4_4-branch revision 168768] (GCC) testsuite on sparc-sun-solaris2.8
Rainer Orth
ro@CeBiTec.Uni-Bielefeld.DE
Mon Jan 17 11:36:00 GMT 2011
LAST_UPDATED: Fri Jan 14 19:50:56 UTC 2011 (revision 168768)
=== acats tests ===
=== acats Summary ===
# of expected passes 2315
# of unexpected failures 0
Native configuration is sparc-sun-solaris2.8
=== g++ tests ===
Running target unix
=== g++ Summary for unix ===
# of expected passes 19368
# of expected failures 159
# of unsupported tests 265
Running target unix/-m64
=== g++ Summary for unix/-m64 ===
# of expected passes 19335
# of expected failures 159
# of unsupported tests 266
=== g++ Summary ===
# of expected passes 38703
# of expected failures 318
# of unsupported tests 531
/var/gcc/regression/gcc-4.4-branch/8-gcc-gas/build/gcc/testsuite/g++/../../g++ version 4.4.6 20110114 (prerelease) [gcc-4_4-branch revision 168768] (GCC)
=== gcc tests ===
Running target unix
FAIL: gcc.c-torture/execute/pr38819.c execution, -O2
FAIL: gcc.c-torture/execute/pr38819.c execution, -O3 -fomit-frame-pointer
FAIL: gcc.c-torture/execute/pr38819.c execution, -O3 -fomit-frame-pointer -funroll-loops
FAIL: gcc.c-torture/execute/pr38819.c execution, -O3 -fomit-frame-pointer -funroll-all-loops -finline-functions
FAIL: gcc.c-torture/execute/pr38819.c execution, -O3 -g
WARNING: program timed out.
FAIL: gcc.dg/pr28796-2.c execution test
FAIL: gcc.dg/vect/vect-35.c scan-tree-dump-times vect "vectorized 1 loops" 1
FAIL: gcc.dg/vect/slp-multitypes-2.c execution test
=== gcc Summary for unix ===
# of expected passes 51534
# of unexpected failures 8
# of expected failures 222
# of unsupported tests 779
Running target unix/-m64
WARNING: program timed out.
FAIL: gcc.dg/pr28796-2.c execution test
=== gcc Summary for unix/-m64 ===
# of expected passes 51531
# of unexpected failures 1
# of expected failures 218
# of unsupported tests 786
=== gcc Summary ===
# of expected passes 103065
# of unexpected failures 9
# of expected failures 440
# of unsupported tests 1565
/var/gcc/regression/gcc-4.4-branch/8-gcc-gas/build/gcc/xgcc version 4.4.6 20110114 (prerelease) [gcc-4_4-branch revision 168768] (GCC)
=== gfortran tests ===
Running target unix
=== gfortran Summary for unix ===
# of expected passes 29913
# of expected failures 11
# of unsupported tests 298
Running target unix/-m64
=== gfortran Summary for unix/-m64 ===
# of expected passes 30062
# of expected failures 11
# of unsupported tests 225
=== gfortran Summary ===
# of expected passes 59975
# of expected failures 22
# of unsupported tests 523
/var/gcc/regression/gcc-4.4-branch/8-gcc-gas/build/gcc/testsuite/gfortran/../../gfortran version 4.4.6 20110114 (prerelease) [gcc-4_4-branch revision 168768] (GCC)
=== gnat tests ===
Running target unix
=== gnat Summary for unix ===
# of expected passes 618
# of expected failures 6
# of unsupported tests 1
Running target unix/-m64
=== gnat Summary for unix/-m64 ===
# of expected passes 618
# of expected failures 6
# of unsupported tests 1
=== gnat Summary ===
# of expected passes 1236
# of expected failures 12
# of unsupported tests 2
=== objc tests ===
Running target unix
=== objc Summary for unix ===
# of expected passes 1866
# of expected failures 15
# of unsupported tests 24
Running target unix/-m64
=== objc Summary for unix/-m64 ===
# of expected passes 1866
# of expected failures 15
# of unsupported tests 24
=== objc Summary ===
# of expected passes 3732
# of expected failures 30
# of unsupported tests 48
/var/gcc/regression/gcc-4.4-branch/8-gcc-gas/build/gcc/xgcc version 4.4.6 20110114 (prerelease) [gcc-4_4-branch revision 168768] (GCC)
=== libffi tests ===
Running target unix
=== libffi Summary for unix ===
# of expected passes 1399
# of unsupported tests 10
Running target unix/-m64
=== libffi Summary for unix/-m64 ===
# of expected passes 1399
# of unsupported tests 10
=== libffi Summary ===
# of expected passes 2798
# of unsupported tests 20
=== libgomp tests ===
Running target unix
=== libgomp Summary for unix ===
# of expected passes 2474
# of unsupported tests 9
Running target unix/-m64
=== libgomp Summary for unix/-m64 ===
# of expected passes 2474
# of unsupported tests 9
=== libgomp Summary ===
# of expected passes 4948
# of unsupported tests 18
=== libjava tests ===
Running target unix
FAIL: events output
FAIL: InvokeInterface execution - source compiled test
FAIL: InvokeInterface -O3 execution - source compiled test
=== libjava Summary for unix ===
# of expected passes 2569
# of unexpected failures 3
# of untested testcases 2
Running target unix/-m64
FAIL: InvokeInterface execution - source compiled test
FAIL: InvokeInterface -O3 execution - source compiled test
=== libjava Summary for unix/-m64 ===
# of expected passes 2570
# of unexpected failures 2
# of untested testcases 2
=== libjava Summary ===
# of expected passes 5139
# of unexpected failures 5
# of untested testcases 4
=== libstdc++ tests ===
Running target unix
FAIL: 22_locale/num_get/get/wchar_t/14.cc (test for excess errors)
WARNING: 22_locale/num_get/get/wchar_t/14.cc compilation failed to produce executable
FAIL: 23_containers/vector/capacity/29134-2.cc (test for excess errors)
WARNING: 23_containers/vector/capacity/29134-2.cc compilation failed to produce executable
=== libstdc++ Summary for unix ===
# of expected passes 5471
# of unexpected failures 2
# of expected failures 74
# of unsupported tests 541
Running target unix/-m64
=== libstdc++ Summary for unix/-m64 ===
# of expected passes 5475
# of expected failures 74
# of unsupported tests 541
=== libstdc++ Summary ===
# of expected passes 10946
# of unexpected failures 2
# of expected failures 148
# of unsupported tests 1082
=== libstdc++ Summary ===
Compiler version: 4.4.6 20110114 (prerelease) [gcc-4_4-branch revision 168768] (GCC)
Platform: sparc-sun-solaris2.8
configure flags: --prefix=/vol/gcc --target=sparc-sun-solaris2.8 --with-as=/vol/gcc/bin/gas-2.21 --with-gnu-as --with-gmp=/vol/gcc --with-mpfr=/vol/gcc --with-mpc=/vol/gcc --enable-languages=all,ada
BOOT_CFLAGS=-g -O2
More information about the Gcc-testresults
mailing list