Results for 4.6.0 20110114 (experimental) [trunk revision 168816] (GCC) testsuite on sparc-sun-solaris2.9
Rainer Orth
ro@CeBiTec.Uni-Bielefeld.DE
Mon Jan 17 11:36:00 GMT 2011
LAST_UPDATED: Fri Jan 14 19:48:05 UTC 2011 (revision 168816)
=== acats tests ===
=== acats Summary ===
# of expected passes 2321
# of unexpected failures 0
Native configuration is sparc-sun-solaris2.9
=== g++ tests ===
Running target unix
FAIL: g++.dg/ext/pr47213.C (test for excess errors)
WARNING: program timed out.
FAIL: g++.dg/lto/20091219 cp_lto_20091219_0.o-cp_lto_20091219_0.o link, -O3 -flto
UNRESOLVED: g++.dg/lto/20091219 cp_lto_20091219_0.o-cp_lto_20091219_0.o execute -O3 -flto
FAIL: g++.dg/torture/pr31863.C -O2 -flto (test for excess errors)
=== g++ Summary for unix ===
# of expected passes 25648
# of unexpected failures 3
# of expected failures 159
# of unresolved testcases 1
# of unsupported tests 488
Running target unix/-m64
FAIL: g++.dg/ext/pr47213.C (test for excess errors)
FAIL: g++.dg/lto/20091219 cp_lto_20091219_0.o-cp_lto_20091219_0.o link, -O3 -flto
UNRESOLVED: g++.dg/lto/20091219 cp_lto_20091219_0.o-cp_lto_20091219_0.o execute -O3 -flto
FAIL: g++.dg/torture/pr31863.C -O2 -flto (test for excess errors)
=== g++ Summary for unix/-m64 ===
# of expected passes 26260
# of unexpected failures 3
# of expected failures 159
# of unresolved testcases 1
# of unsupported tests 485
=== g++ Summary ===
# of expected passes 51908
# of unexpected failures 6
# of expected failures 318
# of unresolved testcases 2
# of unsupported tests 973
/var/gcc/regression/trunk/9-gcc/build/gcc/testsuite/g++/../../g++ version 4.6.0 20110114 (experimental) [trunk revision 168816] (GCC)
=== gcc tests ===
Running target unix
XPASS: gcc.dg/vect/slp-multitypes-2.c execution test
=== gcc Summary for unix ===
# of expected passes 68768
# of unexpected successes 1
# of expected failures 235
# of unsupported tests 1206
Running target unix/-m64
=== gcc Summary for unix/-m64 ===
# of expected passes 69352
# of expected failures 227
# of unsupported tests 1214
=== gcc Summary ===
# of expected passes 138120
# of unexpected successes 1
# of expected failures 462
# of unsupported tests 2420
/var/gcc/regression/trunk/9-gcc/build/gcc/xgcc version 4.6.0 20110114 (experimental) [trunk revision 168816] (GCC)
=== gfortran tests ===
Running target unix
FAIL: gfortran.dg/array_constructor_33.f90 -O (test for excess errors)
WARNING: program timed out.
=== gfortran Summary for unix ===
# of expected passes 37243
# of unexpected failures 1
# of expected failures 45
# of unsupported tests 364
Running target unix/-m64
FAIL: gfortran.dg/array_constructor_33.f90 -O (test for excess errors)
WARNING: program timed out.
=== gfortran Summary for unix/-m64 ===
# of expected passes 37492
# of unexpected failures 1
# of expected failures 43
# of unsupported tests 243
=== gfortran Summary ===
# of expected passes 74735
# of unexpected failures 2
# of expected failures 88
# of unsupported tests 607
/var/gcc/regression/trunk/9-gcc/build/gcc/testsuite/gfortran/../../gfortran version 4.6.0 20110114 (experimental) [trunk revision 168816] (GCC)
=== gnat tests ===
Running target unix
=== gnat Summary for unix ===
# of expected passes 863
# of expected failures 10
# of unsupported tests 4
Running target unix/-m64
=== gnat Summary for unix/-m64 ===
# of expected passes 863
# of expected failures 10
# of unsupported tests 4
=== gnat Summary ===
# of expected passes 1726
# of expected failures 20
# of unsupported tests 8
=== objc tests ===
Running target unix
=== objc Summary for unix ===
# of expected passes 2895
# of expected failures 10
# of unsupported tests 74
Running target unix/-m64
=== objc Summary for unix/-m64 ===
# of expected passes 2895
# of expected failures 10
# of unsupported tests 74
=== objc Summary ===
# of expected passes 5790
# of expected failures 20
# of unsupported tests 148
/var/gcc/regression/trunk/9-gcc/build/gcc/xgcc version 4.6.0 20110114 (experimental) [trunk revision 168816] (GCC)
=== libffi tests ===
Running target unix
=== libffi Summary for unix ===
# of expected passes 1634
# of expected failures 10
# of unsupported tests 15
Running target unix/-m64
=== libffi Summary for unix/-m64 ===
# of expected passes 1634
# of expected failures 10
# of unsupported tests 15
=== libffi Summary ===
# of expected passes 3268
# of expected failures 20
# of unsupported tests 30
=== libgomp tests ===
Running target unix
=== libgomp Summary for unix ===
# of expected passes 2508
# of unsupported tests 9
Running target unix/-m64
=== libgomp Summary for unix/-m64 ===
# of expected passes 2508
# of unsupported tests 9
=== libgomp Summary ===
# of expected passes 5016
# of unsupported tests 18
=== libjava tests ===
Running target unix
FAIL: InvokeInterface execution - source compiled test
FAIL: InvokeInterface -O3 execution - source compiled test
=== libjava Summary for unix ===
# of expected passes 2570
# of unexpected failures 2
# of untested testcases 2
Running target unix/-m64
FAIL: InvokeInterface execution - source compiled test
FAIL: InvokeInterface -O3 execution - source compiled test
=== libjava Summary for unix/-m64 ===
# of expected passes 2570
# of unexpected failures 2
# of untested testcases 2
=== libjava Summary ===
# of expected passes 5140
# of unexpected failures 4
# of untested testcases 4
=== libstdc++ tests ===
Running target unix
=== libstdc++ Summary for unix ===
# of expected passes 6832
# of expected failures 85
# of unsupported tests 735
Running target unix/-m64
=== libstdc++ Summary for unix/-m64 ===
# of expected passes 6832
# of expected failures 85
# of unsupported tests 735
=== libstdc++ Summary ===
# of expected passes 13664
# of expected failures 170
# of unsupported tests 1470
Compiler version: 4.6.0 20110114 (experimental) [trunk revision 168816] (GCC)
Platform: sparc-sun-solaris2.9
configure flags: --prefix=/vol/gcc --target=sparc-sun-solaris2.9 --with-gmp=/vol/gcc --with-mpfr=/vol/gcc --with-mpc=/vol/gcc --enable-languages=all,ada
BOOT_CFLAGS=-g -O2
More information about the Gcc-testresults
mailing list