Results for 4.6.0 20110114 (experimental) [trunk revision 168816] (GCC) testsuite on i386-pc-solaris2.9
Rainer Orth
ro@CeBiTec.Uni-Bielefeld.DE
Mon Jan 17 11:31:00 GMT 2011
LAST_UPDATED: Fri Jan 14 19:48:05 UTC 2011 (revision 168816)
=== acats tests ===
=== acats Summary ===
# of expected passes 2321
# of unexpected failures 0
Native configuration is i386-pc-solaris2.9
=== g++ tests ===
Running target unix
FAIL: g++.dg/ext/pr47213.C (test for excess errors)
FAIL: g++.dg/lto/20091219 cp_lto_20091219_0.o-cp_lto_20091219_0.o link, -O3 -flto
UNRESOLVED: g++.dg/lto/20091219 cp_lto_20091219_0.o-cp_lto_20091219_0.o execute -O3 -flto
FAIL: g++.dg/torture/pr31863.C -O2 -flto (test for excess errors)
=== g++ Summary ===
# of expected passes 26101
# of unexpected failures 3
# of expected failures 159
# of unresolved testcases 1
# of unsupported tests 253
/var/gcc/regression/trunk/9-gcc/build/gcc/testsuite/g++/../../g++ version 4.6.0 20110114 (experimental) [trunk revision 168816] (GCC)
=== gcc tests ===
Running target unix
FAIL: gcc.target/i386/pr38240.c (internal compiler error)
FAIL: gcc.target/i386/pr38240.c (test for excess errors)
=== gcc Summary ===
# of expected passes 73549
# of unexpected failures 2
# of expected failures 211
# of unsupported tests 1449
/var/gcc/regression/trunk/9-gcc/build/gcc/xgcc version 4.6.0 20110114 (experimental) [trunk revision 168816] (GCC)
=== gfortran tests ===
Running target unix
=== gfortran Summary ===
# of expected passes 37312
# of expected failures 43
# of unsupported tests 334
/var/gcc/regression/trunk/9-gcc/build/gcc/testsuite/gfortran/../../gfortran version 4.6.0 20110114 (experimental) [trunk revision 168816] (GCC)
=== gnat tests ===
Running target unix
=== gnat Summary ===
# of expected passes 864
# of expected failures 10
# of unsupported tests 3
=== objc tests ===
Running target unix
=== objc Summary ===
# of expected passes 2899
# of expected failures 6
# of unsupported tests 74
/var/gcc/regression/trunk/9-gcc/build/gcc/xgcc version 4.6.0 20110114 (experimental) [trunk revision 168816] (GCC)
=== libffi tests ===
Running target unix
=== libffi Summary ===
# of expected passes 1634
# of expected failures 10
# of unsupported tests 15
=== libgomp tests ===
Running target unix
=== libgomp Summary ===
# of expected passes 2522
# of unsupported tests 2
=== libjava tests ===
Running target unix
FAIL: Divide_1 output - source compiled test
FAIL: Divide_1 -findirect-dispatch output - source compiled test
FAIL: Divide_1 -O3 output - source compiled test
FAIL: Divide_1 -O3 -findirect-dispatch output - source compiled test
FAIL: InvokeInterface execution - source compiled test
FAIL: InvokeInterface -O3 execution - source compiled test
=== libjava Summary ===
# of expected passes 2566
# of unexpected failures 6
# of untested testcases 2
=== libstdc++ tests ===
Running target unix
=== libstdc++ Summary ===
# of expected passes 6830
# of expected failures 87
# of unsupported tests 735
Compiler version: 4.6.0 20110114 (experimental) [trunk revision 168816] (GCC)
Platform: i386-pc-solaris2.9
configure flags: --prefix=/vol/gcc --target=i386-pc-solaris2.9 --with-gmp=/vol/gcc --with-mpfr=/vol/gcc --with-mpc=/vol/gcc --enable-languages=all,ada
BOOT_CFLAGS=-g -O2
More information about the Gcc-testresults
mailing list