Results for 4.3.6 20110113 (prerelease) [gcc-4_3-branch revision 168736] (GCC) gcc testsuite on cris-axis-elf
Mike Stein
mstein.lists@googlemail.com
Thu Jan 13 23:07:00 GMT 2011
Debian 5 on x86_64
cross tool versions:
GNU assembler (GNU Binutils) 2.18.50.20080419
GNU gdb 6.8.50.20080419-cvs
GNU ld (GNU Binutils) 2.18.50.20080419
GNU Make 3.81
expect version 5.43.0
host gcc version: gcc (GCC) 4.6.0 20110112 (experimental) [trunk revision 168730]
LAST_UPDATED: Thu Jan 13 00:54:56 UTC 2011 (revision 168736)
Target is cris-axis-elf
Host is x86_64-unknown-linux-gnu
=== gcc tests ===
Running target cris-sim
FAIL: gcc.dg/large-size-array-2.c (internal compiler error)
FAIL: gcc.dg/large-size-array-2.c (test for errors, line 6)
FAIL: gcc.dg/large-size-array-2.c (test for excess errors)
FAIL: gcc.dg/large-size-array-4.c (internal compiler error)
FAIL: gcc.dg/large-size-array-4.c (test for errors, line 6)
FAIL: gcc.dg/large-size-array-4.c (test for excess errors)
FAIL: gcc.dg/setjmp-1.c spurious clobbered warning (test for bogus messages, line 16)
FAIL: gcc.dg/trampoline-1.c execution test
=== gcc Summary ===
# of expected passes 46090
# of unexpected failures 8
# of expected failures 87
# of untested testcases 35
# of unsupported tests 470
/home/mstein/sim/gcc-4_3-branch/cris-elf/build/gcc/xgcc version 4.3.6 20110113 (prerelease) [gcc-4_3-branch revision 168736] (GCC)
Compiler version: 4.3.6 20110113 (prerelease) [gcc-4_3-branch revision 168736] (GCC) gcc
Platform: cris-axis-elf
configure flags: --target=cris-elf --prefix=/home/mstein/cross-local/cris-elf --enable-languages=c --disable-nls --disable-build-warnings --with-sysroot=/home/mstein/cross-local/cris-elf --with-build-sysroot=/home/mstein/cross-local/cris-elf --with-ld=/home/mstein/cross-local/cris-elf/usr/bin/ld --with-as=/home/mstein/cross-local/cris-elf/usr/bin/as --disable-libssp --with-mpfr=/opt/cfarm/mpfr-2.3.2
More information about the Gcc-testresults
mailing list