Results for 4.6.0 20110112 (experimental) [trunk revision 168697] (GCC) testsuite on armv7l-unknown-linux-gnueabi
Laurent GUERBY gcc44
guerby@gcc44.fsffrance.org
Thu Jan 13 11:31:00 GMT 2011
LAST_UPDATED: Wed Jan 12 09:35:20 UTC 2011 (revision 168697)
Native configuration is armv7l-unknown-linux-gnueabi
=== libgomp tests ===
Running target unix
=== libgomp Summary ===
# of expected passes 266
=== libmudflap tests ===
Running target unix
FAIL: libmudflap.c/fail40-frag.c output pattern test
FAIL: libmudflap.c/pass49-frag.c execution test
FAIL: libmudflap.c/pass49-frag.c output pattern test
FAIL: libmudflap.c/pass49-frag.c execution test
FAIL: libmudflap.c/pass49-frag.c output pattern test
FAIL: libmudflap.c/pass51-frag.c execution test
FAIL: libmudflap.c/pass51-frag.c execution test
FAIL: libmudflap.c/fail40-frag.c (-static) output pattern test
FAIL: libmudflap.c/pass49-frag.c (-static) execution test
FAIL: libmudflap.c/pass49-frag.c (-static) output pattern test
FAIL: libmudflap.c/pass49-frag.c (-static) execution test
FAIL: libmudflap.c/pass49-frag.c (-static) output pattern test
FAIL: libmudflap.c/pass51-frag.c (-static) execution test
FAIL: libmudflap.c/pass51-frag.c (-static) execution test
FAIL: libmudflap.c/fail40-frag.c (-O2) output pattern test
FAIL: libmudflap.c/pass49-frag.c (-O2) execution test
FAIL: libmudflap.c/pass49-frag.c (-O2) output pattern test
FAIL: libmudflap.c/pass49-frag.c (-O2) execution test
FAIL: libmudflap.c/pass49-frag.c (-O2) output pattern test
FAIL: libmudflap.c/pass51-frag.c (-O2) execution test
FAIL: libmudflap.c/pass51-frag.c (-O2) execution test
FAIL: libmudflap.c/fail40-frag.c (-O3) output pattern test
FAIL: libmudflap.c/pass49-frag.c (-O3) execution test
FAIL: libmudflap.c/pass49-frag.c (-O3) output pattern test
FAIL: libmudflap.c/pass49-frag.c (-O3) execution test
FAIL: libmudflap.c/pass49-frag.c (-O3) output pattern test
FAIL: libmudflap.c/pass51-frag.c (-O3) execution test
FAIL: libmudflap.c/pass51-frag.c (-O3) execution test
=== libmudflap Summary ===
# of expected passes 1712
# of unexpected failures 28
# of unsupported tests 2
=== acats tests ===
=== acats Summary ===
# of expected passes 2321
# of unexpected failures 0
=== gcc tests ===
Running target unix
WARNING: program timed out.
FAIL: gcc.c-torture/compile/limits-fndefn.c -O3 -g (test for excess errors)
WARNING: program timed out.
FAIL: tmpdir-gcc.dg-struct-layout-1/t006 c_compat_y_tst.o compile
UNRESOLVED: tmpdir-gcc.dg-struct-layout-1/t006 c_compat_x_tst.o-c_compat_y_tst.o link
UNRESOLVED: tmpdir-gcc.dg-struct-layout-1/t006 c_compat_x_tst.o-c_compat_y_tst.o execute
FAIL: gcc.dg/c99-stdint-1.c (test for excess errors)
FAIL: gcc.dg/c99-stdint-7.c (test for excess errors)
FAIL: gcc.dg/uninit-13.c unconditional (test for warnings, line 8)
FAIL: gcc.dg/uninit-13.c (test for excess errors)
FAIL: largefile.c -O0 -g -I. (internal compiler error)
FAIL: largefile.c -O0 -g -I. (test for excess errors)
FAIL: gcc.dg/pch/largefile.c -O0 -g assembly comparison
FAIL: largefile.c -O0 -I. (internal compiler error)
FAIL: largefile.c -O0 -I. (test for excess errors)
FAIL: gcc.dg/pch/largefile.c -O0 assembly comparison
FAIL: largefile.c -O1 -I. (internal compiler error)
FAIL: largefile.c -O1 -I. (test for excess errors)
FAIL: gcc.dg/pch/largefile.c -O1 assembly comparison
FAIL: largefile.c -O2 -I. (internal compiler error)
FAIL: largefile.c -O2 -I. (test for excess errors)
FAIL: gcc.dg/pch/largefile.c -O2 assembly comparison
FAIL: largefile.c -O3 -fomit-frame-pointer -I. (internal compiler error)
FAIL: largefile.c -O3 -fomit-frame-pointer -I. (test for excess errors)
FAIL: gcc.dg/pch/largefile.c -O3 -fomit-frame-pointer assembly comparison
FAIL: largefile.c -O3 -g -I. (internal compiler error)
FAIL: largefile.c -O3 -g -I. (test for excess errors)
FAIL: gcc.dg/pch/largefile.c -O3 -g assembly comparison
FAIL: largefile.c -Os -I. (internal compiler error)
FAIL: largefile.c -Os -I. (test for excess errors)
FAIL: gcc.dg/pch/largefile.c -Os assembly comparison
FAIL: gcc.dg/tls/pr45870.c (test for excess errors)
XPASS: gcc.dg/tree-ssa/20040204-1.c scan-tree-dump-times optimized "link_error" 0
FAIL: gcc.dg/tree-ssa/pr42585.c scan-tree-dump-times optimized "struct _fat_ptr _ans" 0
FAIL: gcc.dg/tree-ssa/pr42585.c scan-tree-dump-times optimized "struct _fat_ptr _T2" 0
XPASS: gcc.dg/vect/vect-16.c scan-tree-dump-times vect "vectorized 1 loops" 1
FAIL: gcc.dg/vect/vect-72.c scan-tree-dump-times vect "Alignment of access forced using peeling" 0
FAIL: gcc.dg/vect/vect-multitypes-11.c scan-tree-dump-times vect "vectorized 1 loops" 1
FAIL: gcc.dg/vect/vect-multitypes-12.c scan-tree-dump-times vect "vectorized 1 loops" 1
FAIL: gcc.dg/vect/vect-peel-3.c scan-tree-dump-times vect "Vectorizing an unaligned access" 1
FAIL: gcc.dg/vect/vect-peel-4.c scan-tree-dump-times vect "Vectorizing an unaligned access" 1
FAIL: gcc.dg/vect/vect-reduc-dot-s16b.c scan-tree-dump-times vect "vectorized 1 loops" 0
FAIL: gcc.dg/vect/vect-reduc-pattern-1a.c scan-tree-dump-times vect "vectorized 1 loops" 0
FAIL: gcc.dg/vect/vect-reduc-pattern-1b.c scan-tree-dump-times vect "vectorized 1 loops" 0
FAIL: gcc.dg/vect/vect-reduc-pattern-1c.c scan-tree-dump-times vect "vectorized 1 loops" 0
FAIL: gcc.dg/vect/vect-reduc-pattern-2a.c scan-tree-dump-times vect "vectorized 1 loops" 0
FAIL: gcc.dg/vect/vect-reduc-pattern-2b.c scan-tree-dump-times vect "vectorized 1 loops" 0
XPASS: gcc.dg/vect/slp-reduc-3.c scan-tree-dump-times vect "vectorizing stmts using SLP" 1
FAIL: gcc.dg/vect/bb-slp-10.c scan-tree-dump-times slp "unsupported alignment in basic block." 1
FAIL: gcc.dg/vect/wrapv-vect-reduc-pattern-2c.c scan-tree-dump-times vect "vectorized 1 loops" 0
XPASS: gcc.dg/vect/no-scevccp-outer-16.c scan-tree-dump-times vect "OUTER LOOP VECTORIZED." 1
XPASS: gcc.dg/vect/no-scevccp-outer-17.c scan-tree-dump-times vect "OUTER LOOP VECTORIZED." 1
XPASS: gcc.dg/vect/no-scevccp-outer-19.c scan-tree-dump-times vect "OUTER LOOP VECTORIZED." 1
XPASS: gcc.dg/vect/no-scevccp-outer-21.c scan-tree-dump-times vect "OUTER LOOP VECTORIZED." 1
FAIL: gcc.target/arm/fp16-compile-none-1.c (test for errors, line 6)
FAIL: gcc.target/arm/fp16-compile-none-1.c (test for excess errors)
FAIL: gcc.target/arm/pr42575.c scan-assembler-not mov
=== gcc Summary ===
# of expected passes 73560
# of unexpected failures 46
# of unexpected successes 7
# of expected failures 197
# of unresolved testcases 2
# of unsupported tests 953
/mnt/a3/guerby/build/gcc/xgcc version 4.6.0 20110112 (experimental) [trunk revision 168697] (GCC)
=== gnat tests ===
Running target unix
=== gnat Summary ===
# of expected passes 858
# of expected failures 11
# of unsupported tests 5
Compiler version: 4.6.0 20110112 (experimental) [trunk revision 168697] (GCC)
Platform: armv7l-unknown-linux-gnueabi
configure flags: --prefix=/n/44/guerby/install-trunk-168728 --enable-languages=c,ada --enable-__cxa_atexit --enable-threads=posix --disable-multilib
More information about the Gcc-testresults
mailing list