Results for 4.6.0 20110107 (experimental) [trunk revision 168573] (GCC) testsuite on i386-pc-solaris2.9

Rainer Orth ro@CeBiTec.Uni-Bielefeld.DE
Mon Jan 10 18:40:00 GMT 2011


LAST_UPDATED: Fri Jan  7 19:45:40 UTC 2011 (revision 168573)

		=== acats tests ===

		=== acats Summary ===
# of expected passes		2321
# of unexpected failures	0
Native configuration is i386-pc-solaris2.9

		=== g++ tests ===


Running target unix

		=== g++ Summary ===

# of expected passes		26209
# of expected failures		159
# of unsupported tests		188
/var/gcc/regression/trunk/9-gcc-gas/build/gcc/testsuite/g++/../../g++  version 4.6.0 20110107 (experimental) [trunk revision 168573] (GCC) 

		=== gcc tests ===


Running target unix
XPASS: gcc.dg/tree-ssa/20040204-1.c scan-tree-dump-times optimized "link_error" 0
FAIL: gcc.target/i386/pr38240.c (internal compiler error)
FAIL: gcc.target/i386/pr38240.c (test for excess errors)

		=== gcc Summary ===

# of expected passes		74792
# of unexpected failures	2
# of unexpected successes	1
# of expected failures		214
# of unsupported tests		827
/var/gcc/regression/trunk/9-gcc-gas/build/gcc/xgcc  version 4.6.0 20110107 (experimental) [trunk revision 168573] (GCC) 

		=== gfortran tests ===


Running target unix

		=== gfortran Summary ===

# of expected passes		37233
# of expected failures		42
# of unsupported tests		340
/var/gcc/regression/trunk/9-gcc-gas/build/gcc/testsuite/gfortran/../../gfortran  version 4.6.0 20110107 (experimental) [trunk revision 168573] (GCC) 

		=== gnat tests ===


Running target unix

		=== gnat Summary ===

# of expected passes		864
# of expected failures		10
# of unsupported tests		3
		=== objc tests ===


Running target unix
XPASS: objc.dg-struct-layout-encoding-1/t026_main.m execution test

		=== objc Summary ===

# of expected passes		2837
# of unexpected successes	1
# of expected failures		6
# of unsupported tests		98
/var/gcc/regression/trunk/9-gcc-gas/build/gcc/xgcc  version 4.6.0 20110107 (experimental) [trunk revision 168573] (GCC) 

		=== libffi tests ===


Running target unix

		=== libffi Summary ===

# of expected passes		1634
# of expected failures		10
# of unsupported tests		15
		=== libgomp tests ===


Running target unix

		=== libgomp Summary ===

# of expected passes		2522
# of unsupported tests		2
		=== libjava tests ===


Running target unix
FAIL: Divide_1 output - source compiled test
FAIL: Divide_1 -findirect-dispatch output - source compiled test
FAIL: Divide_1 -O3 output - source compiled test
FAIL: Divide_1 -O3 -findirect-dispatch output - source compiled test
FAIL: stacktrace -findirect-dispatch execution - source compiled test

		=== libjava Summary ===

# of expected passes		2568
# of unexpected failures	5
# of untested testcases		1
		=== libstdc++ tests ===


Running target unix

		=== libstdc++ Summary ===

# of expected passes		6825
# of expected failures		87
# of unsupported tests		735

Compiler version: 4.6.0 20110107 (experimental) [trunk revision 168573] (GCC) 
Platform: i386-pc-solaris2.9
configure flags: --prefix=/vol/gcc --target=i386-pc-solaris2.9 --with-as=/vol/gcc/bin/gas-2.21 --with-gnu-as --with-gmp=/vol/gcc --with-mpfr=/vol/gcc --with-mpc=/vol/gcc --enable-languages=all,ada
BOOT_CFLAGS=-g -O2



More information about the Gcc-testresults mailing list