Results for 4.6.0 20110106 (experimental) [trunk revision 168538] (Debian 20110106-1) testsuite on ia64-unknown-linux-gnu
Matthias Klose
doko@debian.org
Sun Jan 9 18:25:00 GMT 2011
LAST_UPDATED: Thu Jan 6 13:13:38 UTC 2011 (revision 168538)
Target: ia64-linux-gnu
gcc version 4.6.0 20110106 (experimental) [trunk revision 168538] (Debian 20110106-1)
=== acats tests ===
FAIL: cb1010a
FAIL: cb1010c
FAIL: cb1010d
=== acats Summary ===
# of expected passes 2318
# of unexpected failures 3
Native configuration is ia64-unknown-linux-gnu
=== g++ tests ===
Running target unix
FAIL: g++.dg/inherit/covariant7.C scan-tree-dump class "48 .*c6::_ZTcv0_n32_v0_n24_NV2c62f2Ev"
FAIL: g++.dg/inherit/covariant7.C scan-tree-dump class "56 .*c6::f2"
FAIL: g++.dg/inherit/covariant7.C scan-tree-dump class "168 .*c6::_ZTv0_n32_NV2c62f2Ev"
UNRESOLVED: attribute_plugin.c compilation, -I. -I/build/buildd-gcc-snapshot_20110106-1-ia64-iPeM3o/gcc-snapshot-20110106/src/gcc/testsuite -I/build/buildd-gcc-snapshot_20110106-1-ia64-iPeM3o/gcc-snapshot-20110106/src/gcc/testsuite/../../gcc -I/build/buildd-gcc-snapshot_20110106-1-ia64-iPeM3o/gcc-snapshot-20110106/build/gcc/testsuite/g++/../../../gcc -I/build/buildd-gcc-snapshot_20110106-1-ia64-iPeM3o/gcc-snapshot-20110106/src/gcc/testsuite/../../include -I/build/buildd-gcc-snapshot_20110106-1-ia64-iPeM3o/gcc-snapshot-20110106/src/gcc/testsuite/../../libcpp/include -I/build/buildd-gcc-snapshot_20110106-1-ia64-iPeM3o/gcc-snapshot-20110106/build/gcc/testsuite/g++/../../../intl -DIN_GCC -fPIC -shared
UNRESOLVED: pragma_plugin.c compilation, -I. -I/build/buildd-gcc-snapshot_20110106-1-ia64-iPeM3o/gcc-snapshot-20110106/src/gcc/testsuite -I/build/buildd-gcc-snapshot_20110106-1-ia64-iPeM3o/gcc-snapshot-20110106/src/gcc/testsuite/../../gcc -I/build/buildd-gcc-snapshot_20110106-1-ia64-iPeM3o/gcc-snapshot-20110106/build/gcc/testsuite/g++/../../../gcc -I/build/buildd-gcc-snapshot_20110106-1-ia64-iPeM3o/gcc-snapshot-20110106/src/gcc/testsuite/../../include -I/build/buildd-gcc-snapshot_20110106-1-ia64-iPeM3o/gcc-snapshot-20110106/src/gcc/testsuite/../../libcpp/include -I/build/buildd-gcc-snapshot_20110106-1-ia64-iPeM3o/gcc-snapshot-20110106/build/gcc/testsuite/g++/../../../intl -DIN_GCC -fPIC -shared
UNRESOLVED: selfassign.c compilation, -I. -I/build/buildd-gcc-snapshot_20110106-1-ia64-iPeM3o/gcc-snapshot-20110106/src/gcc/testsuite -I/build/buildd-gcc-snapshot_20110106-1-ia64-iPeM3o/gcc-snapshot-20110106/src/gcc/testsuite/../../gcc -I/build/buildd-gcc-snapshot_20110106-1-ia64-iPeM3o/gcc-snapshot-20110106/build/gcc/testsuite/g++/../../../gcc -I/build/buildd-gcc-snapshot_20110106-1-ia64-iPeM3o/gcc-snapshot-20110106/src/gcc/testsuite/../../include -I/build/buildd-gcc-snapshot_20110106-1-ia64-iPeM3o/gcc-snapshot-20110106/src/gcc/testsuite/../../libcpp/include -I/build/buildd-gcc-snapshot_20110106-1-ia64-iPeM3o/gcc-snapshot-20110106/build/gcc/testsuite/g++/../../../intl -O -DIN_GCC -fPIC -shared
UNRESOLVED: dumb_plugin.c compilation, -I. -I/build/buildd-gcc-snapshot_20110106-1-ia64-iPeM3o/gcc-snapshot-20110106/src/gcc/testsuite -I/build/buildd-gcc-snapshot_20110106-1-ia64-iPeM3o/gcc-snapshot-20110106/src/gcc/testsuite/../../gcc -I/build/buildd-gcc-snapshot_20110106-1-ia64-iPeM3o/gcc-snapshot-20110106/build/gcc/testsuite/g++/../../../gcc -I/build/buildd-gcc-snapshot_20110106-1-ia64-iPeM3o/gcc-snapshot-20110106/src/gcc/testsuite/../../include -I/build/buildd-gcc-snapshot_20110106-1-ia64-iPeM3o/gcc-snapshot-20110106/src/gcc/testsuite/../../libcpp/include -I/build/buildd-gcc-snapshot_20110106-1-ia64-iPeM3o/gcc-snapshot-20110106/build/gcc/testsuite/g++/../../../intl -DIN_GCC -fPIC -shared
UNRESOLVED: header_plugin.c compilation, -I. -I/build/buildd-gcc-snapshot_20110106-1-ia64-iPeM3o/gcc-snapshot-20110106/src/gcc/testsuite -I/build/buildd-gcc-snapshot_20110106-1-ia64-iPeM3o/gcc-snapshot-20110106/src/gcc/testsuite/../../gcc -I/build/buildd-gcc-snapshot_20110106-1-ia64-iPeM3o/gcc-snapshot-20110106/build/gcc/testsuite/g++/../../../gcc -I/build/buildd-gcc-snapshot_20110106-1-ia64-iPeM3o/gcc-snapshot-20110106/src/gcc/testsuite/../../include -I/build/buildd-gcc-snapshot_20110106-1-ia64-iPeM3o/gcc-snapshot-20110106/src/gcc/testsuite/../../libcpp/include -I/build/buildd-gcc-snapshot_20110106-1-ia64-iPeM3o/gcc-snapshot-20110106/build/gcc/testsuite/g++/../../../intl -DIN_GCC -fPIC -shared
=== g++ Summary ===
# of expected passes 25443
# of unexpected failures 3
# of expected failures 158
# of unresolved testcases 5
# of unsupported tests 389
/build/buildd-gcc-snapshot_20110106-1-ia64-iPeM3o/gcc-snapshot-20110106/build/gcc/testsuite/g++/../../g++ version 4.6.0 20110106 (experimental) [trunk revision 168538] (Debian 20110106-1)
=== gcc tests ===
Running target unix
FAIL: gcc.dg/compat/vector-1 c_compat_x_tst.o-c_compat_y_tst.o execute
FAIL: gcc.dg/compat/vector-2 c_compat_x_tst.o-c_compat_y_tst.o execute
FAIL: tmpdir-gcc.dg-struct-layout-1/t025 c_compat_x_tst.o-c_compat_y_tst.o execute
FAIL: gcc.dg/cproj-fails-with-broken-glibc.c execution test
UNRESOLVED: selfassign.c compilation, -I. -I/build/buildd-gcc-snapshot_20110106-1-ia64-iPeM3o/gcc-snapshot-20110106/src/gcc/testsuite -I/build/buildd-gcc-snapshot_20110106-1-ia64-iPeM3o/gcc-snapshot-20110106/src/gcc/testsuite/../../gcc -I/build/buildd-gcc-snapshot_20110106-1-ia64-iPeM3o/gcc-snapshot-20110106/build/gcc/testsuite/gcc/../../../gcc -I/build/buildd-gcc-snapshot_20110106-1-ia64-iPeM3o/gcc-snapshot-20110106/src/gcc/testsuite/../../include -I/build/buildd-gcc-snapshot_20110106-1-ia64-iPeM3o/gcc-snapshot-20110106/src/gcc/testsuite/../../libcpp/include -I/build/buildd-gcc-snapshot_20110106-1-ia64-iPeM3o/gcc-snapshot-20110106/build/gcc/testsuite/gcc/../../../intl -O -DIN_GCC -fPIC -shared
UNRESOLVED: ggcplug.c compilation, -I. -I/build/buildd-gcc-snapshot_20110106-1-ia64-iPeM3o/gcc-snapshot-20110106/src/gcc/testsuite -I/build/buildd-gcc-snapshot_20110106-1-ia64-iPeM3o/gcc-snapshot-20110106/src/gcc/testsuite/../../gcc -I/build/buildd-gcc-snapshot_20110106-1-ia64-iPeM3o/gcc-snapshot-20110106/build/gcc/testsuite/gcc/../../../gcc -I/build/buildd-gcc-snapshot_20110106-1-ia64-iPeM3o/gcc-snapshot-20110106/src/gcc/testsuite/../../include -I/build/buildd-gcc-snapshot_20110106-1-ia64-iPeM3o/gcc-snapshot-20110106/src/gcc/testsuite/../../libcpp/include -I/build/buildd-gcc-snapshot_20110106-1-ia64-iPeM3o/gcc-snapshot-20110106/build/gcc/testsuite/gcc/../../../intl -O -DIN_GCC -fPIC -shared
UNRESOLVED: one_time_plugin.c compilation, -I. -I/build/buildd-gcc-snapshot_20110106-1-ia64-iPeM3o/gcc-snapshot-20110106/src/gcc/testsuite -I/build/buildd-gcc-snapshot_20110106-1-ia64-iPeM3o/gcc-snapshot-20110106/src/gcc/testsuite/../../gcc -I/build/buildd-gcc-snapshot_20110106-1-ia64-iPeM3o/gcc-snapshot-20110106/build/gcc/testsuite/gcc/../../../gcc -I/build/buildd-gcc-snapshot_20110106-1-ia64-iPeM3o/gcc-snapshot-20110106/src/gcc/testsuite/../../include -I/build/buildd-gcc-snapshot_20110106-1-ia64-iPeM3o/gcc-snapshot-20110106/src/gcc/testsuite/../../libcpp/include -I/build/buildd-gcc-snapshot_20110106-1-ia64-iPeM3o/gcc-snapshot-20110106/build/gcc/testsuite/gcc/../../../intl -DIN_GCC -fPIC -shared
UNRESOLVED: start_unit_plugin.c compilation, -I. -I/build/buildd-gcc-snapshot_20110106-1-ia64-iPeM3o/gcc-snapshot-20110106/src/gcc/testsuite -I/build/buildd-gcc-snapshot_20110106-1-ia64-iPeM3o/gcc-snapshot-20110106/src/gcc/testsuite/../../gcc -I/build/buildd-gcc-snapshot_20110106-1-ia64-iPeM3o/gcc-snapshot-20110106/build/gcc/testsuite/gcc/../../../gcc -I/build/buildd-gcc-snapshot_20110106-1-ia64-iPeM3o/gcc-snapshot-20110106/src/gcc/testsuite/../../include -I/build/buildd-gcc-snapshot_20110106-1-ia64-iPeM3o/gcc-snapshot-20110106/src/gcc/testsuite/../../libcpp/include -I/build/buildd-gcc-snapshot_20110106-1-ia64-iPeM3o/gcc-snapshot-20110106/build/gcc/testsuite/gcc/../../../intl -DIN_GCC -fPIC -shared
UNRESOLVED: finish_unit_plugin.c compilation, -I. -I/build/buildd-gcc-snapshot_20110106-1-ia64-iPeM3o/gcc-snapshot-20110106/src/gcc/testsuite -I/build/buildd-gcc-snapshot_20110106-1-ia64-iPeM3o/gcc-snapshot-20110106/src/gcc/testsuite/../../gcc -I/build/buildd-gcc-snapshot_20110106-1-ia64-iPeM3o/gcc-snapshot-20110106/build/gcc/testsuite/gcc/../../../gcc -I/build/buildd-gcc-snapshot_20110106-1-ia64-iPeM3o/gcc-snapshot-20110106/src/gcc/testsuite/../../include -I/build/buildd-gcc-snapshot_20110106-1-ia64-iPeM3o/gcc-snapshot-20110106/src/gcc/testsuite/../../libcpp/include -I/build/buildd-gcc-snapshot_20110106-1-ia64-iPeM3o/gcc-snapshot-20110106/build/gcc/testsuite/gcc/../../../intl -DIN_GCC -fPIC -shared
FAIL: gcc.dg/torture/vector-2.c -O2 execution test
XPASS: gcc.dg/tree-ssa/20040204-1.c scan-tree-dump-times optimized "link_error" 0
XPASS: gcc.dg/tree-ssa/loop-1.c scan-assembler-times foo 5
XPASS: gcc.dg/vect/pr33804.c scan-tree-dump-times vect "vectorized 1 loops" 1
XPASS: gcc.dg/vect/pr33804.c scan-tree-dump-times vect "vectorizing stmts using SLP" 1
XPASS: gcc.dg/vect/pr33953.c scan-tree-dump-times vect "vectorized 1 loops" 1
XPASS: gcc.dg/vect/pr33953.c scan-tree-dump-times vect "vectorizing stmts using SLP" 1
XPASS: gcc.dg/vect/vect-35.c scan-tree-dump-times vect "vectorized 2 loops" 1
XPASS: gcc.dg/vect/vect-peel-1.c scan-tree-dump-times vect "vectorized 1 loops" 2
XPASS: gcc.dg/vect/vect-peel-1.c scan-tree-dump-times vect "Alignment of access forced using peeling" 1
XPASS: gcc.dg/vect/vect-peel-2.c scan-tree-dump-times vect "vectorized 1 loops" 2
XPASS: gcc.dg/vect/vect-vfa-slp.c scan-tree-dump-times vect "vectorized 1 loops" 1
XPASS: gcc.dg/vect/slp-23.c scan-tree-dump-times vect "vectorizing stmts using SLP" 1
XPASS: gcc.dg/vect/slp-24.c scan-tree-dump-times vect "vectorized 1 loops" 1
XPASS: gcc.dg/vect/slp-24.c scan-tree-dump-times vect "vectorizing stmts using SLP" 2
XPASS: gcc.dg/vect/slp-35.c scan-tree-dump-times vect "vectorized 1 loops" 1
XPASS: gcc.dg/vect/slp-35.c scan-tree-dump-times vect "vectorizing stmts using SLP" 1
XPASS: gcc.dg/vect/no-scevccp-outer-21.c scan-tree-dump-times vect "OUTER LOOP VECTORIZED." 1
XPASS: gcc.dg/vect/no-tree-pre-slp-29.c scan-tree-dump-times vect "vectorized 1 loops" 2
XPASS: gcc.dg/vect/no-tree-pre-slp-29.c scan-tree-dump-times vect "vectorizing stmts using SLP" 2
=== gcc Summary ===
# of expected passes 69066
# of unexpected failures 5
# of unexpected successes 19
# of expected failures 264
# of unresolved testcases 5
# of unsupported tests 909
/build/buildd-gcc-snapshot_20110106-1-ia64-iPeM3o/gcc-snapshot-20110106/build/gcc/xgcc version 4.6.0 20110106 (experimental) [trunk revision 168538] (Debian 20110106-1)
=== gfortran tests ===
Running target unix
FAIL: gfortran.dg/vect/fast-math-vect-8.f90 scan-tree-dump-times vect "vectorized 1 loops" 1
=== gfortran Summary ===
# of expected passes 37762
# of unexpected failures 1
# of expected failures 59
# of unsupported tests 62
/build/buildd-gcc-snapshot_20110106-1-ia64-iPeM3o/gcc-snapshot-20110106/build/gcc/testsuite/gfortran/../../gfortran version 4.6.0 20110106 (experimental) [trunk revision 168538] (Debian 20110106-1)
=== gnat tests ===
Running target unix
FAIL: gnat.dg/stack_check1.adb execution test
FAIL: gnat.dg/stack_check2.adb execution test
=== gnat Summary ===
# of expected passes 863
# of unexpected failures 2
# of expected failures 10
# of unsupported tests 3
=== obj-c++ tests ===
Running target unix
UNRESOLVED: obj-c++.dg/try-catch-2.mm -fgnu-runtime compilation failed to produce executable
UNRESOLVED: obj-c++.dg/try-catch-9.mm -fgnu-runtime compilation failed to produce executable
=== obj-c++ Summary ===
# of expected passes 1334
# of expected failures 10
# of unresolved testcases 2
# of unsupported tests 86
/build/buildd-gcc-snapshot_20110106-1-ia64-iPeM3o/gcc-snapshot-20110106/build/gcc/testsuite/obj-c++/../../g++ version 4.6.0 20110106 (experimental) [trunk revision 168538] (Debian 20110106-1)
=== objc tests ===
Running target unix
FAIL: objc.dg/foreach-2.m -fgnu-runtime execution test
FAIL: objc.dg/foreach-4.m -fgnu-runtime execution test
FAIL: objc.dg/foreach-5.m -fgnu-runtime execution test
XPASS: objc.dg-struct-layout-encoding-1/t025_main.m execution test
XPASS: objc.dg-struct-layout-encoding-1/t026_main.m execution test
XPASS: objc.dg-struct-layout-encoding-1/t027_main.m execution test
XPASS: objc.dg-struct-layout-encoding-1/t028_main.m execution test
XPASS: objc.dg-struct-layout-encoding-1/t029_main.m execution test
XPASS: objc.dg-struct-layout-encoding-1/t030_main.m execution test
XPASS: objc.dg-struct-layout-encoding-1/t031_main.m execution test
=== objc Summary ===
# of expected passes 2870
# of unexpected failures 3
# of unexpected successes 7
# of expected failures 10
# of unsupported tests 75
/build/buildd-gcc-snapshot_20110106-1-ia64-iPeM3o/gcc-snapshot-20110106/build/gcc/xgcc version 4.6.0 20110106 (experimental) [trunk revision 168538] (Debian 20110106-1)
=== libgomp tests ===
Running target unix
=== libgomp Summary ===
# of expected passes 2572
=== libmudflap tests ===
Running target unix
FAIL: libmudflap.c/pass49-frag.c execution test
FAIL: libmudflap.c/pass49-frag.c output pattern test
FAIL: libmudflap.c/pass49-frag.c execution test
FAIL: libmudflap.c/pass49-frag.c output pattern test
FAIL: libmudflap.c/pass49-frag.c (-static) execution test
FAIL: libmudflap.c/pass49-frag.c (-static) output pattern test
FAIL: libmudflap.c/pass49-frag.c (-static) execution test
FAIL: libmudflap.c/pass49-frag.c (-static) output pattern test
FAIL: libmudflap.c/pass49-frag.c (-O2) execution test
FAIL: libmudflap.c/pass49-frag.c (-O2) output pattern test
FAIL: libmudflap.c/pass49-frag.c (-O2) execution test
FAIL: libmudflap.c/pass49-frag.c (-O2) output pattern test
FAIL: libmudflap.c/pass49-frag.c (-O3) execution test
FAIL: libmudflap.c/pass49-frag.c (-O3) output pattern test
FAIL: libmudflap.c/pass49-frag.c (-O3) execution test
FAIL: libmudflap.c/pass49-frag.c (-O3) output pattern test
=== libmudflap Summary ===
# of expected passes 1878
# of unexpected failures 16
=== libstdc++ tests ===
Running target unix
FAIL: 22_locale/time_get/get_date/wchar_t/4.cc execution test
=== libstdc++ Summary ===
# of expected passes 8012
# of unexpected failures 1
# of expected failures 83
# of unsupported tests 125
Compiler version: 4.6.0 20110106 (experimental) [trunk revision 168538] (Debian 20110106-1)
Platform: ia64-unknown-linux-gnu
configure flags: -v --with-pkgversion='Debian 20110106-1' --with-bugurl=file:///usr/share/doc/gcc-snapshot/README.Bugs --enable-languages=c,ada,c++,fortran,objc,obj-c++ --prefix=/usr/lib/gcc-snapshot --enable-shared --enable-multiarch --enable-linker-build-id --with-system-zlib --disable-nls --enable-clocale=gnu --enable-libstdcxx-debug --enable-libstdcxx-time=yes --disable-libssp --enable-plugin --enable-objc-gc --with-system-libunwind --disable-werror --enable-checking=yes --build=ia64-linux-gnu --host=ia64-linux-gnu --target=ia64-linux-gnu
BOOT_CFLAGS=
Build Dependencies:
Desired=Unknown/Install/Remove/Purge/Hold
| Status=Not/Inst/Conf-files/Unpacked/halF-conf/Half-inst/trig-aWait/Trig-pend
|/ Err?=(none)/Reinst-required (Status,Err: uppercase=bad)
||/ Name Version Description
+++-===============================-========================-========================================================================
ii binutils 2.20.1-15 The GNU assembler, linker and binary utilities
ii g++-4.4 4.4.5-8 The GNU C++ compiler
ii libc6.1 2.11.2-7 Embedded GNU C Library: Shared libraries
pi libcloog-ppl-dev 0.15.9-2 the Chunky Loop Generator (development files)
pi libgmp3-dev 2:4.3.2+dfsg-1 Multiprecision arithmetic library developers tools
pi libmpc-dev 0.8.2-1+b1 multiple precision complex floating-point library development package
pi libmpfr-dev 3.0.0-2 multiple precision floating-point computation developers tools
pi libppl0.10-dev 0.10.2-9 Parma Polyhedra Library (development)
libjava-disable-static:
Disable building the static libjava.
libjava-fixed-symlinks:
Remove unneed '..' elements from symlinks in JAVA_HOME
libstdc++-arm-wno-abi:
Temporary work around:
On arm-linux-gnueabi run the libstdc++v3 testsuite with -Wno-abi
ada-mips:
Improve support for mips.
libstdc++-stylesheets:
Fix libstdc++ stylesheet detection
libgo-goarch:
libgo: Fix GOARCH for i386 biarch, add GOARCH for powerpc
arm-unbreak-eabi-armv4t:
Fix armv4t build on ARM
gcc-multiarch:
mips-triarch:
Build a tri-arch compiler on mips-linux-gnu.
http://gcc.gnu.org/ml/gcc-patches/2009-03/msg01047.html
libjava-nobiarch-check:
For biarch builds, disable the testsuite for the non-default architecture
for runtime libraries, which are not built by default (libjava).
config-ml:
disable some biarch libraries for biarch builds
s390-biarch:
Build a bi-arch compiler on s390-linux-gnu.
http://gcc.gnu.org/ml/gcc-patches/2009-03/msg01044.html
gcc-powerpc-nof:
Don't build nof multlib on powerpc.
gcc-no-add-needed:
On linux targets pass --no-add-needed to the linker.
mips-fix-loongson2f-nop:
On mips, pass -mfix-loongson2f-nop to as, if -mno-fix-loongson2f-nop
is not passed.
gcc-system-root:
Avoid include paths starting with a double slash
Counting all warnings,
there are 0 warnings in stage3 of this bootstrap.
Number of warnings per file:
Number of warning types:
More information about the Gcc-testresults
mailing list