Results for 4.6.0 20110102 (experimental) (GCC) testsuite on i686-pc-linux-gnu
GCC regression tester
regress@geoffk.org
Sun Jan 2 22:12:00 GMT 2011
This build run by an automatic regression tester.
See <http://glutton.geoffk.org/HEAD/> for more information.
Date: 2011-01-02T20:40:16Z
Revision: 168408
URL: svn://gcc.gnu.org/svn/gcc/trunk
Status: regress-106
Prev-Endtime: 2011-01-02T19:24:21Z
Native configuration is i686-pc-linux-gnu
=== g++ tests ===
Running target unix
FAIL: g++.dg/guality/redeclaration1.C -O0 line 17 i == 24
FAIL: g++.dg/guality/redeclaration1.C -O1 line 17 i == 24
FAIL: g++.dg/guality/redeclaration1.C -O2 line 17 i == 24
FAIL: g++.dg/guality/redeclaration1.C -O3 -fomit-frame-pointer line 17 i == 24
FAIL: g++.dg/guality/redeclaration1.C -O3 -g line 17 i == 24
FAIL: g++.dg/guality/redeclaration1.C -Os line 17 i == 24
FAIL: g++.dg/lto/20081022 cp_lto_20081022_0.o-cp_lto_20081022_1.o link, -O0 -flto -flto-partition=none
UNRESOLVED: g++.dg/lto/20081022 cp_lto_20081022_0.o-cp_lto_20081022_1.o execute -O0 -flto -flto-partition=none
FAIL: g++.dg/lto/20081022 cp_lto_20081022_0.o-cp_lto_20081022_1.o link, -O2 -flto -flto-partition=none
UNRESOLVED: g++.dg/lto/20081022 cp_lto_20081022_0.o-cp_lto_20081022_1.o execute -O2 -flto -flto-partition=none
FAIL: g++.dg/lto/20081109 cp_lto_20081109_0.o-cp_lto_20081109_1.o link, -O0 -flto -flto-partition=none
UNRESOLVED: g++.dg/lto/20081109 cp_lto_20081109_0.o-cp_lto_20081109_1.o execute -O0 -flto -flto-partition=none
FAIL: g++.dg/lto/20081109 cp_lto_20081109_0.o-cp_lto_20081109_1.o link, -O2 -flto -flto-partition=none
UNRESOLVED: g++.dg/lto/20081109 cp_lto_20081109_0.o-cp_lto_20081109_1.o execute -O2 -flto -flto-partition=none
FAIL: g++.dg/lto/20081118-1 cp_lto_20081118-1_0.o-cp_lto_20081118-1_1.o link, -O0 -flto -flto-partition=none
UNRESOLVED: g++.dg/lto/20081118-1 cp_lto_20081118-1_0.o-cp_lto_20081118-1_1.o execute -O0 -flto -flto-partition=none
FAIL: g++.dg/lto/20081118-1 cp_lto_20081118-1_0.o-cp_lto_20081118-1_1.o link, -O2 -flto -flto-partition=none
UNRESOLVED: g++.dg/lto/20081118-1 cp_lto_20081118-1_0.o-cp_lto_20081118-1_1.o execute -O2 -flto -flto-partition=none
FAIL: g++.dg/lto/20081119 cp_lto_20081119_0.o-cp_lto_20081119_1.o link, -O0 -flto -flto-partition=none
UNRESOLVED: g++.dg/lto/20081119 cp_lto_20081119_0.o-cp_lto_20081119_1.o execute -O0 -flto -flto-partition=none
FAIL: g++.dg/lto/20081119 cp_lto_20081119_0.o-cp_lto_20081119_1.o link, -O2 -flto -flto-partition=none
UNRESOLVED: g++.dg/lto/20081119 cp_lto_20081119_0.o-cp_lto_20081119_1.o execute -O2 -flto -flto-partition=none
FAIL: g++.dg/lto/20081127 cp_lto_20081127_0.o-cp_lto_20081127_1.o link, -O0 -flto -flto-partition=none
UNRESOLVED: g++.dg/lto/20081127 cp_lto_20081127_0.o-cp_lto_20081127_1.o execute -O0 -flto -flto-partition=none
FAIL: g++.dg/lto/20081127 cp_lto_20081127_0.o-cp_lto_20081127_1.o link, -O2 -flto -flto-partition=none
UNRESOLVED: g++.dg/lto/20081127 cp_lto_20081127_0.o-cp_lto_20081127_1.o execute -O2 -flto -flto-partition=none
FAIL: g++.dg/lto/20081203 cp_lto_20081203_0.o-cp_lto_20081203_1.o link, -O0 -flto -flto-partition=none
UNRESOLVED: g++.dg/lto/20081203 cp_lto_20081203_0.o-cp_lto_20081203_1.o execute -O0 -flto -flto-partition=none
FAIL: g++.dg/lto/20081203 cp_lto_20081203_0.o-cp_lto_20081203_1.o link, -O2 -flto -flto-partition=none
UNRESOLVED: g++.dg/lto/20081203 cp_lto_20081203_0.o-cp_lto_20081203_1.o execute -O2 -flto -flto-partition=none
FAIL: g++.dg/lto/20081209 cp_lto_20081209_0.o-cp_lto_20081209_1.o link, -O0 -flto -flto-partition=none
UNRESOLVED: g++.dg/lto/20081209 cp_lto_20081209_0.o-cp_lto_20081209_1.o execute -O0 -flto -flto-partition=none
FAIL: g++.dg/lto/20081209 cp_lto_20081209_0.o-cp_lto_20081209_1.o link, -O2 -flto -flto-partition=none
UNRESOLVED: g++.dg/lto/20081209 cp_lto_20081209_0.o-cp_lto_20081209_1.o execute -O2 -flto -flto-partition=none
FAIL: g++.dg/lto/20081211-1 cp_lto_20081211-1_0.o-cp_lto_20081211-1_1.o link, -O0 -flto -flto-partition=none
UNRESOLVED: g++.dg/lto/20081211-1 cp_lto_20081211-1_0.o-cp_lto_20081211-1_1.o execute -O0 -flto -flto-partition=none
FAIL: g++.dg/lto/20081211-1 cp_lto_20081211-1_0.o-cp_lto_20081211-1_1.o link, -O2 -flto -flto-partition=none
UNRESOLVED: g++.dg/lto/20081211-1 cp_lto_20081211-1_0.o-cp_lto_20081211-1_1.o execute -O2 -flto -flto-partition=none
FAIL: g++.dg/lto/20090311-1 cp_lto_20090311-1_0.o-cp_lto_20090311-1_1.o link, -O0 -flto -flto-partition=none
UNRESOLVED: g++.dg/lto/20090311-1 cp_lto_20090311-1_0.o-cp_lto_20090311-1_1.o execute -O0 -flto -flto-partition=none
FAIL: g++.dg/lto/20090311-1 cp_lto_20090311-1_0.o-cp_lto_20090311-1_1.o link, -O2 -flto -flto-partition=none
UNRESOLVED: g++.dg/lto/20090311-1 cp_lto_20090311-1_0.o-cp_lto_20090311-1_1.o execute -O2 -flto -flto-partition=none
FAIL: g++.dg/lto/20090311 cp_lto_20090311_0.o-cp_lto_20090311_1.o link, -O0 -flto -flto-partition=none
UNRESOLVED: g++.dg/lto/20090311 cp_lto_20090311_0.o-cp_lto_20090311_1.o execute -O0 -flto -flto-partition=none
FAIL: g++.dg/lto/20090311 cp_lto_20090311_0.o-cp_lto_20090311_1.o link, -O2 -flto -flto-partition=none
UNRESOLVED: g++.dg/lto/20090311 cp_lto_20090311_0.o-cp_lto_20090311_1.o execute -O2 -flto -flto-partition=none
FAIL: g++.dg/lto/20090312 cp_lto_20090312_0.o-cp_lto_20090312_1.o link, -O0 -flto -flto-partition=none
UNRESOLVED: g++.dg/lto/20090312 cp_lto_20090312_0.o-cp_lto_20090312_1.o execute -O0 -flto -flto-partition=none
FAIL: g++.dg/lto/20090312 cp_lto_20090312_0.o-cp_lto_20090312_1.o link, -O2 -flto -flto-partition=none
UNRESOLVED: g++.dg/lto/20090312 cp_lto_20090312_0.o-cp_lto_20090312_1.o execute -O2 -flto -flto-partition=none
FAIL: g++.dg/lto/20090315 cp_lto_20090315_0.o-cp_lto_20090315_1.o link, -O0 -flto -flto-partition=none
UNRESOLVED: g++.dg/lto/20090315 cp_lto_20090315_0.o-cp_lto_20090315_1.o execute -O0 -flto -flto-partition=none
FAIL: g++.dg/lto/20090315 cp_lto_20090315_0.o-cp_lto_20090315_1.o link, -O2 -flto -flto-partition=none
UNRESOLVED: g++.dg/lto/20090315 cp_lto_20090315_0.o-cp_lto_20090315_1.o execute -O2 -flto -flto-partition=none
FAIL: g++.dg/lto/20091026-1 cp_lto_20091026-1_0.o-cp_lto_20091026-1_1.o link, -O0 -flto -flto-partition=none
UNRESOLVED: g++.dg/lto/20091026-1 cp_lto_20091026-1_0.o-cp_lto_20091026-1_1.o execute -O0 -flto -flto-partition=none
FAIL: g++.dg/lto/20091026-1 cp_lto_20091026-1_0.o-cp_lto_20091026-1_1.o link, -O2 -flto -flto-partition=none
UNRESOLVED: g++.dg/lto/20091026-1 cp_lto_20091026-1_0.o-cp_lto_20091026-1_1.o execute -O2 -flto -flto-partition=none
FAIL: g++.dg/lto/20091210-1 cp_lto_20091210-1_0.o-cp_lto_20091210-1_1.o link, -O0 -flto -flto-partition=none
UNRESOLVED: g++.dg/lto/20091210-1 cp_lto_20091210-1_0.o-cp_lto_20091210-1_1.o execute -O0 -flto -flto-partition=none
FAIL: g++.dg/lto/20091210-1 cp_lto_20091210-1_0.o-cp_lto_20091210-1_1.o link, -O2 -flto -flto-partition=none
UNRESOLVED: g++.dg/lto/20091210-1 cp_lto_20091210-1_0.o-cp_lto_20091210-1_1.o execute -O2 -flto -flto-partition=none
FAIL: g++.dg/lto/20100603-1 cp_lto_20100603-1_0.o-cp_lto_20100603-1_1.o link, -O0 -flto -flto-partition=none
UNRESOLVED: g++.dg/lto/20100603-1 cp_lto_20100603-1_0.o-cp_lto_20100603-1_1.o execute -O0 -flto -flto-partition=none
FAIL: g++.dg/lto/20100603-1 cp_lto_20100603-1_0.o-cp_lto_20100603-1_1.o link, -O2 -flto -flto-partition=none
UNRESOLVED: g++.dg/lto/20100603-1 cp_lto_20100603-1_0.o-cp_lto_20100603-1_1.o execute -O2 -flto -flto-partition=none
FAIL: g++.dg/lto/20101020-1 cp_lto_20101020-1_0.o-cp_lto_20101020-1_1.o link, -O0 -flto -flto-partition=none
UNRESOLVED: g++.dg/lto/20101020-1 cp_lto_20101020-1_0.o-cp_lto_20101020-1_1.o execute -O0 -flto -flto-partition=none
FAIL: g++.dg/lto/20101020-1 cp_lto_20101020-1_0.o-cp_lto_20101020-1_1.o link, -O2 -flto -flto-partition=none
UNRESOLVED: g++.dg/lto/20101020-1 cp_lto_20101020-1_0.o-cp_lto_20101020-1_1.o execute -O2 -flto -flto-partition=none
FAIL: g++.dg/lto/20101126-1 cp_lto_20101126-1_0.o-cp_lto_20101126-1_1.o link, -O0 -flto -flto-partition=none
UNRESOLVED: g++.dg/lto/20101126-1 cp_lto_20101126-1_0.o-cp_lto_20101126-1_1.o execute -O0 -flto -flto-partition=none
FAIL: g++.dg/lto/20101126-1 cp_lto_20101126-1_0.o-cp_lto_20101126-1_1.o link, -O2 -flto -flto-partition=none
UNRESOLVED: g++.dg/lto/20101126-1 cp_lto_20101126-1_0.o-cp_lto_20101126-1_1.o execute -O2 -flto -flto-partition=none
FAIL: g++.dg/torture/pr43879-1_1.C -O2 -flto -flto-partition=none (test for excess errors)
WARNING: g++.dg/torture/pr43879-1_1.C -O2 -flto -flto-partition=none compilation failed to produce executable
=== g++ Summary ===
# of expected passes 26533
# of unexpected failures 41
# of expected failures 158
# of unresolved testcases 34
# of unsupported tests 154
/home/regress/tbox/native/build/gcc/testsuite/g++/../../g++ version 4.6.0 20110102 (experimental) (GCC)
=== gcc tests ===
Running target unix
FAIL: gcc.c-torture/execute/builtins/20010124-1.c compilation, -O2 -flto -flto-partition=none
UNRESOLVED: gcc.c-torture/execute/builtins/20010124-1.c execution, -O2 -flto -flto-partition=none
FAIL: gcc.c-torture/execute/builtins/abs-1.c compilation, -O2 -flto -flto-partition=none
UNRESOLVED: gcc.c-torture/execute/builtins/abs-1.c execution, -O2 -flto -flto-partition=none
FAIL: gcc.c-torture/execute/builtins/abs-2.c compilation, -O2 -flto -flto-partition=none
UNRESOLVED: gcc.c-torture/execute/builtins/abs-2.c execution, -O2 -flto -flto-partition=none
FAIL: gcc.c-torture/execute/builtins/abs-3.c compilation, -O2 -flto -flto-partition=none
UNRESOLVED: gcc.c-torture/execute/builtins/abs-3.c execution, -O2 -flto -flto-partition=none
FAIL: gcc.c-torture/execute/builtins/complex-1.c compilation, -O2 -flto -flto-partition=none
UNRESOLVED: gcc.c-torture/execute/builtins/complex-1.c execution, -O2 -flto -flto-partition=none
FAIL: gcc.c-torture/execute/builtins/fprintf.c compilation, -O2 -flto -flto-partition=none
UNRESOLVED: gcc.c-torture/execute/builtins/fprintf.c execution, -O2 -flto -flto-partition=none
FAIL: gcc.c-torture/execute/builtins/fputs.c compilation, -O2 -flto -flto-partition=none
UNRESOLVED: gcc.c-torture/execute/builtins/fputs.c execution, -O2 -flto -flto-partition=none
FAIL: gcc.c-torture/execute/builtins/memchr.c compilation, -O2 -flto -flto-partition=none
UNRESOLVED: gcc.c-torture/execute/builtins/memchr.c execution, -O2 -flto -flto-partition=none
FAIL: gcc.c-torture/execute/builtins/memcmp.c compilation, -O2 -flto -flto-partition=none
UNRESOLVED: gcc.c-torture/execute/builtins/memcmp.c execution, -O2 -flto -flto-partition=none
FAIL: gcc.c-torture/execute/builtins/memcpy-chk.c compilation, -O2 -flto -flto-partition=none
UNRESOLVED: gcc.c-torture/execute/builtins/memcpy-chk.c execution, -O2 -flto -flto-partition=none
FAIL: gcc.c-torture/execute/builtins/memmove-2.c compilation, -O2 -flto -flto-partition=none
UNRESOLVED: gcc.c-torture/execute/builtins/memmove-2.c execution, -O2 -flto -flto-partition=none
FAIL: gcc.c-torture/execute/builtins/memmove-chk.c compilation, -O2 -flto -flto-partition=none
UNRESOLVED: gcc.c-torture/execute/builtins/memmove-chk.c execution, -O2 -flto -flto-partition=none
FAIL: gcc.c-torture/execute/builtins/memmove.c compilation, -O2 -flto -flto-partition=none
UNRESOLVED: gcc.c-torture/execute/builtins/memmove.c execution, -O2 -flto -flto-partition=none
FAIL: gcc.c-torture/execute/builtins/memops-asm.c compilation, -O2 -flto -flto-partition=none
UNRESOLVED: gcc.c-torture/execute/builtins/memops-asm.c execution, -O2 -flto -flto-partition=none
FAIL: gcc.c-torture/execute/builtins/mempcpy-2.c compilation, -O2 -flto -flto-partition=none
UNRESOLVED: gcc.c-torture/execute/builtins/mempcpy-2.c execution, -O2 -flto -flto-partition=none
FAIL: gcc.c-torture/execute/builtins/mempcpy-chk.c compilation, -O2 -flto -flto-partition=none
UNRESOLVED: gcc.c-torture/execute/builtins/mempcpy-chk.c execution, -O2 -flto -flto-partition=none
FAIL: gcc.c-torture/execute/builtins/mempcpy.c compilation, -O2 -flto -flto-partition=none
UNRESOLVED: gcc.c-torture/execute/builtins/mempcpy.c execution, -O2 -flto -flto-partition=none
FAIL: gcc.c-torture/execute/builtins/memset-chk.c compilation, -O2 -flto -flto-partition=none
UNRESOLVED: gcc.c-torture/execute/builtins/memset-chk.c execution, -O2 -flto -flto-partition=none
FAIL: gcc.c-torture/execute/builtins/memset.c compilation, -O2 -flto -flto-partition=none
UNRESOLVED: gcc.c-torture/execute/builtins/memset.c execution, -O2 -flto -flto-partition=none
FAIL: gcc.c-torture/execute/builtins/pr22237.c compilation, -O2 -flto -flto-partition=none
UNRESOLVED: gcc.c-torture/execute/builtins/pr22237.c execution, -O2 -flto -flto-partition=none
FAIL: gcc.c-torture/execute/builtins/pr23484-chk.c compilation, -O2 -flto -flto-partition=none
UNRESOLVED: gcc.c-torture/execute/builtins/pr23484-chk.c execution, -O2 -flto -flto-partition=none
FAIL: gcc.c-torture/execute/builtins/printf.c compilation, -O2 -flto -flto-partition=none
UNRESOLVED: gcc.c-torture/execute/builtins/printf.c execution, -O2 -flto -flto-partition=none
FAIL: gcc.c-torture/execute/builtins/snprintf-chk.c compilation, -O2 -flto -flto-partition=none
UNRESOLVED: gcc.c-torture/execute/builtins/snprintf-chk.c execution, -O2 -flto -flto-partition=none
FAIL: gcc.c-torture/execute/builtins/sprintf-chk.c compilation, -O2 -flto -flto-partition=none
UNRESOLVED: gcc.c-torture/execute/builtins/sprintf-chk.c execution, -O2 -flto -flto-partition=none
FAIL: gcc.c-torture/execute/builtins/sprintf.c compilation, -O2 -flto -flto-partition=none
UNRESOLVED: gcc.c-torture/execute/builtins/sprintf.c execution, -O2 -flto -flto-partition=none
FAIL: gcc.c-torture/execute/builtins/stpcpy-chk.c compilation, -O2 -flto -flto-partition=none
UNRESOLVED: gcc.c-torture/execute/builtins/stpcpy-chk.c execution, -O2 -flto -flto-partition=none
FAIL: gcc.c-torture/execute/builtins/strcat-chk.c compilation, -O2 -flto -flto-partition=none
UNRESOLVED: gcc.c-torture/execute/builtins/strcat-chk.c execution, -O2 -flto -flto-partition=none
FAIL: gcc.c-torture/execute/builtins/strcat.c compilation, -O2 -flto -flto-partition=none
UNRESOLVED: gcc.c-torture/execute/builtins/strcat.c execution, -O2 -flto -flto-partition=none
FAIL: gcc.c-torture/execute/builtins/strchr.c compilation, -O2 -flto -flto-partition=none
UNRESOLVED: gcc.c-torture/execute/builtins/strchr.c execution, -O2 -flto -flto-partition=none
FAIL: gcc.c-torture/execute/builtins/strcmp.c compilation, -O2 -flto -flto-partition=none
UNRESOLVED: gcc.c-torture/execute/builtins/strcmp.c execution, -O2 -flto -flto-partition=none
FAIL: gcc.c-torture/execute/builtins/strcpy-2.c compilation, -O2 -flto -flto-partition=none
UNRESOLVED: gcc.c-torture/execute/builtins/strcpy-2.c execution, -O2 -flto -flto-partition=none
FAIL: gcc.c-torture/execute/builtins/strcpy-chk.c compilation, -O2 -flto -flto-partition=none
UNRESOLVED: gcc.c-torture/execute/builtins/strcpy-chk.c execution, -O2 -flto -flto-partition=none
FAIL: gcc.c-torture/execute/builtins/strcpy.c compilation, -O2 -flto -flto-partition=none
UNRESOLVED: gcc.c-torture/execute/builtins/strcpy.c execution, -O2 -flto -flto-partition=none
FAIL: gcc.c-torture/execute/builtins/strcspn.c compilation, -O2 -flto -flto-partition=none
UNRESOLVED: gcc.c-torture/execute/builtins/strcspn.c execution, -O2 -flto -flto-partition=none
FAIL: gcc.c-torture/execute/builtins/strlen-2.c compilation, -O2 -flto -flto-partition=none
UNRESOLVED: gcc.c-torture/execute/builtins/strlen-2.c execution, -O2 -flto -flto-partition=none
FAIL: gcc.c-torture/execute/builtins/strlen-3.c compilation, -O2 -flto -flto-partition=none
UNRESOLVED: gcc.c-torture/execute/builtins/strlen-3.c execution, -O2 -flto -flto-partition=none
FAIL: gcc.c-torture/execute/builtins/strlen.c compilation, -O2 -flto -flto-partition=none
UNRESOLVED: gcc.c-torture/execute/builtins/strlen.c execution, -O2 -flto -flto-partition=none
FAIL: gcc.c-torture/execute/builtins/strncat-chk.c compilation, -O2 -flto -flto-partition=none
UNRESOLVED: gcc.c-torture/execute/builtins/strncat-chk.c execution, -O2 -flto -flto-partition=none
FAIL: gcc.c-torture/execute/builtins/strncat.c compilation, -O2 -flto -flto-partition=none
UNRESOLVED: gcc.c-torture/execute/builtins/strncat.c execution, -O2 -flto -flto-partition=none
FAIL: gcc.c-torture/execute/builtins/strncmp-2.c compilation, -O2 -flto -flto-partition=none
UNRESOLVED: gcc.c-torture/execute/builtins/strncmp-2.c execution, -O2 -flto -flto-partition=none
FAIL: gcc.c-torture/execute/builtins/strncmp.c compilation, -O2 -flto -flto-partition=none
UNRESOLVED: gcc.c-torture/execute/builtins/strncmp.c execution, -O2 -flto -flto-partition=none
FAIL: gcc.c-torture/execute/builtins/strncpy-chk.c compilation, -O2 -flto -flto-partition=none
UNRESOLVED: gcc.c-torture/execute/builtins/strncpy-chk.c execution, -O2 -flto -flto-partition=none
FAIL: gcc.c-torture/execute/builtins/strncpy.c compilation, -O2 -flto -flto-partition=none
UNRESOLVED: gcc.c-torture/execute/builtins/strncpy.c execution, -O2 -flto -flto-partition=none
FAIL: gcc.c-torture/execute/builtins/strpbrk.c compilation, -O2 -flto -flto-partition=none
UNRESOLVED: gcc.c-torture/execute/builtins/strpbrk.c execution, -O2 -flto -flto-partition=none
FAIL: gcc.c-torture/execute/builtins/strpcpy-2.c compilation, -O2 -flto -flto-partition=none
UNRESOLVED: gcc.c-torture/execute/builtins/strpcpy-2.c execution, -O2 -flto -flto-partition=none
FAIL: gcc.c-torture/execute/builtins/strpcpy.c compilation, -O2 -flto -flto-partition=none
UNRESOLVED: gcc.c-torture/execute/builtins/strpcpy.c execution, -O2 -flto -flto-partition=none
FAIL: gcc.c-torture/execute/builtins/strrchr.c compilation, -O2 -flto -flto-partition=none
UNRESOLVED: gcc.c-torture/execute/builtins/strrchr.c execution, -O2 -flto -flto-partition=none
FAIL: gcc.c-torture/execute/builtins/strspn.c compilation, -O2 -flto -flto-partition=none
UNRESOLVED: gcc.c-torture/execute/builtins/strspn.c execution, -O2 -flto -flto-partition=none
FAIL: gcc.c-torture/execute/builtins/strstr-asm.c compilation, -O2 -flto -flto-partition=none
UNRESOLVED: gcc.c-torture/execute/builtins/strstr-asm.c execution, -O2 -flto -flto-partition=none
FAIL: gcc.c-torture/execute/builtins/strstr.c compilation, -O2 -flto -flto-partition=none
UNRESOLVED: gcc.c-torture/execute/builtins/strstr.c execution, -O2 -flto -flto-partition=none
FAIL: gcc.c-torture/execute/builtins/vsnprintf-chk.c compilation, -O2 -flto -flto-partition=none
UNRESOLVED: gcc.c-torture/execute/builtins/vsnprintf-chk.c execution, -O2 -flto -flto-partition=none
FAIL: gcc.c-torture/execute/builtins/vsprintf-chk.c compilation, -O2 -flto -flto-partition=none
UNRESOLVED: gcc.c-torture/execute/builtins/vsprintf-chk.c execution, -O2 -flto -flto-partition=none
FAIL: gcc.dg/cproj-fails-with-broken-glibc.c execution test
XPASS: gcc.dg/guality/example.c -O0 execution test
XPASS: gcc.dg/guality/example.c -O1 execution test
XPASS: gcc.dg/guality/guality.c -O0 execution test
XPASS: gcc.dg/guality/guality.c -O1 execution test
XPASS: gcc.dg/guality/guality.c -O2 execution test
XPASS: gcc.dg/guality/guality.c -O3 -fomit-frame-pointer execution test
XPASS: gcc.dg/guality/guality.c -O3 -g execution test
XPASS: gcc.dg/guality/guality.c -Os execution test
FAIL: gcc.dg/guality/inline-params.c -O0 execution test
FAIL: gcc.dg/guality/inline-params.c -O1 execution test
FAIL: gcc.dg/guality/nrv-1.c -O1 line 20 a2.i[0] == 42
FAIL: gcc.dg/guality/nrv-1.c -O2 line 20 a2.i[0] == 42
FAIL: gcc.dg/guality/nrv-1.c -O3 -fomit-frame-pointer line 20 a2.i[0] == 42
FAIL: gcc.dg/guality/nrv-1.c -O3 -g line 20 a2.i[0] == 42
FAIL: gcc.dg/guality/nrv-1.c -Os line 20 a2.i[0] == 42
XPASS: gcc.dg/guality/pr41353-1.c -O0 line 28 j == 28 + 37
XPASS: gcc.dg/guality/pr41447-1.c -O0 execution test
XPASS: gcc.dg/guality/pr41447-1.c -O1 execution test
XPASS: gcc.dg/guality/pr41447-1.c -Os execution test
XPASS: gcc.dg/guality/pr41616-1.c -O0 execution test
FAIL: gcc.dg/guality/pr43077-1.c -O2 -flto -flto-partition=none line 42 varb == 2
FAIL: gcc.dg/guality/pr43077-1.c -O2 -flto line 42 varb == 2
FAIL: gcc.dg/guality/pr43479.c -O2 -flto -flto-partition=none line 13 h == 9
FAIL: gcc.dg/guality/pr43479.c -O2 -flto -flto-partition=none line 18 h == 9
FAIL: gcc.dg/guality/pr43479.c -O2 -flto line 13 h == 9
FAIL: gcc.dg/guality/pr43479.c -O2 -flto line 18 h == 9
FAIL: gcc.dg/guality/vla-1.c -O0 line 17 sizeof (a) == 6
FAIL: gcc.dg/guality/vla-1.c -O0 line 24 sizeof (a) == 17 * sizeof (short)
FAIL: gcc.dg/guality/vla-1.c -O1 line 24 sizeof (a) == 17 * sizeof (short)
FAIL: gcc.dg/guality/vla-1.c -O2 line 24 sizeof (a) == 17 * sizeof (short)
FAIL: gcc.dg/guality/vla-1.c -O3 -fomit-frame-pointer line 24 sizeof (a) == 17 * sizeof (short)
FAIL: gcc.dg/guality/vla-1.c -O3 -g line 24 sizeof (a) == 17 * sizeof (short)
FAIL: gcc.dg/guality/vla-1.c -Os line 24 sizeof (a) == 17 * sizeof (short)
FAIL: gcc.dg/lto/20081111 c_lto_20081111_0.o-c_lto_20081111_1.o link, -O0 -flto -flto-partition=none
UNRESOLVED: gcc.dg/lto/20081111 c_lto_20081111_0.o-c_lto_20081111_1.o execute -O0 -flto -flto-partition=none
FAIL: gcc.dg/lto/20081111 c_lto_20081111_0.o-c_lto_20081111_1.o link, -O2 -flto -flto-partition=none
UNRESOLVED: gcc.dg/lto/20081111 c_lto_20081111_0.o-c_lto_20081111_1.o execute -O2 -flto -flto-partition=none
FAIL: gcc.dg/lto/20081112 c_lto_20081112_0.o-c_lto_20081112_1.o link, -O0 -flto -flto-partition=none
UNRESOLVED: gcc.dg/lto/20081112 c_lto_20081112_0.o-c_lto_20081112_1.o execute -O0 -flto -flto-partition=none
FAIL: gcc.dg/lto/20081112 c_lto_20081112_0.o-c_lto_20081112_1.o link, -O2 -flto -flto-partition=none
UNRESOLVED: gcc.dg/lto/20081112 c_lto_20081112_0.o-c_lto_20081112_1.o execute -O2 -flto -flto-partition=none
FAIL: gcc.dg/lto/20081125 c_lto_20081125_0.o-c_lto_20081125_1.o link, -O0 -flto -flto-partition=none
UNRESOLVED: gcc.dg/lto/20081125 c_lto_20081125_0.o-c_lto_20081125_1.o execute -O0 -flto -flto-partition=none
FAIL: gcc.dg/lto/20081125 c_lto_20081125_0.o-c_lto_20081125_1.o link, -O2 -flto -flto-partition=none
UNRESOLVED: gcc.dg/lto/20081125 c_lto_20081125_0.o-c_lto_20081125_1.o execute -O2 -flto -flto-partition=none
FAIL: gcc.dg/lto/20081222 c_lto_20081222_0.o-c_lto_20081222_1.o link, -O0 -flto -flto-partition=none
UNRESOLVED: gcc.dg/lto/20081222 c_lto_20081222_0.o-c_lto_20081222_1.o execute -O0 -flto -flto-partition=none
FAIL: gcc.dg/lto/20081222 c_lto_20081222_0.o-c_lto_20081222_1.o link, -O2 -flto -flto-partition=none
UNRESOLVED: gcc.dg/lto/20081222 c_lto_20081222_0.o-c_lto_20081222_1.o execute -O2 -flto -flto-partition=none
FAIL: gcc.dg/lto/20090210 c_lto_20090210_0.o-c_lto_20090210_1.o link, -O0 -flto -flto-partition=none
UNRESOLVED: gcc.dg/lto/20090210 c_lto_20090210_0.o-c_lto_20090210_1.o execute -O0 -flto -flto-partition=none
FAIL: gcc.dg/lto/20090210 c_lto_20090210_0.o-c_lto_20090210_1.o link, -O2 -flto -flto-partition=none
UNRESOLVED: gcc.dg/lto/20090210 c_lto_20090210_0.o-c_lto_20090210_1.o execute -O2 -flto -flto-partition=none
FAIL: gcc.dg/lto/20090213 c_lto_20090213_0.o-c_lto_20090213_1.o link, -O0 -flto -flto-partition=none
UNRESOLVED: gcc.dg/lto/20090213 c_lto_20090213_0.o-c_lto_20090213_1.o execute -O0 -flto -flto-partition=none
FAIL: gcc.dg/lto/20090213 c_lto_20090213_0.o-c_lto_20090213_1.o link, -O2 -flto -flto-partition=none
UNRESOLVED: gcc.dg/lto/20090213 c_lto_20090213_0.o-c_lto_20090213_1.o execute -O2 -flto -flto-partition=none
FAIL: gcc.dg/lto/20090218-1 c_lto_20090218-1_0.o-c_lto_20090218-1_1.o link, -O0 -flto -flto-partition=none
UNRESOLVED: gcc.dg/lto/20090218-1 c_lto_20090218-1_0.o-c_lto_20090218-1_1.o execute -O0 -flto -flto-partition=none
FAIL: gcc.dg/lto/20090218-1 c_lto_20090218-1_0.o-c_lto_20090218-1_1.o link, -O2 -flto -flto-partition=none
UNRESOLVED: gcc.dg/lto/20090218-1 c_lto_20090218-1_0.o-c_lto_20090218-1_1.o execute -O2 -flto -flto-partition=none
FAIL: gcc.dg/lto/20090218-2 c_lto_20090218-2_0.o-c_lto_20090218-2_1.o link, -O0 -flto -flto-partition=none
UNRESOLVED: gcc.dg/lto/20090218-2 c_lto_20090218-2_0.o-c_lto_20090218-2_1.o execute -O0 -flto -flto-partition=none
FAIL: gcc.dg/lto/20090218-2 c_lto_20090218-2_0.o-c_lto_20090218-2_1.o link, -O2 -flto -flto-partition=none
UNRESOLVED: gcc.dg/lto/20090218-2 c_lto_20090218-2_0.o-c_lto_20090218-2_1.o execute -O2 -flto -flto-partition=none
FAIL: gcc.dg/lto/20090218 c_lto_20090218_0.o-c_lto_20090218_3.o link, -O0 -flto -flto-partition=none
UNRESOLVED: gcc.dg/lto/20090218 c_lto_20090218_0.o-c_lto_20090218_3.o execute -O0 -flto -flto-partition=none
FAIL: gcc.dg/lto/20090218 c_lto_20090218_0.o-c_lto_20090218_3.o link, -O2 -flto -flto-partition=none
UNRESOLVED: gcc.dg/lto/20090218 c_lto_20090218_0.o-c_lto_20090218_3.o execute -O2 -flto -flto-partition=none
FAIL: gcc.dg/lto/20090312 c_lto_20090312_0.o-c_lto_20090312_1.o link, -O0 -flto -flto-partition=none
UNRESOLVED: gcc.dg/lto/20090312 c_lto_20090312_0.o-c_lto_20090312_1.o execute -O0 -flto -flto-partition=none
FAIL: gcc.dg/lto/20090312 c_lto_20090312_0.o-c_lto_20090312_1.o link, -O2 -flto -flto-partition=none
UNRESOLVED: gcc.dg/lto/20090312 c_lto_20090312_0.o-c_lto_20090312_1.o execute -O2 -flto -flto-partition=none
FAIL: gcc.dg/lto/20090717 c_lto_20090717_0.o-c_lto_20090717_1.o link, -O0 -flto -flto-partition=none
UNRESOLVED: gcc.dg/lto/20090717 c_lto_20090717_0.o-c_lto_20090717_1.o execute -O0 -flto -flto-partition=none
FAIL: gcc.dg/lto/20090717 c_lto_20090717_0.o-c_lto_20090717_1.o link, -O2 -flto -flto-partition=none
UNRESOLVED: gcc.dg/lto/20090717 c_lto_20090717_0.o-c_lto_20090717_1.o execute -O2 -flto -flto-partition=none
FAIL: gcc.dg/lto/20090812 c_lto_20090812_0.o-c_lto_20090812_1.o link, -O0 -flto -flto-partition=none
UNRESOLVED: gcc.dg/lto/20090812 c_lto_20090812_0.o-c_lto_20090812_1.o execute -O0 -flto -flto-partition=none
FAIL: gcc.dg/lto/20090812 c_lto_20090812_0.o-c_lto_20090812_1.o link, -O2 -flto -flto-partition=none
UNRESOLVED: gcc.dg/lto/20090812 c_lto_20090812_0.o-c_lto_20090812_1.o execute -O2 -flto -flto-partition=none
FAIL: gcc.dg/lto/20091005-1 c_lto_20091005-1_0.o-c_lto_20091005-1_1.o link, -O0 -flto -flto-partition=none
UNRESOLVED: gcc.dg/lto/20091005-1 c_lto_20091005-1_0.o-c_lto_20091005-1_1.o execute -O0 -flto -flto-partition=none
FAIL: gcc.dg/lto/20091005-1 c_lto_20091005-1_0.o-c_lto_20091005-1_1.o link, -O2 -flto -flto-partition=none
UNRESOLVED: gcc.dg/lto/20091005-1 c_lto_20091005-1_0.o-c_lto_20091005-1_1.o execute -O2 -flto -flto-partition=none
FAIL: gcc.dg/lto/20091006-1 c_lto_20091006-1_0.o-c_lto_20091006-1_1.o link, -O0 -flto -flto-partition=none
UNRESOLVED: gcc.dg/lto/20091006-1 c_lto_20091006-1_0.o-c_lto_20091006-1_1.o execute -O0 -flto -flto-partition=none
FAIL: gcc.dg/lto/20091006-1 c_lto_20091006-1_0.o-c_lto_20091006-1_1.o link, -O2 -flto -flto-partition=none
UNRESOLVED: gcc.dg/lto/20091006-1 c_lto_20091006-1_0.o-c_lto_20091006-1_1.o execute -O2 -flto -flto-partition=none
FAIL: gcc.dg/lto/20091006-2 c_lto_20091006-2_0.o-c_lto_20091006-2_2.o link, -O0 -flto -flto-partition=none
UNRESOLVED: gcc.dg/lto/20091006-2 c_lto_20091006-2_0.o-c_lto_20091006-2_2.o execute -O0 -flto -flto-partition=none
FAIL: gcc.dg/lto/20091006-2 c_lto_20091006-2_0.o-c_lto_20091006-2_2.o link, -O2 -flto -flto-partition=none
UNRESOLVED: gcc.dg/lto/20091006-2 c_lto_20091006-2_0.o-c_lto_20091006-2_2.o execute -O2 -flto -flto-partition=none
FAIL: gcc.dg/lto/20091017-1 c_lto_20091017-1_0.o-c_lto_20091017-1_1.o link, -O0 -flto -flto-partition=none
UNRESOLVED: gcc.dg/lto/20091017-1 c_lto_20091017-1_0.o-c_lto_20091017-1_1.o execute -O0 -flto -flto-partition=none
FAIL: gcc.dg/lto/20091017-1 c_lto_20091017-1_0.o-c_lto_20091017-1_1.o link, -O2 -flto -flto-partition=none
UNRESOLVED: gcc.dg/lto/20091017-1 c_lto_20091017-1_0.o-c_lto_20091017-1_1.o execute -O2 -flto -flto-partition=none
FAIL: gcc.dg/lto/20091027-1 c_lto_20091027-1_0.o-c_lto_20091027-1_1.o link, -O0 -flto -flto-partition=none
UNRESOLVED: gcc.dg/lto/20091027-1 c_lto_20091027-1_0.o-c_lto_20091027-1_1.o execute -O0 -flto -flto-partition=none
FAIL: gcc.dg/lto/20091027-1 c_lto_20091027-1_0.o-c_lto_20091027-1_1.o link, -O2 -flto -flto-partition=none
UNRESOLVED: gcc.dg/lto/20091027-1 c_lto_20091027-1_0.o-c_lto_20091027-1_1.o execute -O2 -flto -flto-partition=none
FAIL: gcc.dg/lto/20100227-1 c_lto_20100227-1_0.o-c_lto_20100227-1_1.o link, -O0 -flto -flto-partition=none
UNRESOLVED: gcc.dg/lto/20100227-1 c_lto_20100227-1_0.o-c_lto_20100227-1_1.o execute -O0 -flto -flto-partition=none
FAIL: gcc.dg/lto/20100227-1 c_lto_20100227-1_0.o-c_lto_20100227-1_1.o link, -O2 -flto -flto-partition=none
UNRESOLVED: gcc.dg/lto/20100227-1 c_lto_20100227-1_0.o-c_lto_20100227-1_1.o execute -O2 -flto -flto-partition=none
FAIL: gcc.dg/lto/20100423-1 c_lto_20100423-1_0.o-c_lto_20100423-1_1.o link, -O0 -flto -flto-partition=none
UNRESOLVED: gcc.dg/lto/20100423-1 c_lto_20100423-1_0.o-c_lto_20100423-1_1.o execute -O0 -flto -flto-partition=none
FAIL: gcc.dg/lto/20100423-1 c_lto_20100423-1_0.o-c_lto_20100423-1_1.o link, -O2 -flto -flto-partition=none
UNRESOLVED: gcc.dg/lto/20100423-1 c_lto_20100423-1_0.o-c_lto_20100423-1_1.o execute -O2 -flto -flto-partition=none
FAIL: gcc.dg/lto/20100423-2 c_lto_20100423-2_0.o-c_lto_20100423-2_1.o link, -O2 -flto -flto-partition=none
UNRESOLVED: gcc.dg/lto/20100423-2 c_lto_20100423-2_0.o-c_lto_20100423-2_1.o execute -O2 -flto -flto-partition=none
FAIL: gcc.dg/lto/20100423-2 c_lto_20100423-2_0.o-c_lto_20100423-2_1.o link, -O3 -flto -flto-partition=none
UNRESOLVED: gcc.dg/lto/20100423-2 c_lto_20100423-2_0.o-c_lto_20100423-2_1.o execute -O3 -flto -flto-partition=none
FAIL: gcc.dg/lto/20100709-1 c_lto_20100709-1_0.o-c_lto_20100709-1_1.o link, -O0 -flto -flto-partition=none
UNRESOLVED: gcc.dg/lto/20100709-1 c_lto_20100709-1_0.o-c_lto_20100709-1_1.o execute -O0 -flto -flto-partition=none
FAIL: gcc.dg/lto/20100709-1 c_lto_20100709-1_0.o-c_lto_20100709-1_1.o link, -O2 -flto -flto-partition=none
UNRESOLVED: gcc.dg/lto/20100709-1 c_lto_20100709-1_0.o-c_lto_20100709-1_1.o execute -O2 -flto -flto-partition=none
FAIL: gcc.dg/lto/20100720-1 c_lto_20100720-1_0.o-c_lto_20100720-1_1.o link, -O0 -flto -flto-partition=none
UNRESOLVED: gcc.dg/lto/20100720-1 c_lto_20100720-1_0.o-c_lto_20100720-1_1.o execute -O0 -flto -flto-partition=none
FAIL: gcc.dg/lto/20100720-1 c_lto_20100720-1_0.o-c_lto_20100720-1_1.o link, -O2 -flto -flto-partition=none
UNRESOLVED: gcc.dg/lto/20100720-1 c_lto_20100720-1_0.o-c_lto_20100720-1_1.o execute -O2 -flto -flto-partition=none
FAIL: gcc.dg/lto/20100720-2 c_lto_20100720-2_0.o-c_lto_20100720-2_1.o link, -O0 -flto -flto-partition=none
UNRESOLVED: gcc.dg/lto/20100720-2 c_lto_20100720-2_0.o-c_lto_20100720-2_1.o execute -O0 -flto -flto-partition=none
FAIL: gcc.dg/lto/20100720-2 c_lto_20100720-2_0.o-c_lto_20100720-2_1.o link, -O2 -flto -flto-partition=none
UNRESOLVED: gcc.dg/lto/20100720-2 c_lto_20100720-2_0.o-c_lto_20100720-2_1.o execute -O2 -flto -flto-partition=none
FAIL: gcc.dg/lto/20100720-3 c_lto_20100720-3_0.o-c_lto_20100720-3_1.o link, -O0 -flto -flto-partition=none
UNRESOLVED: gcc.dg/lto/20100720-3 c_lto_20100720-3_0.o-c_lto_20100720-3_1.o execute -O0 -flto -flto-partition=none
FAIL: gcc.dg/lto/20100720-3 c_lto_20100720-3_0.o-c_lto_20100720-3_1.o link, -O2 -flto -flto-partition=none
UNRESOLVED: gcc.dg/lto/20100720-3 c_lto_20100720-3_0.o-c_lto_20100720-3_1.o execute -O2 -flto -flto-partition=none
FAIL: gcc.dg/lto/20100724-1 c_lto_20100724-1_0.o-c_lto_20100724-1_1.o link, -O0 -flto -flto-partition=none
UNRESOLVED: gcc.dg/lto/20100724-1 c_lto_20100724-1_0.o-c_lto_20100724-1_1.o execute -O0 -flto -flto-partition=none
FAIL: gcc.dg/lto/20100724-1 c_lto_20100724-1_0.o-c_lto_20100724-1_1.o link, -O2 -flto -flto-partition=none
UNRESOLVED: gcc.dg/lto/20100724-1 c_lto_20100724-1_0.o-c_lto_20100724-1_1.o execute -O2 -flto -flto-partition=none
FAIL: gcc.dg/lto/20101009-2 c_lto_20101009-2_0.o-c_lto_20101009-2_2.o link, -O0 -flto -flto-partition=none
UNRESOLVED: gcc.dg/lto/20101009-2 c_lto_20101009-2_0.o-c_lto_20101009-2_2.o execute -O0 -flto -flto-partition=none
FAIL: gcc.dg/lto/20101009-2 c_lto_20101009-2_0.o-c_lto_20101009-2_2.o link, -O2 -flto -flto-partition=none
UNRESOLVED: gcc.dg/lto/20101009-2 c_lto_20101009-2_0.o-c_lto_20101009-2_2.o execute -O2 -flto -flto-partition=none
FAIL: gcc.dg/lto/20101125-1 c_lto_20101125-1_0.o-c_lto_20101125-1_1.o link, -O0 -flto -flto-partition=none
UNRESOLVED: gcc.dg/lto/20101125-1 c_lto_20101125-1_0.o-c_lto_20101125-1_1.o execute -O0 -flto -flto-partition=none
FAIL: gcc.dg/lto/20101125-1 c_lto_20101125-1_0.o-c_lto_20101125-1_1.o link, -O2 -flto -flto-partition=none
UNRESOLVED: gcc.dg/lto/20101125-1 c_lto_20101125-1_0.o-c_lto_20101125-1_1.o execute -O2 -flto -flto-partition=none
FAIL: gcc.dg/lto/const-uniq c_lto_const-uniq_0.o-c_lto_const-uniq_1.o link, -Os -flto -flto-partition=none
UNRESOLVED: gcc.dg/lto/const-uniq c_lto_const-uniq_0.o-c_lto_const-uniq_1.o execute -Os -flto -flto-partition=none
FAIL: gcc.dg/lto/pr27898 c_lto_pr27898_0.o-c_lto_pr27898_1.o link, -O0 -flto -flto-partition=none
UNRESOLVED: gcc.dg/lto/pr27898 c_lto_pr27898_0.o-c_lto_pr27898_1.o execute -O0 -flto -flto-partition=none
FAIL: gcc.dg/lto/pr27898 c_lto_pr27898_0.o-c_lto_pr27898_1.o link, -O2 -flto -flto-partition=none
UNRESOLVED: gcc.dg/lto/pr27898 c_lto_pr27898_0.o-c_lto_pr27898_1.o execute -O2 -flto -flto-partition=none
FAIL: gcc.dg/lto/pr28706 c_lto_pr28706_0.o-c_lto_pr28706_1.o link, -O0 -flto -flto-partition=none
UNRESOLVED: gcc.dg/lto/pr28706 c_lto_pr28706_0.o-c_lto_pr28706_1.o execute -O0 -flto -flto-partition=none
FAIL: gcc.dg/lto/pr28706 c_lto_pr28706_0.o-c_lto_pr28706_1.o link, -O2 -flto -flto-partition=none
UNRESOLVED: gcc.dg/lto/pr28706 c_lto_pr28706_0.o-c_lto_pr28706_1.o execute -O2 -flto -flto-partition=none
FAIL: gcc.dg/lto/pr28712 c_lto_pr28712_0.o-c_lto_pr28712_2.o link, -O0 -flto -flto-partition=none
UNRESOLVED: gcc.dg/lto/pr28712 c_lto_pr28712_0.o-c_lto_pr28712_2.o execute -O0 -flto -flto-partition=none
FAIL: gcc.dg/lto/pr28712 c_lto_pr28712_0.o-c_lto_pr28712_2.o link, -O2 -flto -flto-partition=none
UNRESOLVED: gcc.dg/lto/pr28712 c_lto_pr28712_0.o-c_lto_pr28712_2.o execute -O2 -flto -flto-partition=none
FAIL: gcc.dg/lto/pr34989-1 c_lto_pr34989-1_0.o-c_lto_pr34989-1_1.o link, -O0 -flto -flto-partition=none
UNRESOLVED: gcc.dg/lto/pr34989-1 c_lto_pr34989-1_0.o-c_lto_pr34989-1_1.o execute -O0 -flto -flto-partition=none
FAIL: gcc.dg/lto/pr34989-1 c_lto_pr34989-1_0.o-c_lto_pr34989-1_1.o link, -O2 -flto -flto-partition=none
UNRESOLVED: gcc.dg/lto/pr34989-1 c_lto_pr34989-1_0.o-c_lto_pr34989-1_1.o execute -O2 -flto -flto-partition=none
FAIL: gcc.dg/torture/pr43879_1.c -O2 -flto -flto-partition=none (test for excess errors)
WARNING: gcc.dg/torture/pr43879_1.c -O2 -flto -flto-partition=none compilation failed to produce executable
XPASS: gcc.dg/tree-ssa/20040204-1.c scan-tree-dump-times optimized "link_error" 0
FAIL: gcc.target/i386/pr38240.c (internal compiler error)
FAIL: gcc.target/i386/pr38240.c (test for excess errors)
=== gcc Summary ===
# of expected passes 75605
# of unexpected failures 139
# of unexpected successes 14
# of expected failures 242
# of unresolved testcases 115
# of unsupported tests 1447
/home/regress/tbox/native/build/gcc/xgcc version 4.6.0 20110102 (experimental) (GCC)
=== gfortran tests ===
Running target unix
FAIL: gfortran.dg/lto/20091015-1 f_lto_20091015-1_0.o-f_lto_20091015-1_2.o link, -O0 -flto -flto-partition=none
UNRESOLVED: gfortran.dg/lto/20091015-1 f_lto_20091015-1_0.o-f_lto_20091015-1_2.o execute -O0 -flto -flto-partition=none
FAIL: gfortran.dg/lto/20091015-1 f_lto_20091015-1_0.o-f_lto_20091015-1_2.o link, -O2 -flto -flto-partition=none
UNRESOLVED: gfortran.dg/lto/20091015-1 f_lto_20091015-1_0.o-f_lto_20091015-1_2.o execute -O2 -flto -flto-partition=none
FAIL: gfortran.dg/lto/20091028-1 f_lto_20091028-1_0.o-f_lto_20091028-1_1.o link, -O0 -flto -flto-partition=none
UNRESOLVED: gfortran.dg/lto/20091028-1 f_lto_20091028-1_0.o-f_lto_20091028-1_1.o execute -O0 -flto -flto-partition=none
FAIL: gfortran.dg/lto/20091028-1 f_lto_20091028-1_0.o-f_lto_20091028-1_1.o link, -O2 -flto -flto-partition=none
UNRESOLVED: gfortran.dg/lto/20091028-1 f_lto_20091028-1_0.o-f_lto_20091028-1_1.o execute -O2 -flto -flto-partition=none
FAIL: gfortran.dg/lto/20091028-2 f_lto_20091028-2_0.o-f_lto_20091028-2_1.o link, -O0 -flto -flto-partition=none
UNRESOLVED: gfortran.dg/lto/20091028-2 f_lto_20091028-2_0.o-f_lto_20091028-2_1.o execute -O0 -flto -flto-partition=none
FAIL: gfortran.dg/lto/20091028-2 f_lto_20091028-2_0.o-f_lto_20091028-2_1.o link, -O2 -flto -flto-partition=none
UNRESOLVED: gfortran.dg/lto/20091028-2 f_lto_20091028-2_0.o-f_lto_20091028-2_1.o execute -O2 -flto -flto-partition=none
FAIL: gfortran.dg/lto/20100222-1 f_lto_20100222-1_0.o-f_lto_20100222-1_1.o link, -O0 -flto -flto-partition=none
UNRESOLVED: gfortran.dg/lto/20100222-1 f_lto_20100222-1_0.o-f_lto_20100222-1_1.o execute -O0 -flto -flto-partition=none
FAIL: gfortran.dg/lto/20100222-1 f_lto_20100222-1_0.o-f_lto_20100222-1_1.o link, -O2 -flto -flto-partition=none
UNRESOLVED: gfortran.dg/lto/20100222-1 f_lto_20100222-1_0.o-f_lto_20100222-1_1.o execute -O2 -flto -flto-partition=none
FAIL: gfortran.dg/lto/pr40724 f_lto_pr40724_0.o-f_lto_pr40724_1.o link, -O0 -flto -flto-partition=none
UNRESOLVED: gfortran.dg/lto/pr40724 f_lto_pr40724_0.o-f_lto_pr40724_1.o execute -O0 -flto -flto-partition=none
FAIL: gfortran.dg/lto/pr40724 f_lto_pr40724_0.o-f_lto_pr40724_1.o link, -O2 -flto -flto-partition=none
UNRESOLVED: gfortran.dg/lto/pr40724 f_lto_pr40724_0.o-f_lto_pr40724_1.o execute -O2 -flto -flto-partition=none
FAIL: gfortran.dg/lto/pr40725 f_lto_pr40725_0.o-f_lto_pr40725_1.o link, -O0 -flto -flto-partition=none
UNRESOLVED: gfortran.dg/lto/pr40725 f_lto_pr40725_0.o-f_lto_pr40725_1.o execute -O0 -flto -flto-partition=none
FAIL: gfortran.dg/lto/pr40725 f_lto_pr40725_0.o-f_lto_pr40725_1.o link, -O2 -flto -flto-partition=none
UNRESOLVED: gfortran.dg/lto/pr40725 f_lto_pr40725_0.o-f_lto_pr40725_1.o execute -O2 -flto -flto-partition=none
FAIL: gfortran.dg/lto/pr41069 f_lto_pr41069_0.o-f_lto_pr41069_2.o link, -O0 -flto -flto-partition=none
UNRESOLVED: gfortran.dg/lto/pr41069 f_lto_pr41069_0.o-f_lto_pr41069_2.o execute -O0 -flto -flto-partition=none
FAIL: gfortran.dg/lto/pr41069 f_lto_pr41069_0.o-f_lto_pr41069_2.o link, -O2 -flto -flto-partition=none
UNRESOLVED: gfortran.dg/lto/pr41069 f_lto_pr41069_0.o-f_lto_pr41069_2.o execute -O2 -flto -flto-partition=none
=== gfortran Summary ===
# of expected passes 37472
# of unexpected failures 14
# of expected failures 42
# of unresolved testcases 14
# of unsupported tests 180
/home/regress/tbox/native/build/gcc/testsuite/gfortran/../../gfortran version 4.6.0 20110102 (experimental) (GCC)
=== objc tests ===
Running target unix
XPASS: objc.dg-struct-layout-encoding-1/t026_main.m execution test
FAIL: objc.dg/torture/trivial.m -O2 -flto -flto-partition=none -fgnu-runtime (test for excess errors)
WARNING: objc.dg/torture/trivial.m -O2 -flto -flto-partition=none -fgnu-runtime compilation failed to produce executable
FAIL: objc.dg/torture/strings/const-str-3.m -O2 -flto -flto-partition=none -fgnu-runtime (test for excess errors)
WARNING: objc.dg/torture/strings/const-str-3.m -O2 -flto -flto-partition=none -fgnu-runtime compilation failed to produce executable
FAIL: objc.dg/torture/strings/const-str-7.m -O2 -flto -flto-partition=none -fgnu-runtime (test for excess errors)
WARNING: objc.dg/torture/strings/const-str-7.m -O2 -flto -flto-partition=none -fgnu-runtime compilation failed to produce executable
FAIL: objc.dg/torture/strings/const-str-8.m -O2 -flto -flto-partition=none -fgnu-runtime (test for excess errors)
WARNING: objc.dg/torture/strings/const-str-8.m -O2 -flto -flto-partition=none -fgnu-runtime compilation failed to produce executable
FAIL: objc.dg/torture/strings/string1.m -O2 -flto -flto-partition=none -fgnu-runtime (test for excess errors)
WARNING: objc.dg/torture/strings/string1.m -O2 -flto -flto-partition=none -fgnu-runtime compilation failed to produce executable
FAIL: objc.dg/torture/strings/string2.m -O2 -flto -flto-partition=none -fgnu-runtime (test for excess errors)
WARNING: objc.dg/torture/strings/string2.m -O2 -flto -flto-partition=none -fgnu-runtime compilation failed to produce executable
FAIL: objc.dg/torture/strings/string3.m -O2 -flto -flto-partition=none -fgnu-runtime (test for excess errors)
WARNING: objc.dg/torture/strings/string3.m -O2 -flto -flto-partition=none -fgnu-runtime compilation failed to produce executable
FAIL: objc.dg/torture/strings/string4.m -O2 -flto -flto-partition=none -fgnu-runtime (test for excess errors)
WARNING: objc.dg/torture/strings/string4.m -O2 -flto -flto-partition=none -fgnu-runtime compilation failed to produce executable
FAIL: objc.dg/torture/tls/thr-init-3.m -O2 -flto -flto-partition=none -fgnu-runtime (test for excess errors)
WARNING: objc.dg/torture/tls/thr-init-3.m -O2 -flto -flto-partition=none -fgnu-runtime compilation failed to produce executable
=== objc Summary ===
# of expected passes 2867
# of unexpected failures 9
# of unexpected successes 1
# of expected failures 6
# of unsupported tests 74
/home/regress/tbox/native/build/gcc/xgcc version 4.6.0 20110102 (experimental) (GCC)
=== libffi tests ===
Running target unix
=== libffi Summary ===
# of expected passes 1634
# of expected failures 10
# of unsupported tests 15
=== libgomp tests ===
Running target unix
=== libgomp Summary ===
# of expected passes 2526
=== libjava tests ===
Running target unix
=== libjava Summary ===
# of expected passes 2574
=== libmudflap tests ===
Running target unix
FAIL: libmudflap.c/fail40-frag.c output pattern test
FAIL: libmudflap.c/pass49-frag.c execution test
FAIL: libmudflap.c/pass49-frag.c output pattern test
FAIL: libmudflap.c/pass49-frag.c execution test
FAIL: libmudflap.c/pass49-frag.c output pattern test
FAIL: libmudflap.c/pass51-frag.c execution test
FAIL: libmudflap.c/pass51-frag.c execution test
FAIL: libmudflap.c/fail40-frag.c (-static) output pattern test
FAIL: libmudflap.c/pass49-frag.c (-static) execution test
FAIL: libmudflap.c/pass49-frag.c (-static) output pattern test
FAIL: libmudflap.c/pass49-frag.c (-static) execution test
FAIL: libmudflap.c/pass49-frag.c (-static) output pattern test
FAIL: libmudflap.c/pass51-frag.c (-static) execution test
FAIL: libmudflap.c/pass51-frag.c (-static) execution test
FAIL: libmudflap.c/fail40-frag.c (-O2) output pattern test
FAIL: libmudflap.c/pass49-frag.c (-O2) execution test
FAIL: libmudflap.c/pass49-frag.c (-O2) output pattern test
FAIL: libmudflap.c/pass49-frag.c (-O2) execution test
FAIL: libmudflap.c/pass49-frag.c (-O2) output pattern test
FAIL: libmudflap.c/pass51-frag.c (-O2) execution test
FAIL: libmudflap.c/pass51-frag.c (-O2) execution test
FAIL: libmudflap.c/fail40-frag.c (-O3) output pattern test
FAIL: libmudflap.c/pass49-frag.c (-O3) execution test
FAIL: libmudflap.c/pass49-frag.c (-O3) output pattern test
FAIL: libmudflap.c/pass49-frag.c (-O3) execution test
FAIL: libmudflap.c/pass49-frag.c (-O3) output pattern test
FAIL: libmudflap.c/pass51-frag.c (-O3) execution test
FAIL: libmudflap.c/pass51-frag.c (-O3) execution test
=== libmudflap Summary ===
# of expected passes 1866
# of unexpected failures 28
=== libstdc++ tests ===
Running target unix
=== libstdc++ Summary ===
# of expected passes 8227
# of expected failures 85
# of unsupported tests 110
Compiler version: 4.6.0 20110102 (experimental) (GCC)
Platform: i686-pc-linux-gnu
configure flags: --prefix=/home/regress/tbox/objs --target=i686-pc-linux-gnu
More information about the Gcc-testresults
mailing list