Results for 4.6.0 20110225 (experimental) [trunk revision 170500] (GCC) testsuite on i386-pc-solaris2.11
Rainer Orth
ro@CeBiTec.Uni-Bielefeld.DE
Mon Feb 28 12:35:00 GMT 2011
LAST_UPDATED: Fri Feb 25 19:11:04 UTC 2011 (revision 170500)
=== acats tests ===
=== acats Summary ===
# of expected passes 2321
# of unexpected failures 0
Native configuration is i386-pc-solaris2.11
=== g++ tests ===
Running target unix
=== g++ Summary for unix ===
# of expected passes 26562
# of expected failures 161
# of unsupported tests 189
Running target unix/-m64
=== g++ Summary for unix/-m64 ===
# of expected passes 26794
# of expected failures 161
# of unsupported tests 388
=== g++ Summary ===
# of expected passes 53356
# of expected failures 322
# of unsupported tests 577
/var/gcc/regression/trunk/11-gcc-gas/build/gcc/testsuite/g++/../../g++ version 4.6.0 20110225 (experimental) [trunk revision 170500] (GCC)
=== gcc tests ===
Running target unix
FAIL: gcc.dg/lto/20110201-1 c_lto_20110201-1_0.o-c_lto_20110201-1_0.o link, -O0 -flto
UNRESOLVED: gcc.dg/lto/20110201-1 c_lto_20110201-1_0.o-c_lto_20110201-1_0.o execute -O0 -flto
=== gcc Summary for unix ===
# of expected passes 75323
# of unexpected failures 1
# of expected failures 213
# of unresolved testcases 1
# of unsupported tests 786
Running target unix/-m64
=== gcc Summary for unix/-m64 ===
# of expected passes 75405
# of expected failures 212
# of unsupported tests 1200
=== gcc Summary ===
# of expected passes 150728
# of unexpected failures 1
# of expected failures 425
# of unresolved testcases 1
# of unsupported tests 1986
/var/gcc/regression/trunk/11-gcc-gas/build/gcc/xgcc version 4.6.0 20110225 (experimental) [trunk revision 170500] (GCC)
=== gfortran tests ===
Running target unix
FAIL: gfortran.dg/allocate_deferred_char_scalar_1.f03 -O0 execution test
FAIL: gfortran.dg/allocate_deferred_char_scalar_1.f03 -O1 execution test
FAIL: gfortran.dg/allocate_deferred_char_scalar_1.f03 -O2 execution test
FAIL: gfortran.dg/allocate_deferred_char_scalar_1.f03 -O3 -fomit-frame-pointer execution test
FAIL: gfortran.dg/allocate_deferred_char_scalar_1.f03 -O3 -fomit-frame-pointer -funroll-loops execution test
FAIL: gfortran.dg/allocate_deferred_char_scalar_1.f03 -O3 -fomit-frame-pointer -funroll-all-loops -finline-functions execution test
FAIL: gfortran.dg/allocate_deferred_char_scalar_1.f03 -O3 -g execution test
FAIL: gfortran.dg/allocate_deferred_char_scalar_1.f03 -Os execution test
=== gfortran Summary for unix ===
# of expected passes 38150
# of unexpected failures 8
# of expected failures 41
# of unsupported tests 228
Running target unix/-m64
FAIL: gfortran.dg/allocate_deferred_char_scalar_1.f03 -O0 execution test
FAIL: gfortran.dg/allocate_deferred_char_scalar_1.f03 -O1 execution test
FAIL: gfortran.dg/allocate_deferred_char_scalar_1.f03 -O2 execution test
FAIL: gfortran.dg/allocate_deferred_char_scalar_1.f03 -O3 -fomit-frame-pointer execution test
FAIL: gfortran.dg/allocate_deferred_char_scalar_1.f03 -O3 -fomit-frame-pointer -funroll-loops execution test
FAIL: gfortran.dg/allocate_deferred_char_scalar_1.f03 -O3 -fomit-frame-pointer -funroll-all-loops -finline-functions execution test
FAIL: gfortran.dg/allocate_deferred_char_scalar_1.f03 -O3 -g execution test
FAIL: gfortran.dg/allocate_deferred_char_scalar_1.f03 -Os execution test
=== gfortran Summary for unix/-m64 ===
# of expected passes 38447
# of unexpected failures 8
# of expected failures 41
# of unsupported tests 88
=== gfortran Summary ===
# of expected passes 76597
# of unexpected failures 16
# of expected failures 82
# of unsupported tests 316
/var/gcc/regression/trunk/11-gcc-gas/build/gcc/testsuite/gfortran/../../gfortran version 4.6.0 20110225 (experimental) [trunk revision 170500] (GCC)
=== gnat tests ===
Running target unix
=== gnat Summary for unix ===
# of expected passes 866
# of expected failures 10
# of unsupported tests 3
Running target unix/-m64
=== gnat Summary for unix/-m64 ===
# of expected passes 866
# of expected failures 10
# of unsupported tests 3
=== gnat Summary ===
# of expected passes 1732
# of expected failures 20
# of unsupported tests 6
/var/gcc/regression/trunk/11-gcc-gas/build/gcc/gnatmake version 4.6.0 20110225 (experimental) [trunk revision 170500]
=== objc tests ===
Running target unix
=== objc Summary for unix ===
# of expected passes 2916
# of expected failures 6
# of unsupported tests 74
Running target unix/-m64
=== objc Summary for unix/-m64 ===
# of expected passes 2906
# of expected failures 16
# of unsupported tests 74
=== objc Summary ===
# of expected passes 5822
# of expected failures 22
# of unsupported tests 148
/var/gcc/regression/trunk/11-gcc-gas/build/gcc/xgcc version 4.6.0 20110225 (experimental) [trunk revision 170500] (GCC)
=== boehm-gc tests ===
Running target unix
=== boehm-gc Summary for unix ===
# of expected passes 12
# of unsupported tests 1
Running target unix/-m64
=== boehm-gc Summary for unix/-m64 ===
# of expected passes 12
# of unsupported tests 1
=== boehm-gc Summary ===
# of expected passes 24
# of unsupported tests 2
=== libffi tests ===
Running target unix
=== libffi Summary for unix ===
# of expected passes 1634
# of expected failures 10
# of unsupported tests 15
Running target unix/-m64
=== libffi Summary for unix/-m64 ===
# of expected passes 1634
# of expected failures 10
# of unsupported tests 15
=== libffi Summary ===
# of expected passes 3268
# of expected failures 20
# of unsupported tests 30
=== libgomp tests ===
Running target unix
=== libgomp Summary for unix ===
# of expected passes 2522
# of unsupported tests 2
Running target unix/-m64
=== libgomp Summary for unix/-m64 ===
# of expected passes 2522
# of unsupported tests 2
=== libgomp Summary ===
# of expected passes 5044
# of unsupported tests 4
=== libjava tests ===
Running target unix
=== libjava Summary for unix ===
# of expected passes 2574
Running target unix/-m64
=== libjava Summary for unix/-m64 ===
# of expected passes 2574
=== libjava Summary ===
# of expected passes 5148
=== libstdc++ tests ===
Running target unix
=== libstdc++ Summary for unix ===
# of expected passes 7344
# of expected failures 81
# of unsupported tests 460
Running target unix/-m64
=== libstdc++ Summary for unix/-m64 ===
# of expected passes 7344
# of expected failures 81
# of unsupported tests 460
=== libstdc++ Summary ===
# of expected passes 14688
# of expected failures 162
# of unsupported tests 920
Compiler version: 4.6.0 20110225 (experimental) [trunk revision 170500] (GCC)
Platform: i386-pc-solaris2.11
configure flags: --prefix=/vol/gcc --target=i386-pc-solaris2.11 --with-as=/vol/gcc/bin/gas-2.21 --with-gnu-as --with-gmp=/vol/gcc --with-mpfr=/vol/gcc --with-mpc=/vol/gcc --enable-languages=all,ada
BOOT_CFLAGS=-g -O2
More information about the Gcc-testresults
mailing list