Results for 4.5.2 (Debian 4.5.2-4) testsuite on powerpc-unknown-linux-gnu
Matthias Klose
doko@debian.org
Thu Feb 24 17:55:00 GMT 2011
LAST_UPDATED: Tue Feb 22 23:10:25 UTC 2011 (revision 170417)
Target: powerpc-linux-gnu
gcc version 4.5.2 (Debian 4.5.2-4)
Native configuration is powerpc-unknown-linux-gnu
=== g++ tests ===
Running target unix
WARNING: program timed out.
FAIL: g++.dg/bprob/g++-bprob-2.C execution, -Os -fprofile-use
UNRESOLVED: attribute_plugin.c compilation, -I. -I/build/buildd-gcc-4.5_4.5.2-4-powerpc-SfTPnu/gcc-4.5-4.5.2/src/gcc/testsuite -I/build/buildd-gcc-4.5_4.5.2-4-powerpc-SfTPnu/gcc-4.5-4.5.2/src/gcc/testsuite/../../gcc -I/build/buildd-gcc-4.5_4.5.2-4-powerpc-SfTPnu/gcc-4.5-4.5.2/build/gcc/testsuite/g++/../../../gcc -I/build/buildd-gcc-4.5_4.5.2-4-powerpc-SfTPnu/gcc-4.5-4.5.2/src/gcc/testsuite/../../include -I/build/buildd-gcc-4.5_4.5.2-4-powerpc-SfTPnu/gcc-4.5-4.5.2/src/gcc/testsuite/../../libcpp/include -I/build/buildd-gcc-4.5_4.5.2-4-powerpc-SfTPnu/gcc-4.5-4.5.2/build/gcc/testsuite/g++/../../../intl -DIN_GCC -fPIC -shared
UNRESOLVED: pragma_plugin.c compilation, -I. -I/build/buildd-gcc-4.5_4.5.2-4-powerpc-SfTPnu/gcc-4.5-4.5.2/src/gcc/testsuite -I/build/buildd-gcc-4.5_4.5.2-4-powerpc-SfTPnu/gcc-4.5-4.5.2/src/gcc/testsuite/../../gcc -I/build/buildd-gcc-4.5_4.5.2-4-powerpc-SfTPnu/gcc-4.5-4.5.2/build/gcc/testsuite/g++/../../../gcc -I/build/buildd-gcc-4.5_4.5.2-4-powerpc-SfTPnu/gcc-4.5-4.5.2/src/gcc/testsuite/../../include -I/build/buildd-gcc-4.5_4.5.2-4-powerpc-SfTPnu/gcc-4.5-4.5.2/src/gcc/testsuite/../../libcpp/include -I/build/buildd-gcc-4.5_4.5.2-4-powerpc-SfTPnu/gcc-4.5-4.5.2/build/gcc/testsuite/g++/../../../intl -DIN_GCC -fPIC -shared
UNRESOLVED: selfassign.c compilation, -I. -I/build/buildd-gcc-4.5_4.5.2-4-powerpc-SfTPnu/gcc-4.5-4.5.2/src/gcc/testsuite -I/build/buildd-gcc-4.5_4.5.2-4-powerpc-SfTPnu/gcc-4.5-4.5.2/src/gcc/testsuite/../../gcc -I/build/buildd-gcc-4.5_4.5.2-4-powerpc-SfTPnu/gcc-4.5-4.5.2/build/gcc/testsuite/g++/../../../gcc -I/build/buildd-gcc-4.5_4.5.2-4-powerpc-SfTPnu/gcc-4.5-4.5.2/src/gcc/testsuite/../../include -I/build/buildd-gcc-4.5_4.5.2-4-powerpc-SfTPnu/gcc-4.5-4.5.2/src/gcc/testsuite/../../libcpp/include -I/build/buildd-gcc-4.5_4.5.2-4-powerpc-SfTPnu/gcc-4.5-4.5.2/build/gcc/testsuite/g++/../../../intl -O -DIN_GCC -fPIC -shared
UNRESOLVED: dumb_plugin.c compilation, -I. -I/build/buildd-gcc-4.5_4.5.2-4-powerpc-SfTPnu/gcc-4.5-4.5.2/src/gcc/testsuite -I/build/buildd-gcc-4.5_4.5.2-4-powerpc-SfTPnu/gcc-4.5-4.5.2/src/gcc/testsuite/../../gcc -I/build/buildd-gcc-4.5_4.5.2-4-powerpc-SfTPnu/gcc-4.5-4.5.2/build/gcc/testsuite/g++/../../../gcc -I/build/buildd-gcc-4.5_4.5.2-4-powerpc-SfTPnu/gcc-4.5-4.5.2/src/gcc/testsuite/../../include -I/build/buildd-gcc-4.5_4.5.2-4-powerpc-SfTPnu/gcc-4.5-4.5.2/src/gcc/testsuite/../../libcpp/include -I/build/buildd-gcc-4.5_4.5.2-4-powerpc-SfTPnu/gcc-4.5-4.5.2/build/gcc/testsuite/g++/../../../intl -DIN_GCC -fPIC -shared
UNRESOLVED: header_plugin.c compilation, -I. -I/build/buildd-gcc-4.5_4.5.2-4-powerpc-SfTPnu/gcc-4.5-4.5.2/src/gcc/testsuite -I/build/buildd-gcc-4.5_4.5.2-4-powerpc-SfTPnu/gcc-4.5-4.5.2/src/gcc/testsuite/../../gcc -I/build/buildd-gcc-4.5_4.5.2-4-powerpc-SfTPnu/gcc-4.5-4.5.2/build/gcc/testsuite/g++/../../../gcc -I/build/buildd-gcc-4.5_4.5.2-4-powerpc-SfTPnu/gcc-4.5-4.5.2/src/gcc/testsuite/../../include -I/build/buildd-gcc-4.5_4.5.2-4-powerpc-SfTPnu/gcc-4.5-4.5.2/src/gcc/testsuite/../../libcpp/include -I/build/buildd-gcc-4.5_4.5.2-4-powerpc-SfTPnu/gcc-4.5-4.5.2/build/gcc/testsuite/g++/../../../intl -DIN_GCC -fPIC -shared
=== g++ Summary for unix ===
# of expected passes 22747
# of unexpected failures 1
# of expected failures 151
# of unresolved testcases 5
# of unsupported tests 163
Running target unix/-fstack-protector
WARNING: program timed out.
FAIL: g++.dg/bprob/g++-bprob-2.C execution, -Os -fprofile-use
UNRESOLVED: attribute_plugin.c compilation, -I. -I/build/buildd-gcc-4.5_4.5.2-4-powerpc-SfTPnu/gcc-4.5-4.5.2/src/gcc/testsuite -I/build/buildd-gcc-4.5_4.5.2-4-powerpc-SfTPnu/gcc-4.5-4.5.2/src/gcc/testsuite/../../gcc -I/build/buildd-gcc-4.5_4.5.2-4-powerpc-SfTPnu/gcc-4.5-4.5.2/build/gcc/testsuite/g++/../../../gcc -I/build/buildd-gcc-4.5_4.5.2-4-powerpc-SfTPnu/gcc-4.5-4.5.2/src/gcc/testsuite/../../include -I/build/buildd-gcc-4.5_4.5.2-4-powerpc-SfTPnu/gcc-4.5-4.5.2/src/gcc/testsuite/../../libcpp/include -I/build/buildd-gcc-4.5_4.5.2-4-powerpc-SfTPnu/gcc-4.5-4.5.2/build/gcc/testsuite/g++/../../../intl -DIN_GCC -fPIC -shared
UNRESOLVED: pragma_plugin.c compilation, -I. -I/build/buildd-gcc-4.5_4.5.2-4-powerpc-SfTPnu/gcc-4.5-4.5.2/src/gcc/testsuite -I/build/buildd-gcc-4.5_4.5.2-4-powerpc-SfTPnu/gcc-4.5-4.5.2/src/gcc/testsuite/../../gcc -I/build/buildd-gcc-4.5_4.5.2-4-powerpc-SfTPnu/gcc-4.5-4.5.2/build/gcc/testsuite/g++/../../../gcc -I/build/buildd-gcc-4.5_4.5.2-4-powerpc-SfTPnu/gcc-4.5-4.5.2/src/gcc/testsuite/../../include -I/build/buildd-gcc-4.5_4.5.2-4-powerpc-SfTPnu/gcc-4.5-4.5.2/src/gcc/testsuite/../../libcpp/include -I/build/buildd-gcc-4.5_4.5.2-4-powerpc-SfTPnu/gcc-4.5-4.5.2/build/gcc/testsuite/g++/../../../intl -DIN_GCC -fPIC -shared
UNRESOLVED: selfassign.c compilation, -I. -I/build/buildd-gcc-4.5_4.5.2-4-powerpc-SfTPnu/gcc-4.5-4.5.2/src/gcc/testsuite -I/build/buildd-gcc-4.5_4.5.2-4-powerpc-SfTPnu/gcc-4.5-4.5.2/src/gcc/testsuite/../../gcc -I/build/buildd-gcc-4.5_4.5.2-4-powerpc-SfTPnu/gcc-4.5-4.5.2/build/gcc/testsuite/g++/../../../gcc -I/build/buildd-gcc-4.5_4.5.2-4-powerpc-SfTPnu/gcc-4.5-4.5.2/src/gcc/testsuite/../../include -I/build/buildd-gcc-4.5_4.5.2-4-powerpc-SfTPnu/gcc-4.5-4.5.2/src/gcc/testsuite/../../libcpp/include -I/build/buildd-gcc-4.5_4.5.2-4-powerpc-SfTPnu/gcc-4.5-4.5.2/build/gcc/testsuite/g++/../../../intl -O -DIN_GCC -fPIC -shared
UNRESOLVED: dumb_plugin.c compilation, -I. -I/build/buildd-gcc-4.5_4.5.2-4-powerpc-SfTPnu/gcc-4.5-4.5.2/src/gcc/testsuite -I/build/buildd-gcc-4.5_4.5.2-4-powerpc-SfTPnu/gcc-4.5-4.5.2/src/gcc/testsuite/../../gcc -I/build/buildd-gcc-4.5_4.5.2-4-powerpc-SfTPnu/gcc-4.5-4.5.2/build/gcc/testsuite/g++/../../../gcc -I/build/buildd-gcc-4.5_4.5.2-4-powerpc-SfTPnu/gcc-4.5-4.5.2/src/gcc/testsuite/../../include -I/build/buildd-gcc-4.5_4.5.2-4-powerpc-SfTPnu/gcc-4.5-4.5.2/src/gcc/testsuite/../../libcpp/include -I/build/buildd-gcc-4.5_4.5.2-4-powerpc-SfTPnu/gcc-4.5-4.5.2/build/gcc/testsuite/g++/../../../intl -DIN_GCC -fPIC -shared
UNRESOLVED: header_plugin.c compilation, -I. -I/build/buildd-gcc-4.5_4.5.2-4-powerpc-SfTPnu/gcc-4.5-4.5.2/src/gcc/testsuite -I/build/buildd-gcc-4.5_4.5.2-4-powerpc-SfTPnu/gcc-4.5-4.5.2/src/gcc/testsuite/../../gcc -I/build/buildd-gcc-4.5_4.5.2-4-powerpc-SfTPnu/gcc-4.5-4.5.2/build/gcc/testsuite/g++/../../../gcc -I/build/buildd-gcc-4.5_4.5.2-4-powerpc-SfTPnu/gcc-4.5-4.5.2/src/gcc/testsuite/../../include -I/build/buildd-gcc-4.5_4.5.2-4-powerpc-SfTPnu/gcc-4.5-4.5.2/src/gcc/testsuite/../../libcpp/include -I/build/buildd-gcc-4.5_4.5.2-4-powerpc-SfTPnu/gcc-4.5-4.5.2/build/gcc/testsuite/g++/../../../intl -DIN_GCC -fPIC -shared
=== g++ Summary for unix/-fstack-protector ===
# of expected passes 22747
# of unexpected failures 1
# of expected failures 151
# of unresolved testcases 5
# of unsupported tests 163
Running target unix/-m64
UNRESOLVED: attribute_plugin.c compilation, -I. -I/build/buildd-gcc-4.5_4.5.2-4-powerpc-SfTPnu/gcc-4.5-4.5.2/src/gcc/testsuite -I/build/buildd-gcc-4.5_4.5.2-4-powerpc-SfTPnu/gcc-4.5-4.5.2/src/gcc/testsuite/../../gcc -I/build/buildd-gcc-4.5_4.5.2-4-powerpc-SfTPnu/gcc-4.5-4.5.2/build/gcc/testsuite/g++/../../../gcc -I/build/buildd-gcc-4.5_4.5.2-4-powerpc-SfTPnu/gcc-4.5-4.5.2/src/gcc/testsuite/../../include -I/build/buildd-gcc-4.5_4.5.2-4-powerpc-SfTPnu/gcc-4.5-4.5.2/src/gcc/testsuite/../../libcpp/include -I/build/buildd-gcc-4.5_4.5.2-4-powerpc-SfTPnu/gcc-4.5-4.5.2/build/gcc/testsuite/g++/../../../intl -DIN_GCC -fPIC -shared
UNRESOLVED: pragma_plugin.c compilation, -I. -I/build/buildd-gcc-4.5_4.5.2-4-powerpc-SfTPnu/gcc-4.5-4.5.2/src/gcc/testsuite -I/build/buildd-gcc-4.5_4.5.2-4-powerpc-SfTPnu/gcc-4.5-4.5.2/src/gcc/testsuite/../../gcc -I/build/buildd-gcc-4.5_4.5.2-4-powerpc-SfTPnu/gcc-4.5-4.5.2/build/gcc/testsuite/g++/../../../gcc -I/build/buildd-gcc-4.5_4.5.2-4-powerpc-SfTPnu/gcc-4.5-4.5.2/src/gcc/testsuite/../../include -I/build/buildd-gcc-4.5_4.5.2-4-powerpc-SfTPnu/gcc-4.5-4.5.2/src/gcc/testsuite/../../libcpp/include -I/build/buildd-gcc-4.5_4.5.2-4-powerpc-SfTPnu/gcc-4.5-4.5.2/build/gcc/testsuite/g++/../../../intl -DIN_GCC -fPIC -shared
UNRESOLVED: selfassign.c compilation, -I. -I/build/buildd-gcc-4.5_4.5.2-4-powerpc-SfTPnu/gcc-4.5-4.5.2/src/gcc/testsuite -I/build/buildd-gcc-4.5_4.5.2-4-powerpc-SfTPnu/gcc-4.5-4.5.2/src/gcc/testsuite/../../gcc -I/build/buildd-gcc-4.5_4.5.2-4-powerpc-SfTPnu/gcc-4.5-4.5.2/build/gcc/testsuite/g++/../../../gcc -I/build/buildd-gcc-4.5_4.5.2-4-powerpc-SfTPnu/gcc-4.5-4.5.2/src/gcc/testsuite/../../include -I/build/buildd-gcc-4.5_4.5.2-4-powerpc-SfTPnu/gcc-4.5-4.5.2/src/gcc/testsuite/../../libcpp/include -I/build/buildd-gcc-4.5_4.5.2-4-powerpc-SfTPnu/gcc-4.5-4.5.2/build/gcc/testsuite/g++/../../../intl -O -DIN_GCC -fPIC -shared
UNRESOLVED: dumb_plugin.c compilation, -I. -I/build/buildd-gcc-4.5_4.5.2-4-powerpc-SfTPnu/gcc-4.5-4.5.2/src/gcc/testsuite -I/build/buildd-gcc-4.5_4.5.2-4-powerpc-SfTPnu/gcc-4.5-4.5.2/src/gcc/testsuite/../../gcc -I/build/buildd-gcc-4.5_4.5.2-4-powerpc-SfTPnu/gcc-4.5-4.5.2/build/gcc/testsuite/g++/../../../gcc -I/build/buildd-gcc-4.5_4.5.2-4-powerpc-SfTPnu/gcc-4.5-4.5.2/src/gcc/testsuite/../../include -I/build/buildd-gcc-4.5_4.5.2-4-powerpc-SfTPnu/gcc-4.5-4.5.2/src/gcc/testsuite/../../libcpp/include -I/build/buildd-gcc-4.5_4.5.2-4-powerpc-SfTPnu/gcc-4.5-4.5.2/build/gcc/testsuite/g++/../../../intl -DIN_GCC -fPIC -shared
UNRESOLVED: header_plugin.c compilation, -I. -I/build/buildd-gcc-4.5_4.5.2-4-powerpc-SfTPnu/gcc-4.5-4.5.2/src/gcc/testsuite -I/build/buildd-gcc-4.5_4.5.2-4-powerpc-SfTPnu/gcc-4.5-4.5.2/src/gcc/testsuite/../../gcc -I/build/buildd-gcc-4.5_4.5.2-4-powerpc-SfTPnu/gcc-4.5-4.5.2/build/gcc/testsuite/g++/../../../gcc -I/build/buildd-gcc-4.5_4.5.2-4-powerpc-SfTPnu/gcc-4.5-4.5.2/src/gcc/testsuite/../../include -I/build/buildd-gcc-4.5_4.5.2-4-powerpc-SfTPnu/gcc-4.5-4.5.2/src/gcc/testsuite/../../libcpp/include -I/build/buildd-gcc-4.5_4.5.2-4-powerpc-SfTPnu/gcc-4.5-4.5.2/build/gcc/testsuite/g++/../../../intl -DIN_GCC -fPIC -shared
=== g++ Summary for unix/-m64 ===
# of expected passes 22708
# of expected failures 151
# of unresolved testcases 5
# of unsupported tests 165
=== g++ Summary ===
# of expected passes 68202
# of unexpected failures 2
# of expected failures 453
# of unresolved testcases 15
# of unsupported tests 491
/build/buildd-gcc-4.5_4.5.2-4-powerpc-SfTPnu/gcc-4.5-4.5.2/build/gcc/testsuite/g++/../../g++ version 4.5.2 (Debian 4.5.2-4)
=== gcc tests ===
Running target unix
FAIL: gcc.c-torture/execute/builtins/memmove-2.c execution, -O2 -fwhopr
FAIL: gcc.dg/and-1.c scan-assembler-not nand
FAIL: gcc.dg/sms-2.c scan-rtl-dump-times sms "SMS succeeded" 1
FAIL: gcc.dg/sms-4.c scan-rtl-dump-times sms "SMS succeeded" 1
FAIL: gcc.dg/sms-6.c scan-rtl-dump-times sms "SMS succeeded" 3
FAIL: gcc.dg/sms-7.c scan-rtl-dump-times sms "SMS succeeded" 3
FAIL: gcc.dg/sms-8.c scan-rtl-dump-times sms "SMS succeeded" 1
UNRESOLVED: selfassign.c compilation, -I. -I/build/buildd-gcc-4.5_4.5.2-4-powerpc-SfTPnu/gcc-4.5-4.5.2/src/gcc/testsuite -I/build/buildd-gcc-4.5_4.5.2-4-powerpc-SfTPnu/gcc-4.5-4.5.2/src/gcc/testsuite/../../gcc -I/build/buildd-gcc-4.5_4.5.2-4-powerpc-SfTPnu/gcc-4.5-4.5.2/build/gcc/testsuite/gcc/../../../gcc -I/build/buildd-gcc-4.5_4.5.2-4-powerpc-SfTPnu/gcc-4.5-4.5.2/src/gcc/testsuite/../../include -I/build/buildd-gcc-4.5_4.5.2-4-powerpc-SfTPnu/gcc-4.5-4.5.2/src/gcc/testsuite/../../libcpp/include -I/build/buildd-gcc-4.5_4.5.2-4-powerpc-SfTPnu/gcc-4.5-4.5.2/build/gcc/testsuite/gcc/../../../intl -O -DIN_GCC -fPIC -shared
UNRESOLVED: ggcplug.c compilation, -I. -I/build/buildd-gcc-4.5_4.5.2-4-powerpc-SfTPnu/gcc-4.5-4.5.2/src/gcc/testsuite -I/build/buildd-gcc-4.5_4.5.2-4-powerpc-SfTPnu/gcc-4.5-4.5.2/src/gcc/testsuite/../../gcc -I/build/buildd-gcc-4.5_4.5.2-4-powerpc-SfTPnu/gcc-4.5-4.5.2/build/gcc/testsuite/gcc/../../../gcc -I/build/buildd-gcc-4.5_4.5.2-4-powerpc-SfTPnu/gcc-4.5-4.5.2/src/gcc/testsuite/../../include -I/build/buildd-gcc-4.5_4.5.2-4-powerpc-SfTPnu/gcc-4.5-4.5.2/src/gcc/testsuite/../../libcpp/include -I/build/buildd-gcc-4.5_4.5.2-4-powerpc-SfTPnu/gcc-4.5-4.5.2/build/gcc/testsuite/gcc/../../../intl -O -DIN_GCC -fPIC -shared
UNRESOLVED: one_time_plugin.c compilation, -I. -I/build/buildd-gcc-4.5_4.5.2-4-powerpc-SfTPnu/gcc-4.5-4.5.2/src/gcc/testsuite -I/build/buildd-gcc-4.5_4.5.2-4-powerpc-SfTPnu/gcc-4.5-4.5.2/src/gcc/testsuite/../../gcc -I/build/buildd-gcc-4.5_4.5.2-4-powerpc-SfTPnu/gcc-4.5-4.5.2/build/gcc/testsuite/gcc/../../../gcc -I/build/buildd-gcc-4.5_4.5.2-4-powerpc-SfTPnu/gcc-4.5-4.5.2/src/gcc/testsuite/../../include -I/build/buildd-gcc-4.5_4.5.2-4-powerpc-SfTPnu/gcc-4.5-4.5.2/src/gcc/testsuite/../../libcpp/include -I/build/buildd-gcc-4.5_4.5.2-4-powerpc-SfTPnu/gcc-4.5-4.5.2/build/gcc/testsuite/gcc/../../../intl -DIN_GCC -fPIC -shared
UNRESOLVED: start_unit_plugin.c compilation, -I. -I/build/buildd-gcc-4.5_4.5.2-4-powerpc-SfTPnu/gcc-4.5-4.5.2/src/gcc/testsuite -I/build/buildd-gcc-4.5_4.5.2-4-powerpc-SfTPnu/gcc-4.5-4.5.2/src/gcc/testsuite/../../gcc -I/build/buildd-gcc-4.5_4.5.2-4-powerpc-SfTPnu/gcc-4.5-4.5.2/build/gcc/testsuite/gcc/../../../gcc -I/build/buildd-gcc-4.5_4.5.2-4-powerpc-SfTPnu/gcc-4.5-4.5.2/src/gcc/testsuite/../../include -I/build/buildd-gcc-4.5_4.5.2-4-powerpc-SfTPnu/gcc-4.5-4.5.2/src/gcc/testsuite/../../libcpp/include -I/build/buildd-gcc-4.5_4.5.2-4-powerpc-SfTPnu/gcc-4.5-4.5.2/build/gcc/testsuite/gcc/../../../intl -DIN_GCC -fPIC -shared
UNRESOLVED: finish_unit_plugin.c compilation, -I. -I/build/buildd-gcc-4.5_4.5.2-4-powerpc-SfTPnu/gcc-4.5-4.5.2/src/gcc/testsuite -I/build/buildd-gcc-4.5_4.5.2-4-powerpc-SfTPnu/gcc-4.5-4.5.2/src/gcc/testsuite/../../gcc -I/build/buildd-gcc-4.5_4.5.2-4-powerpc-SfTPnu/gcc-4.5-4.5.2/build/gcc/testsuite/gcc/../../../gcc -I/build/buildd-gcc-4.5_4.5.2-4-powerpc-SfTPnu/gcc-4.5-4.5.2/src/gcc/testsuite/../../include -I/build/buildd-gcc-4.5_4.5.2-4-powerpc-SfTPnu/gcc-4.5-4.5.2/src/gcc/testsuite/../../libcpp/include -I/build/buildd-gcc-4.5_4.5.2-4-powerpc-SfTPnu/gcc-4.5-4.5.2/build/gcc/testsuite/gcc/../../../intl -DIN_GCC -fPIC -shared
FAIL: gcc.dg/tree-ssa/vrp47.c scan-tree-dump-times vrp1 "[xy][^ ]* !=" 0
FAIL: gcc.dg/tree-ssa/vrp47.c scan-tree-dump-times dom1 "x[^ ]* & y" 1
FAIL: gcc.dg/vect/costmodel/ppc/costmodel-vect-31d.c scan-tree-dump-times vect "vectorization not profitable" 1
FAIL: gcc.dg/vect/costmodel/ppc/costmodel-vect-68d.c scan-tree-dump-times vect "vectorization not profitable" 1
FAIL: gcc.dg/vect/costmodel/ppc/costmodel-vect-76a.c scan-tree-dump-times vect "vectorized 1 loops" 1
FAIL: gcc.dg/vect/costmodel/ppc/costmodel-vect-76b.c scan-tree-dump-times vect "vectorization not profitable" 1
FAIL: gcc.dg/vect/pr35821-altivec.c scan-tree-dump-times vect "vectorized 1 loops" 1
FAIL: gcc.target/powerpc/405-dlmzb-strlen-1.c scan-assembler dlmzb\\\\.
FAIL: gcc.target/powerpc/440-dlmzb-strlen-1.c scan-assembler dlmzb\\\\.
FAIL: gcc.target/powerpc/ppc64-double-1.c scan-assembler-not stfd
=== gcc Summary for unix ===
# of expected passes 68784
# of unexpected failures 17
# of expected failures 167
# of unresolved testcases 5
# of unsupported tests 779
Running target unix/-fstack-protector
FAIL: gcc.c-torture/execute/builtins/memmove-2.c execution, -O2 -fwhopr
FAIL: gcc.dg/and-1.c scan-assembler-not nand
FAIL: gcc.dg/sms-2.c scan-rtl-dump-times sms "SMS succeeded" 1
FAIL: gcc.dg/sms-4.c scan-rtl-dump-times sms "SMS succeeded" 1
FAIL: gcc.dg/sms-6.c scan-rtl-dump-times sms "SMS succeeded" 3
FAIL: gcc.dg/sms-7.c scan-rtl-dump-times sms "SMS succeeded" 3
FAIL: gcc.dg/sms-8.c scan-rtl-dump-times sms "SMS succeeded" 1
UNRESOLVED: selfassign.c compilation, -I. -I/build/buildd-gcc-4.5_4.5.2-4-powerpc-SfTPnu/gcc-4.5-4.5.2/src/gcc/testsuite -I/build/buildd-gcc-4.5_4.5.2-4-powerpc-SfTPnu/gcc-4.5-4.5.2/src/gcc/testsuite/../../gcc -I/build/buildd-gcc-4.5_4.5.2-4-powerpc-SfTPnu/gcc-4.5-4.5.2/build/gcc/testsuite/gcc/../../../gcc -I/build/buildd-gcc-4.5_4.5.2-4-powerpc-SfTPnu/gcc-4.5-4.5.2/src/gcc/testsuite/../../include -I/build/buildd-gcc-4.5_4.5.2-4-powerpc-SfTPnu/gcc-4.5-4.5.2/src/gcc/testsuite/../../libcpp/include -I/build/buildd-gcc-4.5_4.5.2-4-powerpc-SfTPnu/gcc-4.5-4.5.2/build/gcc/testsuite/gcc/../../../intl -O -DIN_GCC -fPIC -shared
UNRESOLVED: ggcplug.c compilation, -I. -I/build/buildd-gcc-4.5_4.5.2-4-powerpc-SfTPnu/gcc-4.5-4.5.2/src/gcc/testsuite -I/build/buildd-gcc-4.5_4.5.2-4-powerpc-SfTPnu/gcc-4.5-4.5.2/src/gcc/testsuite/../../gcc -I/build/buildd-gcc-4.5_4.5.2-4-powerpc-SfTPnu/gcc-4.5-4.5.2/build/gcc/testsuite/gcc/../../../gcc -I/build/buildd-gcc-4.5_4.5.2-4-powerpc-SfTPnu/gcc-4.5-4.5.2/src/gcc/testsuite/../../include -I/build/buildd-gcc-4.5_4.5.2-4-powerpc-SfTPnu/gcc-4.5-4.5.2/src/gcc/testsuite/../../libcpp/include -I/build/buildd-gcc-4.5_4.5.2-4-powerpc-SfTPnu/gcc-4.5-4.5.2/build/gcc/testsuite/gcc/../../../intl -O -DIN_GCC -fPIC -shared
UNRESOLVED: one_time_plugin.c compilation, -I. -I/build/buildd-gcc-4.5_4.5.2-4-powerpc-SfTPnu/gcc-4.5-4.5.2/src/gcc/testsuite -I/build/buildd-gcc-4.5_4.5.2-4-powerpc-SfTPnu/gcc-4.5-4.5.2/src/gcc/testsuite/../../gcc -I/build/buildd-gcc-4.5_4.5.2-4-powerpc-SfTPnu/gcc-4.5-4.5.2/build/gcc/testsuite/gcc/../../../gcc -I/build/buildd-gcc-4.5_4.5.2-4-powerpc-SfTPnu/gcc-4.5-4.5.2/src/gcc/testsuite/../../include -I/build/buildd-gcc-4.5_4.5.2-4-powerpc-SfTPnu/gcc-4.5-4.5.2/src/gcc/testsuite/../../libcpp/include -I/build/buildd-gcc-4.5_4.5.2-4-powerpc-SfTPnu/gcc-4.5-4.5.2/build/gcc/testsuite/gcc/../../../intl -DIN_GCC -fPIC -shared
UNRESOLVED: start_unit_plugin.c compilation, -I. -I/build/buildd-gcc-4.5_4.5.2-4-powerpc-SfTPnu/gcc-4.5-4.5.2/src/gcc/testsuite -I/build/buildd-gcc-4.5_4.5.2-4-powerpc-SfTPnu/gcc-4.5-4.5.2/src/gcc/testsuite/../../gcc -I/build/buildd-gcc-4.5_4.5.2-4-powerpc-SfTPnu/gcc-4.5-4.5.2/build/gcc/testsuite/gcc/../../../gcc -I/build/buildd-gcc-4.5_4.5.2-4-powerpc-SfTPnu/gcc-4.5-4.5.2/src/gcc/testsuite/../../include -I/build/buildd-gcc-4.5_4.5.2-4-powerpc-SfTPnu/gcc-4.5-4.5.2/src/gcc/testsuite/../../libcpp/include -I/build/buildd-gcc-4.5_4.5.2-4-powerpc-SfTPnu/gcc-4.5-4.5.2/build/gcc/testsuite/gcc/../../../intl -DIN_GCC -fPIC -shared
UNRESOLVED: finish_unit_plugin.c compilation, -I. -I/build/buildd-gcc-4.5_4.5.2-4-powerpc-SfTPnu/gcc-4.5-4.5.2/src/gcc/testsuite -I/build/buildd-gcc-4.5_4.5.2-4-powerpc-SfTPnu/gcc-4.5-4.5.2/src/gcc/testsuite/../../gcc -I/build/buildd-gcc-4.5_4.5.2-4-powerpc-SfTPnu/gcc-4.5-4.5.2/build/gcc/testsuite/gcc/../../../gcc -I/build/buildd-gcc-4.5_4.5.2-4-powerpc-SfTPnu/gcc-4.5-4.5.2/src/gcc/testsuite/../../include -I/build/buildd-gcc-4.5_4.5.2-4-powerpc-SfTPnu/gcc-4.5-4.5.2/src/gcc/testsuite/../../libcpp/include -I/build/buildd-gcc-4.5_4.5.2-4-powerpc-SfTPnu/gcc-4.5-4.5.2/build/gcc/testsuite/gcc/../../../intl -DIN_GCC -fPIC -shared
FAIL: gcc.dg/tree-ssa/vrp47.c scan-tree-dump-times vrp1 "[xy][^ ]* !=" 0
FAIL: gcc.dg/tree-ssa/vrp47.c scan-tree-dump-times dom1 "x[^ ]* & y" 1
FAIL: gcc.dg/vect/costmodel/ppc/costmodel-vect-31d.c scan-tree-dump-times vect "vectorization not profitable" 1
FAIL: gcc.dg/vect/costmodel/ppc/costmodel-vect-68d.c scan-tree-dump-times vect "vectorization not profitable" 1
FAIL: gcc.dg/vect/costmodel/ppc/costmodel-vect-76a.c scan-tree-dump-times vect "vectorized 1 loops" 1
FAIL: gcc.dg/vect/costmodel/ppc/costmodel-vect-76b.c scan-tree-dump-times vect "vectorization not profitable" 1
FAIL: gcc.dg/vect/pr35821-altivec.c scan-tree-dump-times vect "vectorized 1 loops" 1
FAIL: gcc.target/powerpc/405-dlmzb-strlen-1.c scan-assembler dlmzb\\\\.
FAIL: gcc.target/powerpc/440-dlmzb-strlen-1.c scan-assembler dlmzb\\\\.
FAIL: gcc.target/powerpc/ppc64-double-1.c scan-assembler-not stfd
=== gcc Summary for unix/-fstack-protector ===
# of expected passes 68784
# of unexpected failures 17
# of expected failures 167
# of unresolved testcases 5
# of unsupported tests 779
Running target unix/-m64
FAIL: gcc.c-torture/execute/builtins/abs-1.c execution, -O2 -fwhopr
FAIL: gcc.dg/and-1.c scan-assembler-not nand
FAIL: gcc.dg/sms-2.c scan-rtl-dump-times sms "SMS succeeded" 1
FAIL: gcc.dg/sms-4.c scan-rtl-dump-times sms "SMS succeeded" 1
FAIL: gcc.dg/sms-5.c scan-rtl-dump-times sms "SMS succeeded" 1
FAIL: gcc.dg/sms-6.c scan-rtl-dump-times sms "SMS succeeded" 3
FAIL: gcc.dg/sms-7.c scan-rtl-dump-times sms "SMS succeeded" 3
FAIL: gcc.dg/sms-8.c scan-rtl-dump-times sms "SMS succeeded" 1
FAIL: gcc.dg/lto/20081112 c_lto_20081112_0.o-c_lto_20081112_1.o execute -O2 -fwhopr
FAIL: gcc.dg/lto/20090116 c_lto_20090116_0.o-c_lto_20090116_0.o link, (internal compiler error)
UNRESOLVED: gcc.dg/lto/20090116 c_lto_20090116_0.o-c_lto_20090116_0.o execute -O1 -fwhopr -fPIC
UNRESOLVED: selfassign.c compilation, -I. -I/build/buildd-gcc-4.5_4.5.2-4-powerpc-SfTPnu/gcc-4.5-4.5.2/src/gcc/testsuite -I/build/buildd-gcc-4.5_4.5.2-4-powerpc-SfTPnu/gcc-4.5-4.5.2/src/gcc/testsuite/../../gcc -I/build/buildd-gcc-4.5_4.5.2-4-powerpc-SfTPnu/gcc-4.5-4.5.2/build/gcc/testsuite/gcc/../../../gcc -I/build/buildd-gcc-4.5_4.5.2-4-powerpc-SfTPnu/gcc-4.5-4.5.2/src/gcc/testsuite/../../include -I/build/buildd-gcc-4.5_4.5.2-4-powerpc-SfTPnu/gcc-4.5-4.5.2/src/gcc/testsuite/../../libcpp/include -I/build/buildd-gcc-4.5_4.5.2-4-powerpc-SfTPnu/gcc-4.5-4.5.2/build/gcc/testsuite/gcc/../../../intl -O -DIN_GCC -fPIC -shared
UNRESOLVED: ggcplug.c compilation, -I. -I/build/buildd-gcc-4.5_4.5.2-4-powerpc-SfTPnu/gcc-4.5-4.5.2/src/gcc/testsuite -I/build/buildd-gcc-4.5_4.5.2-4-powerpc-SfTPnu/gcc-4.5-4.5.2/src/gcc/testsuite/../../gcc -I/build/buildd-gcc-4.5_4.5.2-4-powerpc-SfTPnu/gcc-4.5-4.5.2/build/gcc/testsuite/gcc/../../../gcc -I/build/buildd-gcc-4.5_4.5.2-4-powerpc-SfTPnu/gcc-4.5-4.5.2/src/gcc/testsuite/../../include -I/build/buildd-gcc-4.5_4.5.2-4-powerpc-SfTPnu/gcc-4.5-4.5.2/src/gcc/testsuite/../../libcpp/include -I/build/buildd-gcc-4.5_4.5.2-4-powerpc-SfTPnu/gcc-4.5-4.5.2/build/gcc/testsuite/gcc/../../../intl -O -DIN_GCC -fPIC -shared
UNRESOLVED: one_time_plugin.c compilation, -I. -I/build/buildd-gcc-4.5_4.5.2-4-powerpc-SfTPnu/gcc-4.5-4.5.2/src/gcc/testsuite -I/build/buildd-gcc-4.5_4.5.2-4-powerpc-SfTPnu/gcc-4.5-4.5.2/src/gcc/testsuite/../../gcc -I/build/buildd-gcc-4.5_4.5.2-4-powerpc-SfTPnu/gcc-4.5-4.5.2/build/gcc/testsuite/gcc/../../../gcc -I/build/buildd-gcc-4.5_4.5.2-4-powerpc-SfTPnu/gcc-4.5-4.5.2/src/gcc/testsuite/../../include -I/build/buildd-gcc-4.5_4.5.2-4-powerpc-SfTPnu/gcc-4.5-4.5.2/src/gcc/testsuite/../../libcpp/include -I/build/buildd-gcc-4.5_4.5.2-4-powerpc-SfTPnu/gcc-4.5-4.5.2/build/gcc/testsuite/gcc/../../../intl -DIN_GCC -fPIC -shared
UNRESOLVED: start_unit_plugin.c compilation, -I. -I/build/buildd-gcc-4.5_4.5.2-4-powerpc-SfTPnu/gcc-4.5-4.5.2/src/gcc/testsuite -I/build/buildd-gcc-4.5_4.5.2-4-powerpc-SfTPnu/gcc-4.5-4.5.2/src/gcc/testsuite/../../gcc -I/build/buildd-gcc-4.5_4.5.2-4-powerpc-SfTPnu/gcc-4.5-4.5.2/build/gcc/testsuite/gcc/../../../gcc -I/build/buildd-gcc-4.5_4.5.2-4-powerpc-SfTPnu/gcc-4.5-4.5.2/src/gcc/testsuite/../../include -I/build/buildd-gcc-4.5_4.5.2-4-powerpc-SfTPnu/gcc-4.5-4.5.2/src/gcc/testsuite/../../libcpp/include -I/build/buildd-gcc-4.5_4.5.2-4-powerpc-SfTPnu/gcc-4.5-4.5.2/build/gcc/testsuite/gcc/../../../intl -DIN_GCC -fPIC -shared
UNRESOLVED: finish_unit_plugin.c compilation, -I. -I/build/buildd-gcc-4.5_4.5.2-4-powerpc-SfTPnu/gcc-4.5-4.5.2/src/gcc/testsuite -I/build/buildd-gcc-4.5_4.5.2-4-powerpc-SfTPnu/gcc-4.5-4.5.2/src/gcc/testsuite/../../gcc -I/build/buildd-gcc-4.5_4.5.2-4-powerpc-SfTPnu/gcc-4.5-4.5.2/build/gcc/testsuite/gcc/../../../gcc -I/build/buildd-gcc-4.5_4.5.2-4-powerpc-SfTPnu/gcc-4.5-4.5.2/src/gcc/testsuite/../../include -I/build/buildd-gcc-4.5_4.5.2-4-powerpc-SfTPnu/gcc-4.5-4.5.2/src/gcc/testsuite/../../libcpp/include -I/build/buildd-gcc-4.5_4.5.2-4-powerpc-SfTPnu/gcc-4.5-4.5.2/build/gcc/testsuite/gcc/../../../intl -DIN_GCC -fPIC -shared
FAIL: gcc.dg/tree-ssa/vrp47.c scan-tree-dump-times vrp1 "[xy][^ ]* !=" 0
FAIL: gcc.dg/tree-ssa/vrp47.c scan-tree-dump-times dom1 "x[^ ]* & y" 1
FAIL: gcc.dg/vect/costmodel/ppc/costmodel-vect-31d.c scan-tree-dump-times vect "vectorization not profitable" 1
FAIL: gcc.dg/vect/costmodel/ppc/costmodel-vect-68d.c scan-tree-dump-times vect "vectorization not profitable" 1
FAIL: gcc.dg/vect/costmodel/ppc/costmodel-vect-76a.c scan-tree-dump-times vect "vectorized 1 loops" 1
FAIL: gcc.dg/vect/costmodel/ppc/costmodel-vect-76b.c scan-tree-dump-times vect "vectorization not profitable" 1
FAIL: gcc.dg/vect/pr35821-altivec.c scan-tree-dump-times vect "vectorized 1 loops" 1
FAIL: gcc.target/powerpc/ppc64-double-1.c scan-assembler-not stfd
=== gcc Summary for unix/-m64 ===
# of expected passes 68780
# of unexpected failures 18
# of expected failures 178
# of unresolved testcases 6
# of unsupported tests 819
=== gcc Summary ===
# of expected passes 206348
# of unexpected failures 52
# of expected failures 512
# of unresolved testcases 16
# of unsupported tests 2377
/build/buildd-gcc-4.5_4.5.2-4-powerpc-SfTPnu/gcc-4.5-4.5.2/build/gcc/xgcc version 4.5.2 (Debian 4.5.2-4)
=== gfortran tests ===
Running target unix
XPASS: gfortran.dg/nint_2.f90 -O0 execution test
=== gfortran Summary for unix ===
# of expected passes 34343
# of unexpected successes 1
# of expected failures 55
# of unsupported tests 163
Running target unix/-fstack-protector
XPASS: gfortran.dg/nint_2.f90 -O0 execution test
=== gfortran Summary for unix/-fstack-protector ===
# of expected passes 34343
# of unexpected successes 1
# of expected failures 55
# of unsupported tests 163
Running target unix/-m64
XPASS: gfortran.dg/nint_2.f90 -O0 execution test
=== gfortran Summary for unix/-m64 ===
# of expected passes 34526
# of unexpected successes 1
# of expected failures 55
# of unsupported tests 74
=== gfortran Summary ===
# of expected passes 103212
# of unexpected successes 3
# of expected failures 165
# of unsupported tests 400
/build/buildd-gcc-4.5_4.5.2-4-powerpc-SfTPnu/gcc-4.5-4.5.2/build/gcc/testsuite/gfortran/../../gfortran version 4.5.2 (Debian 4.5.2-4)
=== obj-c++ tests ===
Running target unix
UNRESOLVED: obj-c++.dg/lookup-2.mm -fgnu-runtime compilation failed to produce executable
UNRESOLVED: obj-c++.dg/try-catch-2.mm -fgnu-runtime compilation failed to produce executable
UNRESOLVED: obj-c++.dg/try-catch-9.mm -fgnu-runtime compilation failed to produce executable
=== obj-c++ Summary for unix ===
# of expected passes 440
# of expected failures 3
# of unresolved testcases 3
# of unsupported tests 14
Running target unix/-fstack-protector
UNRESOLVED: obj-c++.dg/lookup-2.mm -fgnu-runtime compilation failed to produce executable
UNRESOLVED: obj-c++.dg/try-catch-2.mm -fgnu-runtime compilation failed to produce executable
UNRESOLVED: obj-c++.dg/try-catch-9.mm -fgnu-runtime compilation failed to produce executable
=== obj-c++ Summary for unix/-fstack-protector ===
# of expected passes 440
# of expected failures 3
# of unresolved testcases 3
# of unsupported tests 14
Running target unix/-m64
UNRESOLVED: obj-c++.dg/lookup-2.mm -fgnu-runtime compilation failed to produce executable
UNRESOLVED: obj-c++.dg/try-catch-2.mm -fgnu-runtime compilation failed to produce executable
UNRESOLVED: obj-c++.dg/try-catch-9.mm -fgnu-runtime compilation failed to produce executable
=== obj-c++ Summary for unix/-m64 ===
# of expected passes 432
# of expected failures 11
# of unresolved testcases 3
# of unsupported tests 14
=== obj-c++ Summary ===
# of expected passes 1312
# of expected failures 17
# of unresolved testcases 9
# of unsupported tests 42
/build/buildd-gcc-4.5_4.5.2-4-powerpc-SfTPnu/gcc-4.5-4.5.2/build/gcc/testsuite/obj-c++/../../g++ version 4.5.2 (Debian 4.5.2-4)
=== objc tests ===
Running target unix
=== objc Summary for unix ===
# of expected passes 1874
# of expected failures 15
# of unsupported tests 20
Running target unix/-fstack-protector
=== objc Summary for unix/-fstack-protector ===
# of expected passes 1874
# of expected failures 15
# of unsupported tests 20
Running target unix/-m64
=== objc Summary for unix/-m64 ===
# of expected passes 1874
# of expected failures 15
# of unsupported tests 20
=== objc Summary ===
# of expected passes 5622
# of expected failures 45
# of unsupported tests 60
/build/buildd-gcc-4.5_4.5.2-4-powerpc-SfTPnu/gcc-4.5-4.5.2/build/gcc/xgcc version 4.5.2 (Debian 4.5.2-4)
=== libgomp tests ===
Running target unix
=== libgomp Summary for unix ===
# of expected passes 2572
Running target unix/-fstack-protector
=== libgomp Summary for unix/-fstack-protector ===
# of expected passes 2572
Running target unix/-m64
=== libgomp Summary for unix/-m64 ===
# of expected passes 2572
=== libgomp Summary ===
# of expected passes 7716
=== libmudflap tests ===
Running target unix
FAIL: libmudflap.c/pass46-frag.c (-O2) (test for excess errors)
FAIL: libmudflap.c/pass46-frag.c (-O2) (test for excess errors)
FAIL: libmudflap.c/fail31-frag.c (-O3) crash test
FAIL: libmudflap.c/fail31-frag.c (-O3) output pattern test
FAIL: libmudflap.c/pass45-frag.c (-O3) execution test
FAIL: libmudflap.c/pass45-frag.c (-O3) output pattern test
FAIL: libmudflap.c/pass45-frag.c (-O3) execution test
FAIL: libmudflap.c/pass45-frag.c (-O3) output pattern test
FAIL: libmudflap.c/pass46-frag.c (-O3) (test for excess errors)
FAIL: libmudflap.c/pass46-frag.c (-O3) (test for excess errors)
FAIL: libmudflap.c++/pass41-frag.cxx execution test
FAIL: libmudflap.c++/pass41-frag.cxx (-static) (test for excess errors)
WARNING: libmudflap.c++/pass41-frag.cxx (-static) compilation failed to produce executable
FAIL: libmudflap.c++/pass41-frag.cxx ( -O) execution test
FAIL: libmudflap.c++/pass41-frag.cxx (-O2) execution test
FAIL: libmudflap.c++/pass41-frag.cxx (-O3) execution test
=== libmudflap Summary for unix ===
# of expected passes 1878
# of unexpected failures 15
Running target unix/-fstack-protector
FAIL: libmudflap.c/pass46-frag.c (-O2) (test for excess errors)
FAIL: libmudflap.c/pass46-frag.c (-O2) (test for excess errors)
FAIL: libmudflap.c/fail31-frag.c (-O3) crash test
FAIL: libmudflap.c/fail31-frag.c (-O3) output pattern test
FAIL: libmudflap.c/pass45-frag.c (-O3) execution test
FAIL: libmudflap.c/pass45-frag.c (-O3) output pattern test
FAIL: libmudflap.c/pass45-frag.c (-O3) execution test
FAIL: libmudflap.c/pass45-frag.c (-O3) output pattern test
FAIL: libmudflap.c/pass46-frag.c (-O3) (test for excess errors)
FAIL: libmudflap.c/pass46-frag.c (-O3) (test for excess errors)
FAIL: libmudflap.c++/pass41-frag.cxx execution test
FAIL: libmudflap.c++/pass41-frag.cxx (-static) (test for excess errors)
WARNING: libmudflap.c++/pass41-frag.cxx (-static) compilation failed to produce executable
FAIL: libmudflap.c++/pass41-frag.cxx ( -O) execution test
FAIL: libmudflap.c++/pass41-frag.cxx (-O2) execution test
FAIL: libmudflap.c++/pass41-frag.cxx (-O3) execution test
=== libmudflap Summary for unix/-fstack-protector ===
# of expected passes 1878
# of unexpected failures 15
Running target unix/-m64
FAIL: libmudflap.c/pass46-frag.c (-O2) (test for excess errors)
FAIL: libmudflap.c/pass46-frag.c (-O2) (test for excess errors)
FAIL: libmudflap.c/fail31-frag.c (-O3) crash test
FAIL: libmudflap.c/fail31-frag.c (-O3) output pattern test
FAIL: libmudflap.c/pass45-frag.c (-O3) execution test
FAIL: libmudflap.c/pass45-frag.c (-O3) output pattern test
FAIL: libmudflap.c/pass45-frag.c (-O3) execution test
FAIL: libmudflap.c/pass45-frag.c (-O3) output pattern test
FAIL: libmudflap.c/pass46-frag.c (-O3) (test for excess errors)
FAIL: libmudflap.c/pass46-frag.c (-O3) (test for excess errors)
FAIL: libmudflap.c++/pass41-frag.cxx execution test
FAIL: libmudflap.c++/pass41-frag.cxx (-static) (test for excess errors)
WARNING: libmudflap.c++/pass41-frag.cxx (-static) compilation failed to produce executable
FAIL: libmudflap.c++/pass41-frag.cxx ( -O) execution test
FAIL: libmudflap.c++/pass41-frag.cxx (-O2) execution test
FAIL: libmudflap.c++/pass41-frag.cxx (-O3) execution test
=== libmudflap Summary for unix/-m64 ===
# of expected passes 1878
# of unexpected failures 15
=== libmudflap Summary ===
# of expected passes 5634
# of unexpected failures 45
=== libstdc++ tests ===
Running target unix
=== libstdc++ Summary for unix ===
# of expected passes 7082
# of expected failures 95
# of unsupported tests 336
Running target unix/-fstack-protector
=== libstdc++ Summary for unix/-fstack-protector ===
# of expected passes 7082
# of expected failures 95
# of unsupported tests 336
Running target unix/-m64
FAIL: abi_check
=== libstdc++ Summary for unix/-m64 ===
# of expected passes 7081
# of unexpected failures 1
# of expected failures 95
# of unsupported tests 336
=== libstdc++ Summary ===
# of expected passes 21245
# of unexpected failures 1
# of expected failures 285
# of unsupported tests 1008
Compiler version: 4.5.2 (Debian 4.5.2-4)
Platform: powerpc-unknown-linux-gnu
configure flags: -v --with-pkgversion='Debian 4.5.2-4' --with-bugurl=file:///usr/share/doc/gcc-4.5/README.Bugs --enable-languages=c,c++,fortran,objc,obj-c++ --prefix=/usr --program-suffix=-4.5 --enable-shared --enable-multiarch --enable-linker-build-id --with-system-zlib --libexecdir=/usr/lib --without-included-gettext --enable-threads=posix --with-gxx-include-dir=/usr/include/c++/4.5 --libdir=/usr/lib --enable-nls --enable-clocale=gnu --enable-libstdcxx-debug --enable-libstdcxx-time=yes --enable-plugin --enable-gold --enable-ld=default --with-plugin-ld=ld.gold --enable-objc-gc --enable-secureplt --disable-softfloat --enable-targets=powerpc-linux,powerpc64-linux --with-cpu=default32 --with-long-double-128 --enable-checking=release --build=powerpc-linux-gnu --host=powerpc-linux-gnu --target=powerpc-linux-gnu
BOOT_CFLAGS=
Build Dependencies:
Desired=Unknown/Install/Remove/Purge/Hold
| Status=Not/Inst/Conf-files/Unpacked/halF-conf/Half-inst/trig-aWait/Trig-pend
|/ Err?=(none)/Reinst-required (Status,Err: uppercase=bad)
||/ Name Version Description
+++-===============================-=====================-======================================================================
ii binutils 2.20.1-16 The GNU assembler, linker and binary utilities
pi binutils-spu 2.20.1-16 The GNU assembler, linker and binary utilities targeted for spu-elf
ii g++-4.4 4.4.5-12 The GNU C++ compiler
pi g++-4.4-multilib 4.4.5-12 The GNU C++ compiler (multilib files)
pi g++-multilib 4:4.4.5-2 The GNU C++ compiler (multilib files)
ii libc6 2.11.2-11 Embedded GNU C Library: Shared libraries
pi libcloog-ppl-dev 0.15.9-2 the Chunky Loop Generator (development files)
pi libgmp3-dev 2:4.3.2+dfsg-1 Multiprecision arithmetic library developers tools
pi libmpc-dev 0.9-1 multiple precision complex floating-point library development package
pi libmpfr-dev 3.0.0-6 multiple precision floating-point computation developers tools
pi libppl0.10-dev 0.10.2-9 Parma Polyhedra Library (development)
svn-updates:
updates from the 4.5 branch upto 20110222 (r170417).
gcc-textdomain:
Set gettext's domain and textdomain to the versioned package name.
gcc-driver-extra-langs:
Add options and specs for languages that are not built from a source
(but built from separate sources).
gcc-hash-style-both:
Link using --hash-style=both (alpha, amd64, armel, ia64, i386, powerpc, ppc64, s390, sparc)
libstdc++-pic:
Build and install libstdc++_pic.a library.
libstdc++-doclink:
adjust hrefs to point to the local documentation
libstdc++-man-3cxx:
Install libstdc++ man pages with suffix .3cxx instead of .3
libstdc++-test-installed:
Add support to run the libstdc++-v3 testsuite using the
installed shared libraries.
libjava-stacktrace:
libgcj: Lookup source file name and line number in separated
debug files found in /usr/lib/debug
libjava-subdir:
- Set the libjava sublibdir to /usr/lib/gcj-4.5
- Set the default libgcj database dir to /var/lib/gcj-4.5
libjava-jnipath:
- Add /usr/lib/jni to java.library.path.
- When running the i386 binaries on amd64, look in
- /usr/lib32/gcj-x.y and /usr/lib32/jni instead.
libjava-sjlj:
Don't try to use _Unwind_Backtrace on SJLJ targets.
See bug #387875, #388505, GCC PR 29206.
libjava-disable-plugin:
Don't build the gcjwebplugin, even when configured with --enable-plugin
alpha-no-ev4-directive:
never emit .ev4 directive.
boehm-gc-getnprocs:
boehm-gc/pthread_support.c (GC_get_nprocs): Use sysconf as fallback.
note-gnu-stack:
Add .note.GNU-stack sections for gcc's crt files, libffi and boehm-gc
Taken from FC.
m68k-allow-gnu99:
patch to allow gnu99 mode on m68k
libgomp-omp_h-multilib:
Fix up omp.h for multilibs.
sparc-force-cpu:
On sparc default to ultrasparc (v9a) in 32bit mode
pr41848:
Fix PR objc/41848 - workaround ObjC and -fsection-anchors.
gcc-plugindir:
Search for plugins in a default plugin dir, backport from the trunk.
gcc-java-align-data:
java: Align data in .rodata.jutf8.* sections, taken from the trunk.
linux-atomic-builtin-expect:
[ARM] Provide __builtin_expect() hints in linux-atomic.c (backport)
pr24619:
Proposed patch for PR mudflap/24619 (instrumentation of dlopen)
pr45979:
no_fpr_in_libgcc:
It does not really harm by including them since nobody should use them
but gas does not wont to assmebly hard float since they are not
available on this cpu. Upstream did not respond.
pr44364:
This patch made it into trunk. I don't get it into the 4.4 branch
because I can't prove that it is a regression since 4.3.
pr46723:
Proposed fix for PR tree-optimization/46723, backport from the trunk
pr40521-sequel:
Sequel to PR40521 -- -g causes GCC to generate .eh_frame
gcc-ice-hack:
Retry the build on an ice, save the calling options and preprocessed
source when the ice is reproducible.
gcc-ice-apport:
Report an ICE to apport (if apport is available
and the environment variable GCC_NOAPPORT is not set)
gcc-arm-earlyclobbers:
Fix earlyclobbers on some arm.md DImode shifts.
libjava-disable-static:
Disable building the static libjava.
libjava-fixed-symlinks:
Remove unneed '..' elements from symlinks in JAVA_HOME
libstdc++-arm-wno-abi:
Temporary work around:
On arm-linux-gnueabi run the libstdc++v3 testsuite with -Wno-abi
ada-mips:
Improve support for mips.
arm-unbreak-eabi-armv4t:
Fix armv4t build on ARM
gcc-multiarch:
Add multiarch support to GCC.
Convert the multilib option to a target triplet,
add multiarch include directories and libraries path:
/usr/local/include/<arch>-linux-gnu
/usr/include/<arch>-linux-gnu
/usr/lib/<arch>-linux-gnu
to the system paths.
mips-triarch:
Build a tri-arch compiler on mips-linux-gnu.
http://gcc.gnu.org/ml/gcc-patches/2009-03/msg01047.html
libjava-nobiarch-check:
For biarch builds, disable the testsuite for the non-default architecture
for runtime libraries, which are not built by default (libjava).
config-ml:
disable some biarch libraries for biarch builds
s390-biarch:
Build a bi-arch compiler on s390-linux-gnu.
http://gcc.gnu.org/ml/gcc-patches/2009-03/msg01044.html
gcc-powerpc-nof:
Don't build nof multlib on powerpc.
mips-fix-loongson2f-nop:
On mips, pass -mfix-loongson2f-nop to as, if -mno-fix-loongson2f-nop
is not passed.
gcc-system-root:
Avoid include paths starting with a double slash
Counting all warnings,
there are 0 warnings in stage3 of this bootstrap.
Number of warnings per file:
Number of warning types:
More information about the Gcc-testresults
mailing list