Results for 4.5.3 20110217 (prerelease) (GCC) testsuite on alphaev6-unknown-linux-gnu

Mikael Pettersson mikpe@it.uu.se
Sun Feb 20 21:07:00 GMT 2011


LAST_UPDATED: Obtained from SVN: branches/gcc-4_5-branch revision 170258

Native configuration is alphaev6-unknown-linux-gnu

		=== libgomp tests ===


Running target unix

		=== libgomp Summary ===

# of expected passes		1029
		=== libstdc++ tests ===


Running target unix
FAIL: abi_check
FAIL: 21_strings/basic_string/inserters_extractors/pod/10081-in.cc execution test
FAIL: 23_containers/deque/requirements/exception/basic.cc execution test
FAIL: 23_containers/multiset/requirements/exception/basic.cc execution test
FAIL: 23_containers/set/requirements/exception/basic.cc execution test
FAIL: 26_numerics/complex/13450.cc execution test

		=== libstdc++ Summary ===

# of expected passes		7490
# of unexpected failures	6
# of expected failures		93
# of unsupported tests		29
		=== g++ tests ===


Running target unix
FAIL: g++.dg/compat/eh/unexpected1 cp_compat_x_tst.o-cp_compat_y_tst.o execute 
FAIL: g++.dg/eh/unexpected1.C execution test
FAIL: g++.old-deja/g++.eh/spec2.C execution test
FAIL: g++.old-deja/g++.eh/spec3.C execution test
FAIL: g++.old-deja/g++.mike/eh33.C execution test
FAIL: g++.old-deja/g++.mike/eh50.C execution test
FAIL: g++.old-deja/g++.mike/eh51.C execution test

		=== g++ Summary ===

# of expected passes		21528
# of unexpected failures	7
# of expected failures		149
# of unsupported tests		203
/home/mikpe/objdir45/gcc/testsuite/g++/../../g++  version 4.5.3 20110217 (prerelease) (GCC) 

		=== gcc tests ===


Running target unix
FAIL: gcc.c-torture/compile/limits-exprparen.c  -O0  (test for excess errors)
FAIL: gcc.c-torture/compile/limits-exprparen.c  -O1  (test for excess errors)
FAIL: gcc.c-torture/compile/limits-exprparen.c  -O2  (test for excess errors)
FAIL: gcc.c-torture/compile/limits-exprparen.c  -O3 -fomit-frame-pointer  (test for excess errors)
FAIL: gcc.c-torture/compile/limits-exprparen.c  -O3 -g  (test for excess errors)
FAIL: gcc.c-torture/compile/limits-exprparen.c  -Os  (test for excess errors)
XPASS: gcc.dg/guality/example.c  -O0  execution test
XPASS: gcc.dg/guality/guality.c  -O0  execution test
FAIL: gcc.dg/guality/inline-params.c  -O1  execution test
FAIL: gcc.dg/guality/pr36728-1.c  -O1  line 14 *x == (char) 25
XPASS: gcc.dg/guality/pr41353-1.c  -O0  line 28 j == 28 + 37
FAIL: gcc.dg/guality/pr41353-1.c  -O1  line 39 i == 12
FAIL: gcc.dg/guality/pr41353-1.c  -O2  line 39 i == 12
FAIL: gcc.dg/guality/pr41353-1.c  -O3 -fomit-frame-pointer  line 39 i == 12
FAIL: gcc.dg/guality/pr41353-1.c  -O3 -g  line 39 i == 12
FAIL: gcc.dg/guality/pr41353-1.c  -Os  line 39 i == 12
XPASS: gcc.dg/guality/pr41447-1.c  -O0  execution test
XPASS: gcc.dg/guality/pr41616-1.c  -O0  execution test
FAIL: gcc.dg/guality/pr43051-1.c  -O1  line 40 v == 1
FAIL: gcc.dg/guality/pr43051-1.c  -O3 -fomit-frame-pointer -funroll-loops  line 35 v == 1
FAIL: gcc.dg/guality/pr43051-1.c  -O3 -fomit-frame-pointer -funroll-all-loops -finline-functions  line 35 v == 1
FAIL: gcc.dg/guality/pr43077-1.c  -O1  line 42 a == 1
FAIL: gcc.dg/guality/pr43077-1.c  -O2  line 42 a == 1
FAIL: gcc.dg/guality/pr43077-1.c  -O3 -fomit-frame-pointer  line 42 a == 1
FAIL: gcc.dg/guality/pr43077-1.c  -O3 -g  line 42 a == 1
FAIL: gcc.dg/guality/pr43077-1.c  -Os  line 42 a == 1
FAIL: gcc.dg/guality/pr43177.c  -O1  line 24 x == 7
FAIL: gcc.dg/guality/pr43177.c  -O2  line 24 x == 7
FAIL: gcc.dg/guality/pr43177.c  -O3 -fomit-frame-pointer  line 24 x == 7
FAIL: gcc.dg/guality/pr43177.c  -O3 -g  line 24 x == 7
FAIL: gcc.dg/guality/pr43177.c  -Os  line 24 x == 7
FAIL: gcc.dg/guality/vla-1.c  -O1  line 17 sizeof (a) == 6
FAIL: gcc.dg/guality/vla-1.c  -O1  line 24 sizeof (a) == 17 * sizeof (short)
FAIL: gcc.dg/guality/vla-1.c  -O2  line 17 sizeof (a) == 6
FAIL: gcc.dg/guality/vla-1.c  -O2  line 24 sizeof (a) == 17 * sizeof (short)
FAIL: gcc.dg/guality/vla-1.c  -O3 -fomit-frame-pointer  line 17 sizeof (a) == 6
FAIL: gcc.dg/guality/vla-1.c  -O3 -fomit-frame-pointer  line 24 sizeof (a) == 17 * sizeof (short)
FAIL: gcc.dg/guality/vla-1.c  -O3 -g  line 17 sizeof (a) == 6
FAIL: gcc.dg/guality/vla-1.c  -O3 -g  line 24 sizeof (a) == 17 * sizeof (short)
FAIL: gcc.dg/guality/vla-1.c  -Os  line 17 sizeof (a) == 6
FAIL: gcc.dg/guality/vla-1.c  -Os  line 24 sizeof (a) == 17 * sizeof (short)

		=== gcc Summary ===

# of expected passes		54675
# of unexpected failures	36
# of unexpected successes	5
# of expected failures		113
# of unsupported tests		802
/home/mikpe/objdir45/gcc/xgcc  version 4.5.3 20110217 (prerelease) (GCC) 


Compiler version: 4.5.3 20110217 (prerelease) (GCC) 
Platform: alphaev6-unknown-linux-gnu
configure flags: --prefix=/home/mikpe/install45 --with-gmp=/home/mikpe/pkgs/linux-alpha/gmp-4.3.2 --with-mpfr=/home/mikpe/pkgs/linux-alpha/mpfr-2.4.2 --with-mpc=/home/mikpe/pkgs/linux-alpha/mpc-0.8.2 --disable-plugin --disable-lto --disable-nls --enable-threads=posix --enable-checking=release --disable-libmudflap --enable-languages=c,c++ --with-long-double-128 --with-cpu=ev6
BOOT_CFLAGS=-g -O2



More information about the Gcc-testresults mailing list