Results for 4.6.0 20110211 (experimental) [trunk revision 170040] (GCC) testsuite on hppa2.0w-hp-hpux11.00

John David Anglin dave@hiauly2.hia.nrc.ca
Tue Feb 15 23:31:00 GMT 2011


		=== acats tests ===

		=== acats Summary ===
# of expected passes		2321
# of unexpected failures	0
Native configuration is hppa2.0w-hp-hpux11.00

		=== g++ tests ===


Running target unix
WARNING: g++.dg/ext/label13.C compilation failed to produce executable
WARNING: program timed out.

		=== g++ Summary ===

# of expected passes		23045
# of expected failures		161
# of unsupported tests		568
/home/gnu/gcc/objdir/gcc/testsuite/g++/../../g++  version 4.6.0 20110211 (experimental) [trunk revision 170040] (GCC) 

		=== gcc tests ===


Running target unix
WARNING: program timed out.

		=== gcc Summary ===

# of expected passes		55462
# of expected failures		132
# of unsupported tests		1145
/home/gnu/gcc/objdir/gcc/xgcc  version 4.6.0 20110211 (experimental) [trunk revision 170040] (GCC) 

		=== gfortran tests ===


Running target unix
FAIL: gfortran.dg/pr45636.f90  -O  scan-tree-dump-times forwprop2 "memset" 0

		=== gfortran Summary ===

# of expected passes		36685
# of unexpected failures	1
# of expected failures		41
# of unsupported tests		351
/home/gnu/gcc/objdir/gcc/testsuite/gfortran/../../gfortran  version 4.6.0 20110211 (experimental) [trunk revision 170040] (GCC) 

		=== gnat tests ===


Running target unix

		=== gnat Summary ===

# of expected passes		865
# of expected failures		10
# of unsupported tests		3
		=== obj-c++ tests ===


Running target unix
WARNING: obj-c++.dg/try-catch-2.mm -fgnu-runtime compilation failed to produce executable
WARNING: obj-c++.dg/try-catch-9.mm -fgnu-runtime compilation failed to produce executable

		=== obj-c++ Summary ===

# of expected passes		1339
# of expected failures		2
# of unsupported tests		69
/home/gnu/gcc/objdir/gcc/testsuite/obj-c++/../../g++  version 4.6.0 20110211 (experimental) [trunk revision 170040] (GCC) 

		=== objc tests ===


Running target unix

		=== objc Summary ===

# of expected passes		2827
# of expected failures		8
# of unsupported tests		65
/home/gnu/gcc/objdir/gcc/xgcc  version 4.6.0 20110211 (experimental) [trunk revision 170040] (GCC) 

		=== libgomp tests ===


Running target unix

		=== libgomp Summary ===

# of expected passes		2508
# of unsupported tests		9
		=== libstdc++ tests ===


Running target unix
WARNING: program timed out.
FAIL: 23_containers/vector/bool/modifiers/insert/31370.cc execution test

		=== libstdc++ Summary ===

# of expected passes		5880
# of unexpected failures	1
# of expected failures		82
# of unsupported tests		576

Compiler version: 4.6.0 20110211 (experimental) [trunk revision 170040] (GCC) 
Platform: hppa2.0w-hp-hpux11.00
configure flags:Test Run By dave on Sun Feb 13 13:25:02 EST 2011



More information about the Gcc-testresults mailing list