Results for 4.6.0 20110211 (experimental) [trunk revision 170052] (GCC) testsuite on sparc-sun-solaris2.10
Rainer Orth
ro@CeBiTec.Uni-Bielefeld.DE
Mon Feb 14 10:17:00 GMT 2011
LAST_UPDATED: Fri Feb 11 17:29:49 UTC 2011 (revision 170052)
=== acats tests ===
=== acats Summary ===
# of expected passes 2321
# of unexpected failures 0
Native configuration is sparc-sun-solaris2.10
=== g++ tests ===
Running target unix
FAIL: g++.dg/template/inherit6.C (test for excess errors)
FAIL: g++.dg/lto/20091219 cp_lto_20091219_0.o-cp_lto_20091219_0.o link, -O3 -flto
UNRESOLVED: g++.dg/lto/20091219 cp_lto_20091219_0.o-cp_lto_20091219_0.o execute -O3 -flto
=== g++ Summary for unix ===
# of expected passes 26027
# of unexpected failures 2
# of expected failures 161
# of unresolved testcases 1
# of unsupported tests 428
Running target unix/-m64
FAIL: g++.dg/template/inherit6.C (test for excess errors)
FAIL: g++.dg/lto/20091219 cp_lto_20091219_0.o-cp_lto_20091219_0.o link, -O3 -flto
UNRESOLVED: g++.dg/lto/20091219 cp_lto_20091219_0.o-cp_lto_20091219_0.o execute -O3 -flto
=== g++ Summary for unix/-m64 ===
# of expected passes 26639
# of unexpected failures 2
# of expected failures 161
# of unresolved testcases 1
# of unsupported tests 425
=== g++ Summary ===
# of expected passes 52666
# of unexpected failures 4
# of expected failures 322
# of unresolved testcases 2
# of unsupported tests 853
/var/gcc/regression/trunk/10-gcc/build/gcc/testsuite/g++/../../g++ version 4.6.0 20110211 (experimental) [trunk revision 170052] (GCC)
=== gcc tests ===
Running target unix
FAIL: gcc.dg/lto/20110201-1 c_lto_20110201-1_0.o-c_lto_20110201-1_0.o link, -O0 -flto
UNRESOLVED: gcc.dg/lto/20110201-1 c_lto_20110201-1_0.o-c_lto_20110201-1_0.o execute -O0 -flto
XPASS: gcc.dg/vect/slp-multitypes-2.c execution test
=== gcc Summary for unix ===
# of expected passes 69251
# of unexpected failures 1
# of unexpected successes 1
# of expected failures 236
# of unresolved testcases 1
# of unsupported tests 1162
Running target unix/-m64
=== gcc Summary for unix/-m64 ===
# of expected passes 69833
# of expected failures 228
# of unsupported tests 1172
=== gcc Summary ===
# of expected passes 139084
# of unexpected failures 1
# of unexpected successes 1
# of expected failures 464
# of unresolved testcases 1
# of unsupported tests 2334
/var/gcc/regression/trunk/10-gcc/build/gcc/xgcc version 4.6.0 20110211 (experimental) [trunk revision 170052] (GCC)
=== gfortran tests ===
Running target unix
=== gfortran Summary for unix ===
# of expected passes 37748
# of expected failures 43
# of unsupported tests 226
Running target unix/-m64
=== gfortran Summary for unix/-m64 ===
# of expected passes 38027
# of expected failures 43
# of unsupported tests 89
=== gfortran Summary ===
# of expected passes 75775
# of expected failures 86
# of unsupported tests 315
/var/gcc/regression/trunk/10-gcc/build/gcc/testsuite/gfortran/../../gfortran version 4.6.0 20110211 (experimental) [trunk revision 170052] (GCC)
=== gnat tests ===
Running target unix
=== gnat Summary for unix ===
# of expected passes 863
# of expected failures 10
# of unsupported tests 4
Running target unix/-m64
=== gnat Summary for unix/-m64 ===
# of expected passes 863
# of expected failures 10
# of unsupported tests 4
=== gnat Summary ===
# of expected passes 1726
# of expected failures 20
# of unsupported tests 8
/var/gcc/regression/trunk/10-gcc/build/gcc/gnatmake version 4.6.0 20110211 (experimental) [trunk revision 170052]
=== objc tests ===
Running target unix
=== objc Summary for unix ===
# of expected passes 2899
# of expected failures 10
# of unsupported tests 74
Running target unix/-m64
=== objc Summary for unix/-m64 ===
# of expected passes 2899
# of expected failures 10
# of unsupported tests 74
=== objc Summary ===
# of expected passes 5798
# of expected failures 20
# of unsupported tests 148
/var/gcc/regression/trunk/10-gcc/build/gcc/xgcc version 4.6.0 20110211 (experimental) [trunk revision 170052] (GCC)
=== boehm-gc tests ===
Running target unix
=== boehm-gc Summary for unix ===
# of expected passes 12
# of unsupported tests 1
Running target unix/-m64
=== boehm-gc Summary for unix/-m64 ===
# of expected passes 12
# of unsupported tests 1
=== boehm-gc Summary ===
# of expected passes 24
# of unsupported tests 2
=== libffi tests ===
Running target unix
=== libffi Summary for unix ===
# of expected passes 1634
# of expected failures 10
# of unsupported tests 15
Running target unix/-m64
=== libffi Summary for unix/-m64 ===
# of expected passes 1634
# of expected failures 10
# of unsupported tests 15
=== libffi Summary ===
# of expected passes 3268
# of expected failures 20
# of unsupported tests 30
=== libgomp tests ===
Running target unix
=== libgomp Summary for unix ===
# of expected passes 2508
# of unsupported tests 9
Running target unix/-m64
=== libgomp Summary for unix/-m64 ===
# of expected passes 2508
# of unsupported tests 9
=== libgomp Summary ===
# of expected passes 5016
# of unsupported tests 18
=== libjava tests ===
Running target unix
=== libjava Summary for unix ===
# of expected passes 2574
Running target unix/-m64
=== libjava Summary for unix/-m64 ===
# of expected passes 2574
=== libjava Summary ===
# of expected passes 5148
=== libstdc++ tests ===
Running target unix
=== libstdc++ Summary for unix ===
# of expected passes 7344
# of expected failures 84
# of unsupported tests 459
Running target unix/-m64
XPASS: 22_locale/num_put/put/char/14220.cc execution test
=== libstdc++ Summary for unix/-m64 ===
# of expected passes 7343
# of unexpected successes 1
# of expected failures 84
# of unsupported tests 459
=== libstdc++ Summary ===
# of expected passes 14687
# of unexpected successes 1
# of expected failures 168
# of unsupported tests 918
Compiler version: 4.6.0 20110211 (experimental) [trunk revision 170052] (GCC)
Platform: sparc-sun-solaris2.10
configure flags: --prefix=/vol/gcc --target=sparc-sun-solaris2.10 --enable-checking=release --with-gmp=/vol/gcc --with-mpfr=/vol/gcc --with-mpc=/vol/gcc --enable-languages=all,ada
BOOT_CFLAGS=-g -O2
More information about the Gcc-testresults
mailing list