Results for 4.5.3 20110211 (prerelease) [gcc-4_5-branch revision 170053] (GCC) testsuite on sparc-sun-solaris2.11
Rainer Orth
ro@CeBiTec.Uni-Bielefeld.DE
Mon Feb 14 10:14:00 GMT 2011
LAST_UPDATED: Fri Feb 11 17:31:25 UTC 2011 (revision 170053)
=== acats tests ===
=== acats Summary ===
# of expected passes 2321
# of unexpected failures 0
Native configuration is sparc-sun-solaris2.11
=== g++ tests ===
Running target unix
=== g++ Summary for unix ===
# of expected passes 22349
# of expected failures 152
# of unsupported tests 229
Running target unix/-m64
=== g++ Summary for unix/-m64 ===
# of expected passes 22310
# of expected failures 152
# of unsupported tests 230
=== g++ Summary ===
# of expected passes 44659
# of expected failures 304
# of unsupported tests 459
/var/gcc/regression/gcc-4.5-branch/11-gcc/build/gcc/testsuite/g++/../../g++ version 4.5.3 20110211 (prerelease) [gcc-4_5-branch revision 170053] (GCC)
=== gcc tests ===
Running target unix
FAIL: gcc.c-torture/execute/pr38819.c execution, -O2
FAIL: gcc.c-torture/execute/pr38819.c execution, -O3 -fomit-frame-pointer
FAIL: gcc.c-torture/execute/pr38819.c execution, -O3 -fomit-frame-pointer -funroll-loops
FAIL: gcc.c-torture/execute/pr38819.c execution, -O3 -fomit-frame-pointer -funroll-all-loops -finline-functions
FAIL: gcc.c-torture/execute/pr38819.c execution, -O3 -g
FAIL: gcc.c-torture/execute/pr38819.c execution, -O2 -flto
FAIL: gcc.c-torture/execute/pr38819.c execution, -O2 -fwhopr
=== gcc Summary for unix ===
# of expected passes 64902
# of unexpected failures 7
# of expected failures 195
# of unsupported tests 908
Running target unix/-m64
=== gcc Summary for unix/-m64 ===
# of expected passes 64899
# of expected failures 190
# of unsupported tests 915
=== gcc Summary ===
# of expected passes 129801
# of unexpected failures 7
# of expected failures 385
# of unsupported tests 1823
/var/gcc/regression/gcc-4.5-branch/11-gcc/build/gcc/xgcc version 4.5.3 20110211 (prerelease) [gcc-4_5-branch revision 170053] (GCC)
=== gfortran tests ===
Running target unix
=== gfortran Summary for unix ===
# of expected passes 34258
# of expected failures 23
# of unsupported tests 172
Running target unix/-m64
=== gfortran Summary for unix/-m64 ===
# of expected passes 34441
# of expected failures 23
# of unsupported tests 83
=== gfortran Summary ===
# of expected passes 68699
# of expected failures 46
# of unsupported tests 255
/var/gcc/regression/gcc-4.5-branch/11-gcc/build/gcc/testsuite/gfortran/../../gfortran version 4.5.3 20110211 (prerelease) [gcc-4_5-branch revision 170053] (GCC)
=== gnat tests ===
Running target unix
=== gnat Summary for unix ===
# of expected passes 765
# of expected failures 7
# of unsupported tests 2
Running target unix/-m64
=== gnat Summary for unix/-m64 ===
# of expected passes 765
# of expected failures 7
# of unsupported tests 2
=== gnat Summary ===
# of expected passes 1530
# of expected failures 14
# of unsupported tests 4
=== objc tests ===
Running target unix
=== objc Summary for unix ===
# of expected passes 1874
# of expected failures 15
# of unsupported tests 20
Running target unix/-m64
=== objc Summary for unix/-m64 ===
# of expected passes 1874
# of expected failures 15
# of unsupported tests 20
=== objc Summary ===
# of expected passes 3748
# of expected failures 30
# of unsupported tests 40
/var/gcc/regression/gcc-4.5-branch/11-gcc/build/gcc/xgcc version 4.5.3 20110211 (prerelease) [gcc-4_5-branch revision 170053] (GCC)
=== libffi tests ===
Running target unix
=== libffi Summary for unix ===
# of expected passes 1634
# of expected failures 10
# of unsupported tests 15
Running target unix/-m64
=== libffi Summary for unix/-m64 ===
# of expected passes 1634
# of expected failures 10
# of unsupported tests 15
=== libffi Summary ===
# of expected passes 3268
# of expected failures 20
# of unsupported tests 30
=== libgomp tests ===
Running target unix
=== libgomp Summary for unix ===
# of expected passes 2508
# of unsupported tests 9
Running target unix/-m64
=== libgomp Summary for unix/-m64 ===
# of expected passes 2508
# of unsupported tests 9
=== libgomp Summary ===
# of expected passes 5016
# of unsupported tests 18
=== libjava tests ===
Running target unix
=== libjava Summary for unix ===
# of expected passes 2574
Running target unix/-m64
=== libjava Summary for unix/-m64 ===
# of expected passes 2574
=== libjava Summary ===
# of expected passes 5148
=== libstdc++ tests ===
Running target unix
=== libstdc++ Summary for unix ===
# of expected passes 6698
# of expected failures 92
# of unsupported tests 436
Running target unix/-m64
=== libstdc++ Summary for unix/-m64 ===
# of expected passes 6698
# of expected failures 92
# of unsupported tests 436
=== libstdc++ Summary ===
# of expected passes 13396
# of expected failures 184
# of unsupported tests 872
=== libstdc++ Summary ===
Compiler version: 4.5.3 20110211 (prerelease) [gcc-4_5-branch revision 170053] (GCC)
Platform: sparc-sun-solaris2.11
configure flags: --prefix=/vol/gcc --target=sparc-sun-solaris2.11 --enable-checking=release --with-gmp=/vol/gcc --with-mpfr=/vol/gcc --with-mpc=/vol/gcc --enable-languages=all,ada
BOOT_CFLAGS=-g -O2
More information about the Gcc-testresults
mailing list