Results for 4.6.0 20110206 (experimental) [trunk revision 169862] (GCC) testsuite on hppa64-hp-hpux11.00
John David Anglin
dave@hiauly2.hia.nrc.ca
Fri Feb 11 02:28:00 GMT 2011
Native configuration is hppa64-hp-hpux11.00
=== g++ tests ===
Running target unix
WARNING: program timed out.
=== g++ Summary ===
# of expected passes 24559
# of expected failures 162
# of unsupported tests 589
/home/gnu/gcc/objdir/gcc/testsuite/g++/../../g++ version 4.6.0 20110206 (experimental) [trunk revision 169862] (GCC)
=== gcc tests ===
Running target unix
WARNING: program timed out.
FAIL: gcc.c-torture/compile/limits-fndefn.c -O2 (test for excess errors)
WARNING: program timed out.
FAIL: gcc.c-torture/compile/limits-fndefn.c -O3 -fomit-frame-pointer (test for excess errors)
WARNING: program timed out.
FAIL: gcc.c-torture/compile/limits-fndefn.c -O3 -g (test for excess errors)
WARNING: program timed out.
FAIL: gcc.c-torture/compile/limits-fndefn.c -Os (test for excess errors)
WARNING: program timed out.
FAIL: gcc.c-torture/compile/limits-fndefn.c -O2 -flto -flto-partition=none (test for excess errors)
WARNING: program timed out.
FAIL: gcc.c-torture/compile/limits-fndefn.c -O2 -flto (test for excess errors)
WARNING: program timed out.
FAIL: gcc.c-torture/compile/limits-structnest.c -O2 (test for excess errors)
WARNING: program timed out.
FAIL: gcc.c-torture/compile/limits-structnest.c -O3 -fomit-frame-pointer (test for excess errors)
WARNING: program timed out.
FAIL: gcc.c-torture/compile/limits-structnest.c -O3 -g (test for excess errors)
WARNING: program timed out.
FAIL: gcc.c-torture/compile/limits-structnest.c -Os (test for excess errors)
WARNING: program timed out.
FAIL: gcc.c-torture/compile/limits-structnest.c -O2 -flto -flto-partition=none (test for excess errors)
WARNING: program timed out.
FAIL: gcc.c-torture/compile/limits-structnest.c -O2 -flto (test for excess errors)
WARNING: program timed out.
FAIL: gcc.dg/c99-intconst-1.c (test for excess errors)
FAIL: gcc.dg/pr42631.c scan-rtl-dump-not web "Web oldreg"
WARNING: program timed out.
FAIL: gcc.dg/lto/20090116 c_lto_20090116_0.o-c_lto_20090116_0.o link, -O1 -flto -flto-partition=1to1 -fPIC (internal compiler error)
UNRESOLVED: gcc.dg/lto/20090116 c_lto_20090116_0.o-c_lto_20090116_0.o execute -O1 -flto -flto-partition=1to1 -fPIC
=== gcc Summary ===
# of expected passes 66173
# of unexpected failures 15
# of expected failures 134
# of unresolved testcases 1
# of unsupported tests 1247
/home/gnu/gcc/objdir/gcc/xgcc version 4.6.0 20110206 (experimental) [trunk revision 169862] (GCC)
=== gfortran tests ===
Running target unix
=== gfortran Summary ===
# of expected passes 36849
# of expected failures 41
# of unsupported tests 331
/home/gnu/gcc/objdir/gcc/testsuite/gfortran/../../gfortran version 4.6.0 20110206 (experimental) [trunk revision 169862] (GCC)
=== obj-c++ tests ===
Running target unix
WARNING: obj-c++.dg/try-catch-2.mm -fgnu-runtime compilation failed to produce executable
WARNING: obj-c++.dg/try-catch-9.mm -fgnu-runtime compilation failed to produce executable
=== obj-c++ Summary ===
# of expected passes 1373
# of expected failures 10
# of unsupported tests 86
/home/gnu/gcc/objdir/gcc/testsuite/obj-c++/../../g++ version 4.6.0 20110206 (experimental) [trunk revision 169862] (GCC)
=== objc tests ===
Running target unix
=== objc Summary ===
# of expected passes 2897
# of expected failures 10
# of unsupported tests 75
/home/gnu/gcc/objdir/gcc/xgcc version 4.6.0 20110206 (experimental) [trunk revision 169862] (GCC)
=== libgomp tests ===
Running target unix
=== libgomp Summary ===
# of expected passes 2508
# of unsupported tests 9
=== libstdc++ tests ===
Running target unix
FAIL: abi/header_cxxabi.c (test for excess errors)
WARNING: program timed out.
FAIL: ext/pb_ds/regression/hash_data_map_rand.cc (test for excess errors)
WARNING: ext/pb_ds/regression/hash_data_map_rand.cc compilation failed to produce executable
WARNING: program timed out.
FAIL: ext/pb_ds/regression/tree_data_map_rand.cc (test for excess errors)
WARNING: ext/pb_ds/regression/tree_data_map_rand.cc compilation failed to produce executable
WARNING: program timed out.
FAIL: ext/pb_ds/regression/tree_no_data_map_rand.cc (test for excess errors)
WARNING: ext/pb_ds/regression/tree_no_data_map_rand.cc compilation failed to produce executable
=== libstdc++ Summary ===
# of expected passes 5871
# of unexpected failures 4
# of expected failures 82
# of unsupported tests 576
Compiler version: 4.6.0 20110206 (experimental) [trunk revision 169862] (GCC)
Platform: hppa64-hp-hpux11.00
configure flags:Test Run By dave on Wed Feb 9 02:21:37 2011
More information about the Gcc-testresults
mailing list