Results for 4.6.0 20110208 (experimental) (GCC) testsuite on ia64-hp-hpux11.23
Steve Ellcey
sje@cup.hp.com
Tue Feb 8 15:07:00 GMT 2011
Native configuration is ia64-hp-hpux11.23
=== g++ tests ===
Running target unix/-milp32
FAIL: g++.dg/debug/pr47283.C -gdwarf-2 -O2 (internal compiler error)
FAIL: g++.dg/debug/pr47283.C -gdwarf-2 -O2 (test for excess errors)
FAIL: g++.dg/debug/pr47283.C -gdwarf-2 -g3 -O2 (internal compiler error)
FAIL: g++.dg/debug/pr47283.C -gdwarf-2 -g3 -O2 (test for excess errors)
FAIL: g++.dg/cpp0x/nullptr21.C execution test
FAIL: g++.dg/inherit/covariant7.C scan-tree-dump class "24 .*c6::_ZTcv0_n16_v0_n12_NV2c62f2Ev"
FAIL: g++.dg/inherit/covariant7.C scan-tree-dump class "28 .*c6::f2"
FAIL: g++.dg/inherit/covariant7.C scan-tree-dump class "84 .*c6::_ZTv0_n16_NV2c62f2Ev"
FAIL: g++.dg/lto/20091022-2 cp_lto_20091022-2_0.o-cp_lto_20091022-2_0.o link, -O3 -flto -Winline
UNRESOLVED: g++.dg/lto/20091022-2 cp_lto_20091022-2_0.o-cp_lto_20091022-2_0.o execute -O3 -flto -Winline
FAIL: g++.dg/torture/pr33572.C -O2 -flto (test for excess errors)
WARNING: g++.dg/torture/pr33572.C -O2 -flto compilation failed to produce executable
FAIL: g++.dg/torture/pr39417.C -O2 -flto (test for excess errors)
WARNING: g++.dg/torture/pr39417.C -O2 -flto compilation failed to produce executable
=== g++ Summary for unix/-milp32 ===
# of expected passes 25633
# of unexpected failures 11
# of expected failures 166
# of unresolved testcases 1
# of unsupported tests 421
Running target unix/-mlp64
FAIL: g++.dg/inherit/covariant7.C scan-tree-dump class "48 .*c6::_ZTcv0_n32_v0_n24_NV2c62f2Ev"
FAIL: g++.dg/inherit/covariant7.C scan-tree-dump class "56 .*c6::f2"
FAIL: g++.dg/inherit/covariant7.C scan-tree-dump class "168 .*c6::_ZTv0_n32_NV2c62f2Ev"
FAIL: g++.dg/lto/20091022-2 cp_lto_20091022-2_0.o-cp_lto_20091022-2_0.o link, -O3 -flto -Winline
UNRESOLVED: g++.dg/lto/20091022-2 cp_lto_20091022-2_0.o-cp_lto_20091022-2_0.o execute -O3 -flto -Winline
FAIL: g++.dg/torture/pr33572.C -O2 -flto (test for excess errors)
WARNING: g++.dg/torture/pr33572.C -O2 -flto compilation failed to produce executable
FAIL: g++.dg/torture/pr39417.C -O2 -flto (test for excess errors)
WARNING: g++.dg/torture/pr39417.C -O2 -flto compilation failed to produce executable
=== g++ Summary for unix/-mlp64 ===
# of expected passes 25598
# of unexpected failures 6
# of expected failures 166
# of unresolved testcases 1
# of unsupported tests 422
=== g++ Summary ===
# of expected passes 51231
# of unexpected failures 17
# of expected failures 332
# of unresolved testcases 2
# of unsupported tests 843
/proj/opensrc_nobackup/nightly2/build-ia64-hp-hpux11.23-trunk/obj_gcc/gcc/testsuite/g++/../../g++ version 4.6.0 20110208 (experimental) (GCC)
=== gcc tests ===
Running target unix/-milp32
FAIL: gcc.c-torture/compile/limits-structnest.c -O2 (test for excess errors)
FAIL: gcc.c-torture/compile/limits-structnest.c -O3 -fomit-frame-pointer (test for excess errors)
FAIL: gcc.c-torture/compile/limits-structnest.c -O3 -g (test for excess errors)
FAIL: gcc.c-torture/compile/limits-structnest.c -Os (test for excess errors)
FAIL: gcc.c-torture/compile/limits-structnest.c -O2 -flto -flto-partition=none (test for excess errors)
FAIL: gcc.c-torture/compile/limits-structnest.c -O2 -flto (test for excess errors)
FAIL: gcc.c-torture/execute/20040709-2.c execution, -O1
FAIL: gcc.dg/pr42631.c scan-rtl-dump-not web "Web oldreg"
FAIL: gcc.dg/lto/20101009-1 c_lto_20101009-1_0.o-c_lto_20101009-1_0.o link, -O2 -flto -flto-partition=none (internal compiler error)
UNRESOLVED: gcc.dg/lto/20101009-1 c_lto_20101009-1_0.o-c_lto_20101009-1_0.o execute -O2 -flto -flto-partition=none
FAIL: gcc.dg/lto/20101009-1 c_lto_20101009-1_0.o-c_lto_20101009-1_0.o link, -O2 -flto -flto-partition=1to1 (internal compiler error)
UNRESOLVED: gcc.dg/lto/20101009-1 c_lto_20101009-1_0.o-c_lto_20101009-1_0.o execute -O2 -flto -flto-partition=1to1
FAIL: gcc.dg/lto/20101009-1 c_lto_20101009-1_0.o-c_lto_20101009-1_0.o link, -O2 -flto (internal compiler error)
UNRESOLVED: gcc.dg/lto/20101009-1 c_lto_20101009-1_0.o-c_lto_20101009-1_0.o execute -O2 -flto
FAIL: gcc.dg/torture/vector-2.c -O2 execution test
XPASS: gcc.dg/tree-ssa/20040204-1.c scan-tree-dump-times optimized "link_error" 0
XPASS: gcc.dg/vect/pr33804.c scan-tree-dump-times vect "vectorized 1 loops" 1
XPASS: gcc.dg/vect/pr33804.c scan-tree-dump-times vect "vectorizing stmts using SLP" 1
XPASS: gcc.dg/vect/pr33953.c scan-tree-dump-times vect "vectorized 1 loops" 1
XPASS: gcc.dg/vect/pr33953.c scan-tree-dump-times vect "vectorizing stmts using SLP" 1
XPASS: gcc.dg/vect/vect-35.c scan-tree-dump-times vect "vectorized 2 loops" 1
XPASS: gcc.dg/vect/slp-24.c scan-tree-dump-times vect "vectorized 1 loops" 1
XPASS: gcc.dg/vect/slp-24.c scan-tree-dump-times vect "vectorizing stmts using SLP" 2
XPASS: gcc.dg/vect/no-scevccp-outer-21.c scan-tree-dump-times vect "OUTER LOOP VECTORIZED." 1
=== gcc Summary for unix/-milp32 ===
# of expected passes 68957
# of unexpected failures 12
# of unexpected successes 9
# of expected failures 250
# of unresolved testcases 3
# of unsupported tests 1009
Running target unix/-mlp64
FAIL: gcc.c-torture/compile/limits-structnest.c -O2 (test for excess errors)
FAIL: gcc.c-torture/compile/limits-structnest.c -O3 -fomit-frame-pointer (test for excess errors)
FAIL: gcc.c-torture/compile/limits-structnest.c -O3 -g (test for excess errors)
FAIL: gcc.c-torture/compile/limits-structnest.c -Os (test for excess errors)
FAIL: gcc.c-torture/compile/limits-structnest.c -O2 -flto -flto-partition=none (test for excess errors)
FAIL: gcc.c-torture/compile/limits-structnest.c -O2 -flto (test for excess errors)
FAIL: gcc.c-torture/execute/20040709-2.c execution, -O1
FAIL: gcc.dg/pr42631.c scan-rtl-dump-not web "Web oldreg"
FAIL: gcc.dg/lto/20101009-1 c_lto_20101009-1_0.o-c_lto_20101009-1_0.o link, -O2 -flto -flto-partition=none (internal compiler error)
UNRESOLVED: gcc.dg/lto/20101009-1 c_lto_20101009-1_0.o-c_lto_20101009-1_0.o execute -O2 -flto -flto-partition=none
FAIL: gcc.dg/lto/20101009-1 c_lto_20101009-1_0.o-c_lto_20101009-1_0.o link, -O2 -flto -flto-partition=1to1 (internal compiler error)
UNRESOLVED: gcc.dg/lto/20101009-1 c_lto_20101009-1_0.o-c_lto_20101009-1_0.o execute -O2 -flto -flto-partition=1to1
FAIL: gcc.dg/lto/20101009-1 c_lto_20101009-1_0.o-c_lto_20101009-1_0.o link, -O2 -flto (internal compiler error)
UNRESOLVED: gcc.dg/lto/20101009-1 c_lto_20101009-1_0.o-c_lto_20101009-1_0.o execute -O2 -flto
FAIL: gcc.dg/torture/vector-2.c -O2 execution test
XPASS: gcc.dg/tree-ssa/20040204-1.c scan-tree-dump-times optimized "link_error" 0
XPASS: gcc.dg/vect/pr33953.c scan-tree-dump-times vect "vectorized 1 loops" 1
XPASS: gcc.dg/vect/pr33953.c scan-tree-dump-times vect "vectorizing stmts using SLP" 1
XPASS: gcc.dg/vect/vect-35.c scan-tree-dump-times vect "vectorized 2 loops" 1
XPASS: gcc.dg/vect/no-scevccp-outer-21.c scan-tree-dump-times vect "OUTER LOOP VECTORIZED." 1
=== gcc Summary for unix/-mlp64 ===
# of expected passes 68979
# of unexpected failures 12
# of unexpected successes 5
# of expected failures 251
# of unresolved testcases 3
# of unsupported tests 998
=== gcc Summary ===
# of expected passes 137936
# of unexpected failures 24
# of unexpected successes 14
# of expected failures 501
# of unresolved testcases 6
# of unsupported tests 2007
/proj/opensrc_nobackup/nightly2/build-ia64-hp-hpux11.23-trunk/obj_gcc/gcc/xgcc version 4.6.0 20110208 (experimental) (GCC)
=== gfortran tests ===
Running target unix/-milp32
XPASS: gfortran.dg/pr25923.f90 -O PR45505 (test for warnings, line 13)
XPASS: gfortran.dg/pr25923.f90 -O PR45505 (test for bogus messages, line 22)
FAIL: gfortran.dg/guality/arg1.f90 -O3 -fomit-frame-pointer line 14 a(10) == 10
FAIL: gfortran.dg/guality/arg1.f90 -O3 -g line 14 a(10) == 10
FAIL: gfortran.dg/guality/pr41558.f90 -O1 line 7 s == 'foo'
FAIL: gfortran.dg/guality/pr41558.f90 -O2 line 7 s == 'foo'
FAIL: gfortran.dg/guality/pr41558.f90 -O3 -fomit-frame-pointer line 7 s == 'foo'
FAIL: gfortran.dg/guality/pr41558.f90 -O3 -fomit-frame-pointer -funroll-loops line 7 s == 'foo'
FAIL: gfortran.dg/guality/pr41558.f90 -O3 -fomit-frame-pointer -funroll-all-loops -finline-functions line 7 s == 'foo'
FAIL: gfortran.dg/guality/pr41558.f90 -O3 -g line 7 s == 'foo'
FAIL: gfortran.dg/guality/pr41558.f90 -Os line 7 s == 'foo'
=== gfortran Summary for unix/-milp32 ===
# of expected passes 37951
# of unexpected failures 9
# of unexpected successes 2
# of expected failures 49
# of unsupported tests 67
Running target unix/-mlp64
=== gfortran Summary for unix/-mlp64 ===
# of expected passes 37953
# of expected failures 49
# of unsupported tests 76
=== gfortran Summary ===
# of expected passes 75904
# of unexpected failures 9
# of unexpected successes 2
# of expected failures 98
# of unsupported tests 143
/proj/opensrc_nobackup/nightly2/build-ia64-hp-hpux11.23-trunk/obj_gcc/gcc/testsuite/gfortran/../../gfortran version 4.6.0 20110208 (experimental) (GCC)
=== libgomp tests ===
Running target unix/-mlp64
=== libgomp Summary for unix/-mlp64 ===
# of expected passes 2522
# of unsupported tests 2
Running target unix/-milp32
=== libgomp Summary for unix/-milp32 ===
# of expected passes 2522
# of unsupported tests 2
=== libgomp Summary ===
# of expected passes 5044
# of unsupported tests 4
=== libstdc++ tests ===
Running target unix/-milp32
XPASS: 22_locale/collate/hash/char/1.cc (test for excess errors)
XPASS: 22_locale/collate/requirements/base_classes.cc (test for excess errors)
XPASS: 22_locale/collate/transform/wchar_t/28277.cc (test for excess errors)
XPASS: 22_locale/collate_byname/requirements/base_classes.cc (test for excess errors)
FAIL: 27_io/objects/wchar_t/7.cc execution test
FAIL: 27_io/objects/wchar_t/9661-1.cc execution test
FAIL: ext/codecvt/wchar_t.cc execution test
WARNING: program timed out.
WARNING: program timed out.
=== libstdc++ Summary for unix/-milp32 ===
# of expected passes 6789
# of unexpected failures 3
# of unexpected successes 4
# of expected failures 82
# of unsupported tests 755
Running target unix/-mlp64
XPASS: 22_locale/collate/hash/char/1.cc (test for excess errors)
XPASS: 22_locale/collate/requirements/base_classes.cc (test for excess errors)
XPASS: 22_locale/collate/transform/wchar_t/28277.cc (test for excess errors)
XPASS: 22_locale/collate_byname/requirements/base_classes.cc (test for excess errors)
FAIL: 27_io/objects/wchar_t/7.cc execution test
FAIL: 27_io/objects/wchar_t/9661-1.cc execution test
FAIL: ext/codecvt/wchar_t.cc execution test
WARNING: program timed out.
WARNING: program timed out.
=== libstdc++ Summary for unix/-mlp64 ===
# of expected passes 6789
# of unexpected failures 3
# of unexpected successes 4
# of expected failures 82
# of unsupported tests 755
=== libstdc++ Summary ===
# of expected passes 13578
# of unexpected failures 6
# of unexpected successes 8
# of expected failures 164
# of unsupported tests 1510
=== libstdc++ Summary ===
Compiler version: 4.6.0 20110208 (experimental) (GCC)
Platform: ia64-hp-hpux11.23
configure flags: --host=ia64-hp-hpux11.23 --build=ia64-hp-hpux11.23 --prefix=/proj/opensrc_nobackup/nightly2/gcc-ia64-hp-hpux11.23-trunk --with-local-prefix=/proj/opensrc_nobackup/nightly2/gcc-ia64-hp-hpux11.23-trunk --disable-nls --with-gmp=/proj/opensrc/be/ia64-hp-hpux11.23 --with-mpfr=/proj/opensrc/be/ia64-hp-hpux11.23 --with-mpc=/proj/opensrc/be/ia64-hp-hpux11.23 --with-libelf=/proj/opensrc/be/ia64-hp-hpux11.23 --disable-libmudflap --enable-libunwind-exceptions SED=/usr/bin/sed --enable-languages=c,c++,fortran
More information about the Gcc-testresults
mailing list