Results for 4.4.6 20110204 (prerelease) [gcc-4_4-branch revision 169817] (GCC) testsuite on sparc-sun-solaris2.10
Rainer Orth
ro@CeBiTec.Uni-Bielefeld.DE
Mon Feb 7 11:32:00 GMT 2011
LAST_UPDATED: Fri Feb 4 18:26:38 UTC 2011 (revision 169817)
=== acats tests ===
=== acats Summary ===
# of expected passes 2315
# of unexpected failures 0
Native configuration is sparc-sun-solaris2.10
=== g++ tests ===
Running target unix
=== g++ Summary for unix ===
# of expected passes 19598
# of expected failures 158
# of unsupported tests 196
Running target unix/-m64
=== g++ Summary for unix/-m64 ===
# of expected passes 19565
# of expected failures 158
# of unsupported tests 197
=== g++ Summary ===
# of expected passes 39163
# of expected failures 316
# of unsupported tests 393
/var/gcc/regression/gcc-4.4-branch/10-gcc/build/gcc/testsuite/g++/../../g++ version 4.4.6 20110204 (prerelease) [gcc-4_4-branch revision 169817] (GCC)
=== gcc tests ===
Running target unix
FAIL: gcc.c-torture/compile/pr38789.c -O0 (test for excess errors)
FAIL: gcc.c-torture/compile/pr38789.c -O1 (test for excess errors)
FAIL: gcc.c-torture/compile/pr38789.c -O2 (test for excess errors)
FAIL: gcc.c-torture/compile/pr38789.c -O3 -fomit-frame-pointer (test for excess errors)
FAIL: gcc.c-torture/compile/pr38789.c -O3 -g (test for excess errors)
FAIL: gcc.c-torture/compile/pr38789.c -Os (test for excess errors)
FAIL: gcc.c-torture/execute/pr38819.c execution, -O2
FAIL: gcc.c-torture/execute/pr38819.c execution, -O3 -fomit-frame-pointer
FAIL: gcc.c-torture/execute/pr38819.c execution, -O3 -fomit-frame-pointer -funroll-loops
FAIL: gcc.c-torture/execute/pr38819.c execution, -O3 -fomit-frame-pointer -funroll-all-loops -finline-functions
FAIL: gcc.c-torture/execute/pr38819.c execution, -O3 -g
FAIL: gcc.dg/vect/vect-35.c scan-tree-dump-times vect "vectorized 1 loops" 1
=== gcc Summary for unix ===
# of expected passes 51835
# of unexpected failures 12
# of expected failures 224
# of unsupported tests 694
Running target unix/-m64
FAIL: gcc.c-torture/compile/pr38789.c -O0 (test for excess errors)
FAIL: gcc.c-torture/compile/pr38789.c -O1 (test for excess errors)
FAIL: gcc.c-torture/compile/pr38789.c -O2 (test for excess errors)
FAIL: gcc.c-torture/compile/pr38789.c -O3 -fomit-frame-pointer (test for excess errors)
FAIL: gcc.c-torture/compile/pr38789.c -O3 -g (test for excess errors)
FAIL: gcc.c-torture/compile/pr38789.c -Os (test for excess errors)
=== gcc Summary for unix/-m64 ===
# of expected passes 51831
# of unexpected failures 6
# of expected failures 219
# of unsupported tests 702
=== gcc Summary ===
# of expected passes 103666
# of unexpected failures 18
# of expected failures 443
# of unsupported tests 1396
/var/gcc/regression/gcc-4.4-branch/10-gcc/build/gcc/xgcc version 4.4.6 20110204 (prerelease) [gcc-4_4-branch revision 169817] (GCC)
=== gfortran tests ===
Running target unix
=== gfortran Summary for unix ===
# of expected passes 30254
# of expected failures 11
# of unsupported tests 146
Running target unix/-m64
=== gfortran Summary for unix/-m64 ===
# of expected passes 30419
# of expected failures 11
# of unsupported tests 65
=== gfortran Summary ===
# of expected passes 60673
# of expected failures 22
# of unsupported tests 211
/var/gcc/regression/gcc-4.4-branch/10-gcc/build/gcc/testsuite/gfortran/../../gfortran version 4.4.6 20110204 (prerelease) [gcc-4_4-branch revision 169817] (GCC)
=== gnat tests ===
Running target unix
=== gnat Summary for unix ===
# of expected passes 618
# of expected failures 6
# of unsupported tests 1
Running target unix/-m64
=== gnat Summary for unix/-m64 ===
# of expected passes 618
# of expected failures 6
# of unsupported tests 1
=== gnat Summary ===
# of expected passes 1236
# of expected failures 12
# of unsupported tests 2
=== objc tests ===
Running target unix
=== objc Summary for unix ===
# of expected passes 1866
# of expected failures 15
# of unsupported tests 24
Running target unix/-m64
=== objc Summary for unix/-m64 ===
# of expected passes 1866
# of expected failures 15
# of unsupported tests 24
=== objc Summary ===
# of expected passes 3732
# of expected failures 30
# of unsupported tests 48
/var/gcc/regression/gcc-4.4-branch/10-gcc/build/gcc/xgcc version 4.4.6 20110204 (prerelease) [gcc-4_4-branch revision 169817] (GCC)
=== libffi tests ===
Running target unix
=== libffi Summary for unix ===
# of expected passes 1399
# of unsupported tests 10
Running target unix/-m64
=== libffi Summary for unix/-m64 ===
# of expected passes 1399
# of unsupported tests 10
=== libffi Summary ===
# of expected passes 2798
# of unsupported tests 20
=== libgomp tests ===
Running target unix
=== libgomp Summary for unix ===
# of expected passes 2490
# of unsupported tests 9
Running target unix/-m64
=== libgomp Summary for unix/-m64 ===
# of expected passes 2490
# of unsupported tests 9
=== libgomp Summary ===
# of expected passes 4980
# of unsupported tests 18
=== libjava tests ===
Running target unix
FAIL: events output
=== libjava Summary for unix ===
# of expected passes 2573
# of unexpected failures 1
Running target unix/-m64
=== libjava Summary for unix/-m64 ===
# of expected passes 2574
=== libjava Summary ===
# of expected passes 5147
# of unexpected failures 1
=== libstdc++ tests ===
Running target unix
FAIL: 30_threads/call_once/39909.cc execution test
FAIL: 30_threads/call_once/call_once1.cc execution test
=== libstdc++ Summary for unix ===
# of expected passes 5774
# of unexpected failures 2
# of expected failures 80
# of unsupported tests 387
Running target unix/-m64
XPASS: 22_locale/num_put/put/char/14220.cc execution test
=== libstdc++ Summary for unix/-m64 ===
# of expected passes 5775
# of unexpected successes 1
# of expected failures 80
# of unsupported tests 387
=== libstdc++ Summary ===
# of expected passes 11549
# of unexpected failures 2
# of unexpected successes 1
# of expected failures 160
# of unsupported tests 774
=== libstdc++ Summary ===
Compiler version: 4.4.6 20110204 (prerelease) [gcc-4_4-branch revision 169817] (GCC)
Platform: sparc-sun-solaris2.10
configure flags: --prefix=/vol/gcc --target=sparc-sun-solaris2.10 --with-gmp=/vol/gcc --with-mpfr=/vol/gcc --with-mpc=/vol/gcc --enable-languages=all,ada
BOOT_CFLAGS=-g -O2
More information about the Gcc-testresults
mailing list