Results for 4.6.0 20110206 (experimental) (GCC) testsuite on x86_64-unknown-linux-gnu

Luke A. Guest laguest@archeia.com
Mon Feb 7 04:48:00 GMT 2011


		=== acats tests ===

		=== acats Summary ===
# of expected passes		2321
# of unexpected failures	0
Native configuration is x86_64-unknown-linux-gnu

		=== gcc tests ===


Running target unix
FAIL: gcc.dg/cproj-fails-with-broken-glibc.c execution test
XPASS: gcc.dg/guality/example.c  -O0  execution test
XPASS: gcc.dg/guality/example.c  -O1  execution test
XPASS: gcc.dg/guality/example.c  -O2  execution test
XPASS: gcc.dg/guality/example.c  -Os  execution test
XPASS: gcc.dg/guality/guality.c  -O0  execution test
XPASS: gcc.dg/guality/guality.c  -O1  execution test
XPASS: gcc.dg/guality/guality.c  -O2  execution test
XPASS: gcc.dg/guality/guality.c  -O3 -fomit-frame-pointer  execution
test
XPASS: gcc.dg/guality/guality.c  -O3 -g  execution test
XPASS: gcc.dg/guality/guality.c  -Os  execution test
XPASS: gcc.dg/guality/inline-params.c  -O2  execution test
XPASS: gcc.dg/guality/inline-params.c  -O3 -fomit-frame-pointer
execution test
XPASS: gcc.dg/guality/inline-params.c  -O3 -g  execution test
XPASS: gcc.dg/guality/inline-params.c  -Os  execution test
FAIL: gcc.dg/guality/nrv-1.c  -O2 -flto -flto-partition=none  line 20
a2.i[0] == 42
FAIL: gcc.dg/guality/nrv-1.c  -O2 -flto  line 20 a2.i[0] == 42
XPASS: gcc.dg/guality/pr41353-1.c  -O0  line 28 j == 28 + 37
XPASS: gcc.dg/guality/pr41353-1.c  -O1  line 28 j == 28 + 37
XPASS: gcc.dg/guality/pr41353-1.c  -O2  line 28 j == 28 + 37
XPASS: gcc.dg/guality/pr41353-1.c  -O3 -fomit-frame-pointer  line 28 j
== 28 + 37
XPASS: gcc.dg/guality/pr41353-1.c  -O3 -g  line 28 j == 28 + 37
XPASS: gcc.dg/guality/pr41353-1.c  -Os  line 28 j == 28 + 37
XPASS: gcc.dg/guality/pr41353-1.c  -O2 -flto -flto-partition=none  line
28 j == 28 + 37
XPASS: gcc.dg/guality/pr41353-1.c  -O2 -flto  line 28 j == 28 + 37
XPASS: gcc.dg/guality/pr41447-1.c  -O0  execution test
XPASS: gcc.dg/guality/pr41447-1.c  -O1  execution test
XPASS: gcc.dg/guality/pr41447-1.c  -O2  execution test
XPASS: gcc.dg/guality/pr41447-1.c  -O3 -fomit-frame-pointer  execution
test
XPASS: gcc.dg/guality/pr41447-1.c  -O3 -g  execution test
XPASS: gcc.dg/guality/pr41447-1.c  -Os  execution test
XPASS: gcc.dg/guality/pr41616-1.c  -O0  execution test
XPASS: gcc.dg/guality/pr41616-1.c  -O1  execution test
XPASS: gcc.dg/guality/pr41616-1.c  -O2  execution test
XPASS: gcc.dg/guality/pr41616-1.c  -O3 -fomit-frame-pointer  execution
test
XPASS: gcc.dg/guality/pr41616-1.c  -O3 -g  execution test
XPASS: gcc.dg/guality/pr41616-1.c  -Os  execution test
FAIL: gcc.dg/guality/pr43077-1.c  -O2 -flto -flto-partition=none  line
42 a == 1
FAIL: gcc.dg/guality/pr43077-1.c  -O2 -flto -flto-partition=none  line
42 b == 2
FAIL: gcc.dg/guality/pr43077-1.c  -O2 -flto -flto-partition=none  line
42 c == 3
FAIL: gcc.dg/guality/pr43077-1.c  -O2 -flto -flto-partition=none  line
42 varb == 2
FAIL: gcc.dg/guality/pr43077-1.c  -O2 -flto  line 42 a == 1
FAIL: gcc.dg/guality/pr43077-1.c  -O2 -flto  line 42 b == 2
FAIL: gcc.dg/guality/pr43077-1.c  -O2 -flto  line 42 c == 3
FAIL: gcc.dg/guality/pr43077-1.c  -O2 -flto  line 42 varb == 2
FAIL: gcc.dg/guality/pr43479.c  -O2 -flto -flto-partition=none  line 13
h == 9
FAIL: gcc.dg/guality/pr43479.c  -O2 -flto -flto-partition=none  line 18
h == 9
FAIL: gcc.dg/guality/pr43479.c  -O2 -flto  line 13 h == 9
FAIL: gcc.dg/guality/pr43479.c  -O2 -flto  line 18 h == 9
FAIL: gcc.dg/guality/pr45003-1.c  -O2 -flto -flto-partition=none  line
10 a == 0x8078
FAIL: gcc.dg/guality/pr45003-1.c  -O2 -flto -flto-partition=none  line
19 a == 0xffff8078
FAIL: gcc.dg/guality/pr45003-1.c  -O2 -flto  line 10 a == 0x8078
FAIL: gcc.dg/guality/pr45003-1.c  -O2 -flto  line 19 a == 0xffff8078
FAIL: gcc.dg/guality/pr45003-2.c  -O2 -flto -flto-partition=none  line
10 a == 0x8078
FAIL: gcc.dg/guality/pr45003-2.c  -O2 -flto -flto-partition=none  line
19 a == 0xffff8078
FAIL: gcc.dg/guality/pr45003-2.c  -O2 -flto  line 10 a == 0x8078
FAIL: gcc.dg/guality/pr45003-2.c  -O2 -flto  line 19 a == 0xffff8078
FAIL: gcc.dg/guality/pr45003-3.c  -O2 -flto -flto-partition=none  line
10 a == -32648
FAIL: gcc.dg/guality/pr45003-3.c  -O2 -flto -flto-partition=none  line
19 a == 0x8078
FAIL: gcc.dg/guality/pr45003-3.c  -O2 -flto  line 10 a == -32648
FAIL: gcc.dg/guality/pr45003-3.c  -O2 -flto  line 19 a == 0x8078
FAIL: gcc.dg/guality/sra-1.c  -O1  line 21 a.j == 14
FAIL: gcc.dg/guality/sra-1.c  -O2  line 21 a.j == 14
FAIL: gcc.dg/guality/sra-1.c  -O3 -fomit-frame-pointer  line 21 a.j ==
14
FAIL: gcc.dg/guality/sra-1.c  -O3 -g  line 21 a.j == 14
FAIL: gcc.dg/guality/sra-1.c  -Os  line 21 a.j == 14
FAIL: gcc.dg/guality/sra-1.c  -O2 -flto -flto-partition=none  line 21
a.i == 4
FAIL: gcc.dg/guality/sra-1.c  -O2 -flto -flto-partition=none  line 43
a.i == 4
FAIL: gcc.dg/guality/sra-1.c  -O2 -flto  line 21 a.i == 4
FAIL: gcc.dg/guality/sra-1.c  -O2 -flto  line 43 a.i == 4
FAIL: gcc.dg/guality/vla-1.c  -O0  line 17 sizeof (a) == 6
FAIL: gcc.dg/guality/vla-1.c  -O0  line 24 sizeof (a) == 17 * sizeof
(short)
FAIL: gcc.dg/guality/vla-1.c  -O1  line 17 sizeof (a) == 6
FAIL: gcc.dg/guality/vla-1.c  -O1  line 24 sizeof (a) == 17 * sizeof
(short)
FAIL: gcc.dg/guality/vla-1.c  -O2  line 17 sizeof (a) == 6
FAIL: gcc.dg/guality/vla-1.c  -O2  line 24 sizeof (a) == 17 * sizeof
(short)
FAIL: gcc.dg/guality/vla-1.c  -O3 -fomit-frame-pointer  line 17 sizeof
(a) == 6
FAIL: gcc.dg/guality/vla-1.c  -O3 -fomit-frame-pointer  line 24 sizeof
(a) == 17 * sizeof (short)
FAIL: gcc.dg/guality/vla-1.c  -O3 -g  line 17 sizeof (a) == 6
FAIL: gcc.dg/guality/vla-1.c  -O3 -g  line 24 sizeof (a) == 17 * sizeof
(short)
FAIL: gcc.dg/guality/vla-1.c  -Os  line 17 sizeof (a) == 6
FAIL: gcc.dg/guality/vla-1.c  -Os  line 24 sizeof (a) == 17 * sizeof
(short)
FAIL: gcc.dg/guality/vla-1.c  -O2 -flto -flto-partition=none  line 17
sizeof (a) == 6
FAIL: gcc.dg/guality/vla-1.c  -O2 -flto -flto-partition=none  line 24
sizeof (a) == 17 * sizeof (short)
FAIL: gcc.dg/guality/vla-1.c  -O2 -flto  line 17 sizeof (a) == 6
FAIL: gcc.dg/guality/vla-1.c  -O2 -flto  line 24 sizeof (a) == 17 *
sizeof (short)
FAIL: gcc.dg/guality/vla-2.c  -O0  line 16 sizeof (a) == 5 * sizeof
(int)
FAIL: gcc.dg/guality/vla-2.c  -O0  line 25 sizeof (a) == 6 * sizeof
(int)
FAIL: gcc.dg/guality/vla-2.c  -O1  line 16 sizeof (a) == 5 * sizeof
(int)
FAIL: gcc.dg/guality/vla-2.c  -O1  line 25 sizeof (a) == 6 * sizeof
(int)
FAIL: gcc.dg/guality/vla-2.c  -O2  line 16 sizeof (a) == 5 * sizeof
(int)
FAIL: gcc.dg/guality/vla-2.c  -O2  line 25 sizeof (a) == 6 * sizeof
(int)
FAIL: gcc.dg/guality/vla-2.c  -O3 -fomit-frame-pointer  line 16 sizeof
(a) == 5 * sizeof (int)
FAIL: gcc.dg/guality/vla-2.c  -O3 -fomit-frame-pointer  line 25 sizeof
(a) == 6 * sizeof (int)
FAIL: gcc.dg/guality/vla-2.c  -O3 -g  line 16 sizeof (a) == 5 * sizeof
(int)
FAIL: gcc.dg/guality/vla-2.c  -O3 -g  line 25 sizeof (a) == 6 * sizeof
(int)
FAIL: gcc.dg/guality/vla-2.c  -Os  line 16 sizeof (a) == 5 * sizeof
(int)
FAIL: gcc.dg/guality/vla-2.c  -Os  line 25 sizeof (a) == 6 * sizeof
(int)
FAIL: gcc.dg/guality/vla-2.c  -O2 -flto -flto-partition=none  line 16
sizeof (a) == 5 * sizeof (int)
FAIL: gcc.dg/guality/vla-2.c  -O2 -flto -flto-partition=none  line 25
sizeof (a) == 6 * sizeof (int)
FAIL: gcc.dg/guality/vla-2.c  -O2 -flto  line 16 sizeof (a) == 5 *
sizeof (int)
FAIL: gcc.dg/guality/vla-2.c  -O2 -flto  line 25 sizeof (a) == 6 *
sizeof (int)

		=== gcc Summary ===

# of expected passes		77517
# of unexpected failures	68
# of unexpected successes	34
# of expected failures		226
# of unsupported tests		1189
/home/laguest/src/mine/tamp/thirdparty/build/native/stage1/gcc/gcc/xgcc
version 4.6.0 20110206 (experimental) (GCC) 

		=== gnat tests ===


Running target unix

		=== gnat Summary ===

# of expected passes		866
# of expected failures		10
# of unsupported tests		2

Compiler version: 4.6.0 20110206 (experimental) (GCC) 
Platform: x86_64-unknown-linux-gnu
configure flags: --prefix=/opt/tamp --enable-multilib --enable-shared
--with-gnu-as --with-gnu-ld --enable-languages=c,ada --without-ppl
--without-cloog




More information about the Gcc-testresults mailing list